{"id":118055,"date":"2022-03-22T09:33:43","date_gmt":"2022-03-22T08:33:43","guid":{"rendered":"https:\/\/www.claret.org\/charismatische-zuege\/"},"modified":"2022-04-05T21:58:09","modified_gmt":"2022-04-05T19:58:09","slug":"charismatische-zuege","status":"publish","type":"page","link":"https:\/\/www.claret.org\/de\/charismatische-zuege\/","title":{"rendered":"Charismatische Z\u00fcge"},"content":{"rendered":"<p>[et_pb_section fb_built=&#8220;1&#8243; fullwidth=&#8220;on&#8220; theme_builder_area=&#8220;post_content&#8220; _builder_version=&#8220;4.15.1&#8243; _module_preset=&#8220;default&#8220;][et_pb_fullwidth_header title=&#8220;@ET-DC@eyJkeW5hbWljIjp0cnVlLCJjb250ZW50IjoicG9zdF90aXRsZSIsInNldHRpbmdzIjp7ImJlZm9yZSI6IiIsImFmdGVyIjoiIn19@&#8220; _builder_version=&#8220;4.15.1&#8243; _module_preset=&#8220;default&#8220; theme_builder_area=&#8220;post_content&#8220; _dynamic_attributes=&#8220;title&#8220; background_color=&#8220;#ff9838&#8243; title_text_shadow_style=&#8220;preset2&#8243; hover_enabled=&#8220;0&#8243; sticky_enabled=&#8220;0&#8243;][\/et_pb_fullwidth_header][\/et_pb_section][et_pb_section fb_built=&#8220;1&#8243; theme_builder_area=&#8220;post_content&#8220; _builder_version=&#8220;4.15.1&#8243; _module_preset=&#8220;default&#8220;][et_pb_row _builder_version=&#8220;4.15.1&#8243; _module_preset=&#8220;default&#8220; theme_builder_area=&#8220;post_content&#8220;][et_pb_column _builder_version=&#8220;4.15.1&#8243; _module_preset=&#8220;default&#8220; type=&#8220;4_4&#8243; theme_builder_area=&#8220;post_content&#8220;][et_pb_text _builder_version=&#8220;4.15.1&#8243; _module_preset=&#8220;default&#8220; theme_builder_area=&#8220;post_content&#8220; text_font_size=&#8220;16px&#8220; text_text_color=&#8220;#000000&#8243; header_font=&#8220;|600|||||||&#8220; hover_enabled=&#8220;0&#8243; sticky_enabled=&#8220;0&#8243;]<\/p>\n<h1>Wir sind MISSION\u00c4RE!<\/h1>\n<p>Die Mission geh\u00f6rt zum Kern unserer grundlegenden Identit\u00e4t. Wir haben vom Heiligen Geist ein Charisma empfangen, das uns mit Jesus gleichgestaltet und uns den Aposteln \u00e4hnlich macht, in einer Lebensgemeinschaft, die ganz dem Vater und dem Reich Gottes gewidmet ist (vgl. CC 3-4). Vor einhundertf\u00fcnfzig Jahren erlebte unsere claretinische Gemeinschaft eine gro\u00dfe Freude, als die Kirche unsere Konstitutionen genehmigte und mit Freude anerkannte, dass unsere Kongregation der Missionare ein Geschenk des Geistes ist. Heute verk\u00fcnden wir, ebenfalls mit gro\u00dfer Freude, mit Maria dankbar die Gr\u00f6\u00dfe des Herrn.<\/p>\n<p>><\/p>\n<p>&nbsp;<\/p>\n<h1>Missionare &#8218;mit Geist&#8216;<\/h1>\n<p>Wir sind mit einer besonderen Spiritualit\u00e4t gesegnet, die wir vom heiligen Antonius Maria Claret und von unserer reichen Tradition geerbt haben. Als S\u00f6hne des Herzens Mariens sind wir dazu berufen, Menschen zu sein, die f\u00fcr den Geist offen sind, von ihm gef\u00fchrt werden und seinen Bewegungen stets gef\u00fcgig sind; Menschen, die vor Liebe brennen.<\/p>\n<p>&nbsp;<\/p>\n<h1>H\u00f6rer und Diener des Wortes Gottes<\/h1>\n<p>Unser charismatisches Erbe definiert uns als &#8222;H\u00f6rer und Diener des Wortes&#8220;. Wir sind in der Kirche und in der Gesellschaft ein Echo von Claret (vgl. Aut 686), leidenschaftlicher Diener des Evangeliums zur rechten Zeit und zur Unzeit, der alle ihm zur Verf\u00fcgung stehenden Mittel einsetzt. Wie Maria, als S\u00f6hne ihres Herzens, wollen wir das Wort in unserem Herzen aufnehmen und meditieren und es mit Leidenschaft verk\u00fcnden.<\/p>\n<p>&nbsp;<\/p>\n<h1>Missionare in Gemeinschaft<\/h1>\n<p>Als Zeugen und Boten der Freude des Evangeliums bem\u00fchen wir uns in apostolischer Gemeinschaft um eine gemeinsame Vision, um uns den menschlichen Randgebieten zuzuwenden, die uns an jedem Ort zu einer missionarischen Haltung herausfordern.<\/p>\n<p>&nbsp;<\/p>\n<h1>Gesandt, um zu evangelisieren und den Armen zuzuh\u00f6ren<\/h1>\n<p>Man kann nicht claretinisch sein, wenn man so tut, als g\u00e4be es die Armen nicht. Man kann auch nicht claretinisch sein, ohne ungerechte Strukturen anzuprangern, gegen das System zu k\u00e4mpfen, das die Armen unterdr\u00fcckt, und Alternativen vorzuschlagen.<\/p>\n<p>&nbsp;<\/p>\n<h1>Mit der ganzen Kirche und denjenigen, die sich um die Ver\u00e4nderung der Welt bem\u00fchen<\/h1>\n<p>F\u00fcr unsere Kongregation ist die Dimension des &#8222;Evangelisierens mit anderen&#8220;, der Multiplikation evangelisierender F\u00fchrungskr\u00e4fte und der gemeinsamen Mission ein unverzichtbares charismatisches Merkmal (vgl. KKK 3, 7, 48), das wir auf verschiedene Weise verstehen und verwirklichen.<\/p>\n<p>&nbsp;<\/p>\n<h1>Offen f\u00fcr die ganze Welt im prophetischen Dialog<\/h1>\n<p>Der Dialog nimmt verschiedene Formen an: Dialog als Pr\u00e4senz &#8211; mehr leben als tun -, interreligi\u00f6ser und interkultureller Dialog, der Frieden und Vers\u00f6hnung f\u00f6rdert; Dialog mit der Sch\u00f6pfung, der zu einer \u00f6kologischen Umkehr f\u00fchrt. In diesem Dialog leben wir die Verk\u00fcndigung und die Anprangerung, die Teil der Prophetie ist, ein Dialog, den wir auch auf den neuen digitalen Kontinent und auf die neuen Generationen von Jugendlichen ausdehnen, um zu evangelisieren und evangelisiert zu werden. Wir sind Menschen, die f\u00fcr die Liebe brennen (N\u00e4chstenliebe), und &#8222;der Dialog ist der neue Name der N\u00e4chstenliebe&#8220; (VC 74).<\/p>\n<p>[\/et_pb_text][\/et_pb_column][\/et_pb_row][\/et_pb_section]<\/p>\n","protected":false},"excerpt":{"rendered":"<p>Wir sind MISSION\u00c4RE! Die Mission geh\u00f6rt zum Kern unserer grundlegenden Identit\u00e4t. Wir haben vom Heiligen Geist ein Charisma empfangen, das uns mit Jesus gleichgestaltet und uns den Aposteln \u00e4hnlich macht, in einer Lebensgemeinschaft, die ganz dem Vater und dem Reich Gottes gewidmet ist (vgl. CC 3-4). Vor einhundertf\u00fcnfzig Jahren erlebte unsere claretinische Gemeinschaft eine gro\u00dfe [&hellip;]<\/p>\n","protected":false},"author":2,"featured_media":85940,"parent":0,"menu_order":0,"comment_status":"closed","ping_status":"closed","template":"","meta":{"_et_pb_use_builder":"on","_et_pb_old_content":"","_et_gb_content_width":"","footnotes":""},"class_list":["post-118055","page","type-page","status-publish","has-post-thumbnail","hentry"],"jetpack_sharing_enabled":true,"jetpack_shortlink":"https:\/\/wp.me\/PdaBmi-uI7","jetpack_likes_enabled":true,"_links":{"self":[{"href":"https:\/\/www.claret.org\/de\/wp-json\/wp\/v2\/pages\/118055","targetHints":{"allow":["GET"]}}],"collection":[{"href":"https:\/\/www.claret.org\/de\/wp-json\/wp\/v2\/pages"}],"about":[{"href":"https:\/\/www.claret.org\/de\/wp-json\/wp\/v2\/types\/page"}],"author":[{"embeddable":true,"href":"https:\/\/www.claret.org\/de\/wp-json\/wp\/v2\/users\/2"}],"replies":[{"embeddable":true,"href":"https:\/\/www.claret.org\/de\/wp-json\/wp\/v2\/comments?post=118055"}],"version-history":[{"count":0,"href":"https:\/\/www.claret.org\/de\/wp-json\/wp\/v2\/pages\/118055\/revisions"}],"wp:featuredmedia":[{"embeddable":true,"href":"https:\/\/www.claret.org\/de\/wp-json\/wp\/v2\/media\/85940"}],"wp:attachment":[{"href":"https:\/\/www.claret.org\/de\/wp-json\/wp\/v2\/media?parent=118055"}],"curies":[{"name":"wp","href":"https:\/\/api.w.org\/{rel}","templated":true}]}}

Charismatische Züge

<p>[et_pb_section fb_built=&#8220;1&#8243; fullwidth=&#8220;on&#8220; theme_builder_area=&#8220;post_content&#8220; _builder_version=&#8220;4.15.1&#8243; _module_preset=&#8220;default&#8220;][et_pb_fullwidth_header title=&#8220;@ET-DC@eyJkeW5hbWljIjp0cnVlLCJjb250ZW50IjoicG9zdF90aXRsZSIsInNldHRpbmdzIjp7ImJlZm9yZSI6IiIsImFmdGVyIjoiIn19@&#8220; _builder_version=&#8220;4.15.1&#8243; _module_preset=&#8220;default&#8220; theme_builder_area=&#8220;post_content&#8220; _dynamic_attributes=&#8220;title&#8220; background_color=&#8220;#ff9838&#8243; title_text_shadow_style=&#8220;preset2&#8243; hover_enabled=&#8220;0&#8243; sticky_enabled=&#8220;0&#8243;][/et_pb_fullwidth_header][/et_pb_section][et_pb_section fb_built=&#8220;1&#8243; theme_builder_area=&#8220;post_content&#8220; _builder_version=&#8220;4.15.1&#8243; _module_preset=&#8220;default&#8220;][et_pb_row _builder_version=&#8220;4.15.1&#8243; _module_preset=&#8220;default&#8220; theme_builder_area=&#8220;post_content&#8220;][et_pb_column _builder_version=&#8220;4.15.1&#8243; _module_preset=&#8220;default&#8220; type=&#8220;4_4&#8243; theme_builder_area=&#8220;post_content&#8220;][et_pb_text _builder_version=&#8220;4.15.1&#8243; _module_preset=&#8220;default&#8220; theme_builder_area=&#8220;post_content&#8220; text_font_size=&#8220;16px&#8220; text_text_color=&#8220;#000000&#8243; header_font=&#8220;|600|||||||&#8220; hover_enabled=&#8220;0&#8243; sticky_enabled=&#8220;0&#8243;]</p>
<h1>Wir sind MISSIONÄRE!</h1>
<p>Die Mission gehört zum Kern unserer grundlegenden Identität. Wir haben vom Heiligen Geist ein Charisma empfangen, das uns mit Jesus gleichgestaltet und uns den Aposteln ähnlich macht, in einer Lebensgemeinschaft, die ganz dem Vater und dem Reich Gottes gewidmet ist (vgl. CC 3-4). Vor einhundertfünfzig Jahren erlebte unsere claretinische Gemeinschaft eine große Freude, als die Kirche unsere Konstitutionen genehmigte und mit Freude anerkannte, dass unsere Kongregation der Missionare ein Geschenk des Geistes ist. Heute verkünden wir, ebenfalls mit großer Freude, mit Maria dankbar die Größe des Herrn.</p>
<p>></p>
<p>&nbsp;</p>
<h1>Missionare &#8218;mit Geist&#8216;</h1>
<p>Wir sind mit einer besonderen Spiritualität gesegnet, die wir vom heiligen Antonius Maria Claret und von unserer reichen Tradition geerbt haben. Als Söhne des Herzens Mariens sind wir dazu berufen, Menschen zu sein, die für den Geist offen sind, von ihm geführt werden und seinen Bewegungen stets gefügig sind; Menschen, die vor Liebe brennen.</p>
<p>&nbsp;</p>
<h1>Hörer und Diener des Wortes Gottes</h1>
<p>Unser charismatisches Erbe definiert uns als &#8222;Hörer und Diener des Wortes&#8220;. Wir sind in der Kirche und in der Gesellschaft ein Echo von Claret (vgl. Aut 686), leidenschaftlicher Diener des Evangeliums zur rechten Zeit und zur Unzeit, der alle ihm zur Verfügung stehenden Mittel einsetzt. Wie Maria, als Söhne ihres Herzens, wollen wir das Wort in unserem Herzen aufnehmen und meditieren und es mit Leidenschaft verkünden.</p>
<p>&nbsp;</p>
<h1>Missionare in Gemeinschaft</h1>
<p>Als Zeugen und Boten der Freude des Evangeliums bemühen wir uns in apostolischer Gemeinschaft um eine gemeinsame Vision, um uns den menschlichen Randgebieten zuzuwenden, die uns an jedem Ort zu einer missionarischen Haltung herausfordern.</p>
<p>&nbsp;</p>
<h1>Gesandt, um zu evangelisieren und den Armen zuzuhören</h1>
<p>Man kann nicht claretinisch sein, wenn man so tut, als gäbe es die Armen nicht. Man kann auch nicht claretinisch sein, ohne ungerechte Strukturen anzuprangern, gegen das System zu kämpfen, das die Armen unterdrückt, und Alternativen vorzuschlagen.</p>
<p>&nbsp;</p>
<h1>Mit der ganzen Kirche und denjenigen, die sich um die Veränderung der Welt bemühen</h1>
<p>Für unsere Kongregation ist die Dimension des &#8222;Evangelisierens mit anderen&#8220;, der Multiplikation evangelisierender Führungskräfte und der gemeinsamen Mission ein unverzichtbares charismatisches Merkmal (vgl. KKK 3, 7, 48), das wir auf verschiedene Weise verstehen und verwirklichen.</p>
<p>&nbsp;</p>
<h1>Offen für die ganze Welt im prophetischen Dialog</h1>
<p>Der Dialog nimmt verschiedene Formen an: Dialog als Präsenz &#8211; mehr leben als tun -, interreligiöser und interkultureller Dialog, der Frieden und Versöhnung fördert; Dialog mit der Schöpfung, der zu einer ökologischen Umkehr führt. In diesem Dialog leben wir die Verkündigung und die Anprangerung, die Teil der Prophetie ist, ein Dialog, den wir auch auf den neuen digitalen Kontinent und auf die neuen Generationen von Jugendlichen ausdehnen, um zu evangelisieren und evangelisiert zu werden. Wir sind Menschen, die für die Liebe brennen (Nächstenliebe), und &#8222;der Dialog ist der neue Name der Nächstenliebe&#8220; (VC 74).</p>
<p>[/et_pb_text][/et_pb_column][/et_pb_row][/et_pb_section]</p>

<p>Wir sind MISSIONÄRE! Die Mission gehört zum Kern unserer grundlegenden Identität. Wir haben vom Heiligen Geist ein Charisma empfangen, das uns mit Jesus gleichgestaltet und uns den Aposteln ähnlich macht, in einer Lebensgemeinschaft, die ganz dem Vater und dem Reich Gottes gewidmet ist (vgl. CC 3-4). Vor einhundertfünfzig Jahren erlebte unsere claretinische Gemeinschaft eine große [&hellip;]</p>
