{"id":130419,"date":"2022-07-09T19:32:33","date_gmt":"2022-07-09T17:32:33","guid":{"rendered":"https:\/\/www.claret.org\/claretinerfamilie\/schwestern-von-der-unbefleckten-maria-claretiner-missionarinnen-rmi\/"},"modified":"2022-07-16T00:51:27","modified_gmt":"2022-07-15T22:51:27","slug":"schwestern-von-der-unbefleckten-maria-claretiner-missionarinnen-rmi","status":"publish","type":"page","link":"https:\/\/www.claret.org\/de\/claretinerfamilie\/schwestern-von-der-unbefleckten-maria-claretiner-missionarinnen-rmi\/","title":{"rendered":"Schwestern von der unbefleckten Maria \u2013 Claretiner-Missionarinnen (RMI)"},"content":{"rendered":"\n<p>Der heilige Antonius Maria Claret traf im Jahr 1850 auf einer seiner apostolischen Reisen nach Tarragona die Novizin Maria Antonia Par\u00eds. Im Gespr\u00e4ch mit ihm trug sie ihm vor, was sie als Gottes Willen bez\u00fcglich der Gr\u00fcndung einer neuen apostolischen Vereinigung zur Verk\u00fcndigung des heiligen Gesetzes Gottes erkannt hatte. Er versicherte ihr, dass das Werk durchdringen werde.&#13;\n<\/p>\n\n<p>Die ehrw\u00fcrdige Maria Antonia Par\u00eds ist am 28. Juni 1813 in Vallmoll, einer Kleinstadt in der spanischen Provinz Tarragona, geboren. Am folgenden Tag, dem Fest Peter und Paul, wurde sie in der Pfarrei St. Marien in Vallmoll getauft. Im Einklang mit ihrer Berufung zum Ordenslebens tritt sie am 23. Oktober 1841 in das Noviziat der Gesellschaft Mariens ein. 1842 hat sie im Gebet eine mystische Erfahrung, in der ihr der Herr ihre Berufung zur Gr\u00fcnderin zu verstehen gibt. Sie soll eine Vereinigung des apostolischen Lebens gr\u00fcnden, in der das Leben in evangeliumsgem\u00e4\u00dfer Armut und die Verk\u00fcndigung des heiligen Gesetzes Gottes eine wichtige Rolle bei der F\u00f6rderung der Erneuerung der Kirche spielen. 1851 verl\u00e4sst sie das Noviziat, um freier zu sein, das Werk auszuf\u00fchren, das Gott ihr gezeigt hatte. Eineinhalb Jahres widmet sie sich der Ausbildung der jungen Frauen, die sich ihr anschlie\u00dfen, um am gleichen Ideal Anteil zu haben. Am 15. August legt sie zusammen mit ihnen das Gel\u00fcbde ab, die Gruppe nicht zu verlassen und den Ozean zu \u00fcberqueren, sollte das Gottes Wille sein. Am 22. Februar des folgenden Jahres schifft sie sich, gerufen vom heiligen Antonius Maria Claret, dem neugeweihten Erzbischof von Santiago de Cuba, auf die Perle der Antillen ein. Nach einer Reise voller Gefahren und Wechself\u00e4llen erreicht sie Santiago am 26. Mai 1852. Kurze Zeit sp\u00e4ter beginnen sie ihre apostolische T\u00e4tigkeit bei kubanischen Kindern, und so arbeiten entsprechend dem Pastoralplan der Erzdi\u00f6zese.&#13;\n<\/p>\n\n<p>Am 25. August 1855 unterzeichnet Erzbischof Claret das Gr\u00fcndungsdekret, und zwei Tage sp\u00e4ter legt Maria Antonia ihre Profess in die H\u00e4nde von Erzbischof Claret ab, und zusammen mit ihr die Schwestern von der unbefleckten Maria, die sich sp\u00e4ter auch Claretiner-Missionarinnen nennen. 1859 ruft Claret, der um diese Zeit bereits wieder in Spanien war, Maria Antonia auf die Halbinsel, um in Tremp in der Provinz L\u00e9rida ein Noviziat zur Ausbildung von Missionarinnen f\u00fcr die Neue Welt zu errichten. Dann folgen die Gr\u00fcndungen in Reus (Provinz Tarragona), Carcagente (Provinz Valencia) und V\u00e9lez-Rubio (Provinz Almer\u00eda) in Spanien und in Baracoa (Kuba). Am 17. Januar 1885 stirbt Maria Antonia nach einer langen Krankheit in Reus. Ihr Selig- und Heiligsprechungsprozess ist bereits eingeleitet. Das Dekret \u00fcber die Heldenhaftigkeit ihrer Tugenden wurde am 23. Dezember 1993 unterzeichnet. Gegenw\u00e4rtig sind die Schwestern getreu dem Auftrag, den ihnen ihre Gr\u00fcnder hinterlassen haben, in der Ausbreitung des Evangeliums in allen Teilen der Welt t\u00e4tig, in denen die Kongregation besteht.<\/p>\n\n<p>Website: <a href=\"http:\/\/www.claretianasrmi.org\" target=\"_blank\" rel=\"noopener nofollow\">http:\/\/www.claretianasrmi.org<\/a><\/p>\n","protected":false},"excerpt":{"rendered":"<p>Der heilige Antonius Maria Claret traf im Jahr 1850 auf einer seiner apostolischen Reisen nach Tarragona die Novizin Maria Antonia Par\u00eds. Im Gespr\u00e4ch mit ihm trug sie ihm vor, was sie als Gottes Willen bez\u00fcglich der Gr\u00fcndung einer neuen apostolischen Vereinigung zur Verk\u00fcndigung des heiligen Gesetzes Gottes erkannt hatte. Er versicherte ihr, dass das Werk [&hellip;]<\/p>\n","protected":false},"author":2,"featured_media":161340,"parent":116345,"menu_order":2,"comment_status":"closed","ping_status":"closed","template":"","meta":{"_et_pb_use_builder":"off","_et_pb_old_content":"","_et_gb_content_width":"","footnotes":""},"class_list":["post-130419","page","type-page","status-publish","has-post-thumbnail","hentry"],"jetpack_sharing_enabled":true,"jetpack_shortlink":"https:\/\/wp.me\/PdaBmi-xVx","jetpack_likes_enabled":true,"_links":{"self":[{"href":"https:\/\/www.claret.org\/de\/wp-json\/wp\/v2\/pages\/130419","targetHints":{"allow":["GET"]}}],"collection":[{"href":"https:\/\/www.claret.org\/de\/wp-json\/wp\/v2\/pages"}],"about":[{"href":"https:\/\/www.claret.org\/de\/wp-json\/wp\/v2\/types\/page"}],"author":[{"embeddable":true,"href":"https:\/\/www.claret.org\/de\/wp-json\/wp\/v2\/users\/2"}],"replies":[{"embeddable":true,"href":"https:\/\/www.claret.org\/de\/wp-json\/wp\/v2\/comments?post=130419"}],"version-history":[{"count":0,"href":"https:\/\/www.claret.org\/de\/wp-json\/wp\/v2\/pages\/130419\/revisions"}],"up":[{"embeddable":true,"href":"https:\/\/www.claret.org\/de\/wp-json\/wp\/v2\/pages\/116345"}],"wp:featuredmedia":[{"embeddable":true,"href":"https:\/\/www.claret.org\/de\/wp-json\/wp\/v2\/media\/161340"}],"wp:attachment":[{"href":"https:\/\/www.claret.org\/de\/wp-json\/wp\/v2\/media?parent=130419"}],"curies":[{"name":"wp","href":"https:\/\/api.w.org\/{rel}","templated":true}]}}

<p>Der heilige Antonius Maria Claret traf im Jahr 1850 auf einer seiner apostolischen Reisen nach Tarragona die Novizin Maria Antonia París. Im Gespräch mit ihm trug sie ihm vor, was sie als Gottes Willen bezüglich der Gründung einer neuen apostolischen Vereinigung zur Verkündigung des heiligen Gesetzes Gottes erkannt hatte. Er versicherte ihr, dass das Werk durchdringen werde.&#13;
</p>

<p>Die ehrwürdige Maria Antonia París ist am 28. Juni 1813 in Vallmoll, einer Kleinstadt in der spanischen Provinz Tarragona, geboren. Am folgenden Tag, dem Fest Peter und Paul, wurde sie in der Pfarrei St. Marien in Vallmoll getauft. Im Einklang mit ihrer Berufung zum Ordenslebens tritt sie am 23. Oktober 1841 in das Noviziat der Gesellschaft Mariens ein. 1842 hat sie im Gebet eine mystische Erfahrung, in der ihr der Herr ihre Berufung zur Gründerin zu verstehen gibt. Sie soll eine Vereinigung des apostolischen Lebens gründen, in der das Leben in evangeliumsgemäßer Armut und die Verkündigung des heiligen Gesetzes Gottes eine wichtige Rolle bei der Förderung der Erneuerung der Kirche spielen. 1851 verlässt sie das Noviziat, um freier zu sein, das Werk auszuführen, das Gott ihr gezeigt hatte. Eineinhalb Jahres widmet sie sich der Ausbildung der jungen Frauen, die sich ihr anschließen, um am gleichen Ideal Anteil zu haben. Am 15. August legt sie zusammen mit ihnen das Gelübde ab, die Gruppe nicht zu verlassen und den Ozean zu überqueren, sollte das Gottes Wille sein. Am 22. Februar des folgenden Jahres schifft sie sich, gerufen vom heiligen Antonius Maria Claret, dem neugeweihten Erzbischof von Santiago de Cuba, auf die Perle der Antillen ein. Nach einer Reise voller Gefahren und Wechselfällen erreicht sie Santiago am 26. Mai 1852. Kurze Zeit später beginnen sie ihre apostolische Tätigkeit bei kubanischen Kindern, und so arbeiten entsprechend dem Pastoralplan der Erzdiözese.&#13;
</p>

<p>Am 25. August 1855 unterzeichnet Erzbischof Claret das Gründungsdekret, und zwei Tage später legt Maria Antonia ihre Profess in die Hände von Erzbischof Claret ab, und zusammen mit ihr die Schwestern von der unbefleckten Maria, die sich später auch Claretiner-Missionarinnen nennen. 1859 ruft Claret, der um diese Zeit bereits wieder in Spanien war, Maria Antonia auf die Halbinsel, um in Tremp in der Provinz Lérida ein Noviziat zur Ausbildung von Missionarinnen für die Neue Welt zu errichten. Dann folgen die Gründungen in Reus (Provinz Tarragona), Carcagente (Provinz Valencia) und Vélez-Rubio (Provinz Almería) in Spanien und in Baracoa (Kuba). Am 17. Januar 1885 stirbt Maria Antonia nach einer langen Krankheit in Reus. Ihr Selig- und Heiligsprechungsprozess ist bereits eingeleitet. Das Dekret über die Heldenhaftigkeit ihrer Tugenden wurde am 23. Dezember 1993 unterzeichnet. Gegenwärtig sind die Schwestern getreu dem Auftrag, den ihnen ihre Gründer hinterlassen haben, in der Ausbreitung des Evangeliums in allen Teilen der Welt tätig, in denen die Kongregation besteht.</p>

<p>Website: <a href="http://www.claretianasrmi.org" target="_blank" rel="noopener nofollow">http://www.claretianasrmi.org</a></p>

<p>Der heilige Antonius Maria Claret traf im Jahr 1850 auf einer seiner apostolischen Reisen nach Tarragona die Novizin Maria Antonia París. Im Gespräch mit ihm trug sie ihm vor, was sie als Gottes Willen bezüglich der Gründung einer neuen apostolischen Vereinigung zur Verkündigung des heiligen Gesetzes Gottes erkannt hatte. Er versicherte ihr, dass das Werk [&hellip;]</p>
