{"id":130423,"date":"2022-07-09T19:37:23","date_gmt":"2022-07-09T17:37:23","guid":{"rendered":"https:\/\/www.claret.org\/claretinerfamilie\/missionarinnen-von-der-unbefleckten-maria-mmi\/"},"modified":"2022-07-16T00:53:36","modified_gmt":"2022-07-15T22:53:36","slug":"missionarinnen-von-der-unbefleckten-maria-mmi","status":"publish","type":"page","link":"https:\/\/www.claret.org\/de\/claretinerfamilie\/missionarinnen-von-der-unbefleckten-maria-mmi\/","title":{"rendered":"Missionarinnen von der unbefleckten Maria (MMI)"},"content":{"rendered":"\n<p>Diese afrikanische Vereinbarung entstand in Spanisch-Guinea (heute \u00c4quatorialguinea) unter der liebenden Sorge der S\u00f6hne des Herzens Mariens und der Missionarinnen von der unbefleckten Empf\u00e4ngnis. Ihr Gr\u00fcnder P. Armengol Coll, Claretiner und erster Apostolischer Vikar, und die Gr\u00fcnderin Imelda Makole teilten ihren Geist den ersten Schwestern Regina, Clotilde, Eugenia und Felisa mit. Die Vereinigung wurde am 7. Oktober 1909 gegr\u00fcndet.&#13;\n&#13;\nP. Armengol war so besch\u00e4ftigt mit seinen Pastoralvisitationen und der Sorge f\u00fcr die ganze Kirche von Spanisch-Guinea, dass er sich nicht pers\u00f6nlich um die Ausbildung der Schwestern k\u00fcmmern konnte. Aus diesem Grund \u00fcbertrug er diese Aufgabe P. Cirilo Montaner Fabr\u00e9. Damals waren sich noch als \u201eHilfsschwestern der Missionen\u201c bekannt.&#13;\n<\/p>\n\n<p>Ihre missionarische Aufgabe war, das Evangelium in Afrika zu verk\u00fcnden, einem Kontinent von armen, entfremdeten, enteigneten und erniedrigten Menschen. Zu diesem Zweck sollten sie mit all denen zusammenarbeiten, die sich um die Umgestaltung der Welt in \u00dcbereinstimmung mit den Pl\u00e4nen Gottes bem\u00fchen, insbesondere mit den Bisch\u00f6fen und Missionaren der jungen Kirchen von Afrika. Sie arbeiten mit der menschlichen und christlichen Ausbildung von afrikanischen Frauen mit und bereiten sie auf ihren Auftrag der der kirchlichen Gemeinde und in der Welt vor.<\/p>\n","protected":false},"excerpt":{"rendered":"<p>Diese afrikanische Vereinbarung entstand in Spanisch-Guinea (heute \u00c4quatorialguinea) unter der liebenden Sorge der S\u00f6hne des Herzens Mariens und der Missionarinnen von der unbefleckten Empf\u00e4ngnis. Ihr Gr\u00fcnder P. Armengol Coll, Claretiner und erster Apostolischer Vikar, und die Gr\u00fcnderin Imelda Makole teilten ihren Geist den ersten Schwestern Regina, Clotilde, Eugenia und Felisa mit. Die Vereinigung wurde am [&hellip;]<\/p>\n","protected":false},"author":2,"featured_media":161325,"parent":116345,"menu_order":4,"comment_status":"closed","ping_status":"closed","template":"","meta":{"_et_pb_use_builder":"off","_et_pb_old_content":"","_et_gb_content_width":"","footnotes":""},"class_list":["post-130423","page","type-page","status-publish","has-post-thumbnail","hentry"],"jetpack_sharing_enabled":true,"jetpack_shortlink":"https:\/\/wp.me\/PdaBmi-xVB","jetpack_likes_enabled":true,"_links":{"self":[{"href":"https:\/\/www.claret.org\/de\/wp-json\/wp\/v2\/pages\/130423","targetHints":{"allow":["GET"]}}],"collection":[{"href":"https:\/\/www.claret.org\/de\/wp-json\/wp\/v2\/pages"}],"about":[{"href":"https:\/\/www.claret.org\/de\/wp-json\/wp\/v2\/types\/page"}],"author":[{"embeddable":true,"href":"https:\/\/www.claret.org\/de\/wp-json\/wp\/v2\/users\/2"}],"replies":[{"embeddable":true,"href":"https:\/\/www.claret.org\/de\/wp-json\/wp\/v2\/comments?post=130423"}],"version-history":[{"count":0,"href":"https:\/\/www.claret.org\/de\/wp-json\/wp\/v2\/pages\/130423\/revisions"}],"up":[{"embeddable":true,"href":"https:\/\/www.claret.org\/de\/wp-json\/wp\/v2\/pages\/116345"}],"wp:featuredmedia":[{"embeddable":true,"href":"https:\/\/www.claret.org\/de\/wp-json\/wp\/v2\/media\/161325"}],"wp:attachment":[{"href":"https:\/\/www.claret.org\/de\/wp-json\/wp\/v2\/media?parent=130423"}],"curies":[{"name":"wp","href":"https:\/\/api.w.org\/{rel}","templated":true}]}}

<p>Diese afrikanische Vereinbarung entstand in Spanisch-Guinea (heute Äquatorialguinea) unter der liebenden Sorge der Söhne des Herzens Mariens und der Missionarinnen von der unbefleckten Empfängnis. Ihr Gründer P. Armengol Coll, Claretiner und erster Apostolischer Vikar, und die Gründerin Imelda Makole teilten ihren Geist den ersten Schwestern Regina, Clotilde, Eugenia und Felisa mit. Die Vereinigung wurde am 7. Oktober 1909 gegründet.&#13;
&#13;
P. Armengol war so beschäftigt mit seinen Pastoralvisitationen und der Sorge für die ganze Kirche von Spanisch-Guinea, dass er sich nicht persönlich um die Ausbildung der Schwestern kümmern konnte. Aus diesem Grund übertrug er diese Aufgabe P. Cirilo Montaner Fabré. Damals waren sich noch als „Hilfsschwestern der Missionen“ bekannt.&#13;
</p>

<p>Ihre missionarische Aufgabe war, das Evangelium in Afrika zu verkünden, einem Kontinent von armen, entfremdeten, enteigneten und erniedrigten Menschen. Zu diesem Zweck sollten sie mit all denen zusammenarbeiten, die sich um die Umgestaltung der Welt in Übereinstimmung mit den Plänen Gottes bemühen, insbesondere mit den Bischöfen und Missionaren der jungen Kirchen von Afrika. Sie arbeiten mit der menschlichen und christlichen Ausbildung von afrikanischen Frauen mit und bereiten sie auf ihren Auftrag der der kirchlichen Gemeinde und in der Welt vor.</p>

<p>Diese afrikanische Vereinbarung entstand in Spanisch-Guinea (heute Äquatorialguinea) unter der liebenden Sorge der Söhne des Herzens Mariens und der Missionarinnen von der unbefleckten Empfängnis. Ihr Gründer P. Armengol Coll, Claretiner und erster Apostolischer Vikar, und die Gründerin Imelda Makole teilten ihren Geist den ersten Schwestern Regina, Clotilde, Eugenia und Felisa mit. Die Vereinigung wurde am [&hellip;]</p>
