{"id":130431,"date":"2022-07-09T19:40:39","date_gmt":"2022-07-09T17:40:39","guid":{"rendered":"https:\/\/www.claret.org\/claretinerfamilie\/missionarinnen-von-der-claretinischen-institution-mic\/"},"modified":"2022-07-16T00:57:53","modified_gmt":"2022-07-15T22:57:53","slug":"missionarinnen-von-der-claretinischen-institution-mic","status":"publish","type":"page","link":"https:\/\/www.claret.org\/de\/claretinerfamilie\/missionarinnen-von-der-claretinischen-institution-mic\/","title":{"rendered":"Missionarinnen von der claretinischen Institution (MIC)"},"content":{"rendered":"\n<p>P. Luis Pujol Todera ist 1903 in Taradell (Provinz Barcelona in Spanien) geboren. Im Alter von 12 Jahren trat er in die Kongregation der Claretiner-Missionare ein. Er wurde 1927 in der Lateranbasilika in Rom zum Priester geweiht. Am 25. Mai 1951 gr\u00fcndete er zusammen mit der jetzigen Generaloberin Mar\u00eda Dolares Sol\u00e1 Carol im neuen Exerzitienhaus in Vic die Kongregation der Missionarinnen von der claretinischen Institution. Ihr Gr\u00fcndervater, ein Mann des Gebets und des missionarischen Wirkens, ging am 8. Mai 1976 heim ins Vaterhaus, kurz bevor seine Gr\u00fcndung ihr 25\u2212j\u00e4hriges Bestehen feiern konnte.<\/p>\n\n<p>\u201eDie Claretinische Institution ist eine apostolische Ordensgemeinschaft f\u00fcr die Verk\u00fcndigung des Evangeliums im Einklang mit der Erfahrung des Geistes, wie sie von ihrem Gr\u00fcnder P. Pujol im Stil von Claret gelegt wurde. Als Antwort auf diese g\u00f6ttliche Berufung nehmen wir den Lebensstil Jesu an, den die selige Jungfrau im Glauben umfasste, und wir gestalten uns in der Kirche nach dem jungfr\u00e4ulichen, armen und gehorsamen Christus\u201c (<em>Konstitutionen<\/em>, 5).&#13;\n<\/p>\n\n<p>1988 approbierte der Erzbischof von Barcelona das Werk als eine Ordensgemeinschaft di\u00f6zesanen Rechts.&#13;\n<\/p>\n\n<p>Website: <a href=\"http:\/\/www.claretianasmic.org\" target=\"_blank\" rel=\"noopener nofollow\">http:\/\/www.claretianasmic.org<\/a>&#13;\n<\/p>\n","protected":false},"excerpt":{"rendered":"<p>P. Luis Pujol Todera ist 1903 in Taradell (Provinz Barcelona in Spanien) geboren. Im Alter von 12 Jahren trat er in die Kongregation der Claretiner-Missionare ein. Er wurde 1927 in der Lateranbasilika in Rom zum Priester geweiht. Am 25. Mai 1951 gr\u00fcndete er zusammen mit der jetzigen Generaloberin Mar\u00eda Dolares Sol\u00e1 Carol im neuen Exerzitienhaus [&hellip;]<\/p>\n","protected":false},"author":2,"featured_media":161365,"parent":116345,"menu_order":7,"comment_status":"closed","ping_status":"closed","template":"","meta":{"_et_pb_use_builder":"off","_et_pb_old_content":"","_et_gb_content_width":"","footnotes":""},"class_list":["post-130431","page","type-page","status-publish","has-post-thumbnail","hentry"],"jetpack_sharing_enabled":true,"jetpack_shortlink":"https:\/\/wp.me\/PdaBmi-xVJ","jetpack_likes_enabled":true,"_links":{"self":[{"href":"https:\/\/www.claret.org\/de\/wp-json\/wp\/v2\/pages\/130431","targetHints":{"allow":["GET"]}}],"collection":[{"href":"https:\/\/www.claret.org\/de\/wp-json\/wp\/v2\/pages"}],"about":[{"href":"https:\/\/www.claret.org\/de\/wp-json\/wp\/v2\/types\/page"}],"author":[{"embeddable":true,"href":"https:\/\/www.claret.org\/de\/wp-json\/wp\/v2\/users\/2"}],"replies":[{"embeddable":true,"href":"https:\/\/www.claret.org\/de\/wp-json\/wp\/v2\/comments?post=130431"}],"version-history":[{"count":0,"href":"https:\/\/www.claret.org\/de\/wp-json\/wp\/v2\/pages\/130431\/revisions"}],"up":[{"embeddable":true,"href":"https:\/\/www.claret.org\/de\/wp-json\/wp\/v2\/pages\/116345"}],"wp:featuredmedia":[{"embeddable":true,"href":"https:\/\/www.claret.org\/de\/wp-json\/wp\/v2\/media\/161365"}],"wp:attachment":[{"href":"https:\/\/www.claret.org\/de\/wp-json\/wp\/v2\/media?parent=130431"}],"curies":[{"name":"wp","href":"https:\/\/api.w.org\/{rel}","templated":true}]}}

<p>P. Luis Pujol Todera ist 1903 in Taradell (Provinz Barcelona in Spanien) geboren. Im Alter von 12 Jahren trat er in die Kongregation der Claretiner-Missionare ein. Er wurde 1927 in der Lateranbasilika in Rom zum Priester geweiht. Am 25. Mai 1951 gründete er zusammen mit der jetzigen Generaloberin María Dolares Solá Carol im neuen Exerzitienhaus in Vic die Kongregation der Missionarinnen von der claretinischen Institution. Ihr Gründervater, ein Mann des Gebets und des missionarischen Wirkens, ging am 8. Mai 1976 heim ins Vaterhaus, kurz bevor seine Gründung ihr 25−jähriges Bestehen feiern konnte.</p>

<p>„Die Claretinische Institution ist eine apostolische Ordensgemeinschaft für die Verkündigung des Evangeliums im Einklang mit der Erfahrung des Geistes, wie sie von ihrem Gründer P. Pujol im Stil von Claret gelegt wurde. Als Antwort auf diese göttliche Berufung nehmen wir den Lebensstil Jesu an, den die selige Jungfrau im Glauben umfasste, und wir gestalten uns in der Kirche nach dem jungfräulichen, armen und gehorsamen Christus“ (<em>Konstitutionen</em>, 5).&#13;
</p>

<p>1988 approbierte der Erzbischof von Barcelona das Werk als eine Ordensgemeinschaft diözesanen Rechts.&#13;
</p>

<p>Website: <a href="http://www.claretianasmic.org" target="_blank" rel="noopener nofollow">http://www.claretianasmic.org</a>&#13;
</p>

<p>P. Luis Pujol Todera ist 1903 in Taradell (Provinz Barcelona in Spanien) geboren. Im Alter von 12 Jahren trat er in die Kongregation der Claretiner-Missionare ein. Er wurde 1927 in der Lateranbasilika in Rom zum Priester geweiht. Am 25. Mai 1951 gründete er zusammen mit der jetzigen Generaloberin María Dolares Solá Carol im neuen Exerzitienhaus [&hellip;]</p>
