{"id":118030,"date":"2022-03-22T09:33:43","date_gmt":"2022-03-22T08:33:43","guid":{"rendered":"https:\/\/www.claret.org\/rasgos-carismaticos\/"},"modified":"2022-04-05T21:41:23","modified_gmt":"2022-04-05T19:41:23","slug":"rasgos-carismaticos","status":"publish","type":"page","link":"https:\/\/www.claret.org\/es\/rasgos-carismaticos\/","title":{"rendered":"Rasgos carism\u00e1ticos"},"content":{"rendered":"<p>[et_pb_section fb_built=\u00bb1&#8243; fullwidth=\u00bbon\u00bb theme_builder_area=\u00bbpost_content\u00bb _builder_version=\u00bb4.15.1&#8243; _module_preset=\u00bbdefault\u00bb][et_pb_fullwidth_header title=\u00bb@ET-DC@eyJkeW5hbWljIjp0cnVlLCJjb250ZW50IjoicG9zdF90aXRsZSIsInNldHRpbmdzIjp7ImJlZm9yZSI6IiIsImFmdGVyIjoiIn19@\u00bb _builder_version=\u00bb4.15.1&#8243; _module_preset=\u00bbdefault\u00bb theme_builder_area=\u00bbpost_content\u00bb _dynamic_attributes=\u00bbtitle\u00bb background_color=\u00bb#ff9838&#8243; title_text_shadow_style=\u00bbpreset2&#8243; hover_enabled=\u00bb0&#8243; sticky_enabled=\u00bb0&#8243;][\/et_pb_fullwidth_header][\/et_pb_section][et_pb_section fb_built=\u00bb1&#8243; theme_builder_area=\u00bbpost_content\u00bb _builder_version=\u00bb4.15.1&#8243; _module_preset=\u00bbdefault\u00bb][et_pb_row _builder_version=\u00bb4.15.1&#8243; _module_preset=\u00bbdefault\u00bb theme_builder_area=\u00bbpost_content\u00bb][et_pb_column _builder_version=\u00bb4.15.1&#8243; _module_preset=\u00bbdefault\u00bb type=\u00bb4_4&#8243; theme_builder_area=\u00bbpost_content\u00bb][et_pb_text _builder_version=\u00bb4.15.1&#8243; _module_preset=\u00bbdefault\u00bb theme_builder_area=\u00bbpost_content\u00bb text_font_size=\u00bb16px\u00bb text_text_color=\u00bb#000000&#8243; header_font=\u00bb|600|||||||\u00bb hover_enabled=\u00bb0&#8243; sticky_enabled=\u00bb0&#8243;]<\/p>\n<h1>\u00a1Somos misioneros!<\/h1>\n<p>La Misi\u00f3n pertenece al n\u00facleo de nuestra identidad m\u00e1s fundamental. Hemos recibido del Esp\u00edritu un carisma que nos conforma con Jes\u00fas y nos hace semejantes a los ap\u00f3stoles, en una comuni\u00f3n de vida, totalmente entregados al Padre y al Reino (cf. CC 3-4). Hace ciento cincuenta a\u00f1os, nuestra comunidad claretiana experiment\u00f3 una gran alegr\u00eda cuando la Iglesia aprob\u00f3 nuestras Constituciones y reconoci\u00f3, con gozo, que nuestra Congregaci\u00f3n de Misioneros es un don del Esp\u00edritu. Hoy, tambi\u00e9n con gran alegr\u00eda, proclamamos agradecidos con Mar\u00eda la grandeza del Se\u00f1or.<\/p>\n<p><p>&nbsp;<\/p>\n<h1>Misioneros &#8216;con Esp\u00edritu&#8217;<\/h1>\n<p>Hemos sido agraciados con una espiritualidad particular, heredada de San Antonio Mar\u00eda Claret y de nuestra rica tradici\u00f3n. Como Hijos del Coraz\u00f3n de Mar\u00eda, estamos llamados a ser hombres abiertos al Esp\u00edritu, guiados por \u00e9l y siempre d\u00f3ciles a sus mociones; hombres que arden de amor.<\/p>\n<p><p>&nbsp;<\/p>\n<h1>Oyentes y servidores de la Palabra de Dios<\/h1>\n<p>Nuestra herencia carism\u00e1tica nos define como \u00aboyentes y servidores de la Palabra\u00bb. Somos en la Iglesia y en la sociedad un eco de Claret (cf. Aut 686), ministro apasionado del Evangelio a tiempo y a destiempo, utilizando todos los medios a su alcance. Nosotros, como Mar\u00eda, como Hijos de su Coraz\u00f3n, queremos acoger y meditar la Palabra en nuestro coraz\u00f3n y proclamarla con pasi\u00f3n.<\/p>\n<p><p>&nbsp;<\/p>\n<h1>Misioneros en comunidad<\/h1>\n<p>Como testigos y mensajeros de la alegr\u00eda del Evangelio, en comunidad apost\u00f3lica, nos esforzamos por tener una visi\u00f3n com\u00fan al abordar las periferias humanas que nos desaf\u00edan en cada lugar a tener una actitud de alcance misionero.<\/p>\n<p><p>&nbsp;<\/p>\n<p><h1>Enviados a evangelizar escuchando a los pobres<\/h1>\n<p>No se puede ser claretiano si se act\u00faa como si los pobres no existieran. Tampoco se puede ser claretiano si no se denuncian las estructuras injustas, se lucha contra el sistema que somete a los pobres y se proponen alternativas.<\/p>\n<p><p>&nbsp;<\/p>\n<p><h1>Con toda la Iglesia y los que buscan la transformaci\u00f3n del mundo<\/h1>\n<p>Para nuestra Congregaci\u00f3n la dimensi\u00f3n de \u00abevangelizar con otros\u00bb, multiplicar los l\u00edderes evangelizadores y la misi\u00f3n compartida es un rasgo carism\u00e1tico indispensable (cf. CC 3, 7, 48) que entendemos y llevamos a cabo de diversas maneras.<\/p>\n<p><p>&nbsp;<\/p>\n<h1>Abiertos a todo el mundo en el di\u00e1logo prof\u00e9tico<\/h1>\n<p>El di\u00e1logo toma diferentes formas: el di\u00e1logo como presencia -vivir m\u00e1s que hacer-, el di\u00e1logo interreligioso e intercultural que promueve la paz y la reconciliaci\u00f3n; el di\u00e1logo con la creaci\u00f3n que lleva a la conversi\u00f3n ecol\u00f3gica. En este di\u00e1logo vivimos el anuncio y la denuncia que forma parte de la profec\u00eda, un di\u00e1logo que extendemos tambi\u00e9n al nuevo continente digital y a las nuevas generaciones de j\u00f3venes para evangelizar y ser evangelizados. Somos hombres que arden de amor (caridad) y \u00abel di\u00e1logo es el nuevo nombre de la caridad\u00bb (VC 74).<\/p>\n<p>[\/et_pb_text][\/et_pb_column][\/et_pb_row][\/et_pb_section]<\/p>\n","protected":false},"excerpt":{"rendered":"<p>\u00a1Somos misioneros! La Misi\u00f3n pertenece al n\u00facleo de nuestra identidad m\u00e1s fundamental. Hemos recibido del Esp\u00edritu un carisma que nos conforma con Jes\u00fas y nos hace semejantes a los ap\u00f3stoles, en una comuni\u00f3n de vida, totalmente entregados al Padre y al Reino (cf. CC 3-4). Hace ciento cincuenta a\u00f1os, nuestra comunidad claretiana experiment\u00f3 una gran [&hellip;]<\/p>\n","protected":false},"author":2,"featured_media":85943,"parent":0,"menu_order":0,"comment_status":"closed","ping_status":"closed","template":"","meta":{"_et_pb_use_builder":"on","_et_pb_old_content":"","_et_gb_content_width":"","footnotes":""},"class_list":["post-118030","page","type-page","status-publish","has-post-thumbnail","hentry"],"jetpack_sharing_enabled":true,"jetpack_shortlink":"https:\/\/wp.me\/PdaBmi-uHI","jetpack_likes_enabled":true,"_links":{"self":[{"href":"https:\/\/www.claret.org\/es\/wp-json\/wp\/v2\/pages\/118030","targetHints":{"allow":["GET"]}}],"collection":[{"href":"https:\/\/www.claret.org\/es\/wp-json\/wp\/v2\/pages"}],"about":[{"href":"https:\/\/www.claret.org\/es\/wp-json\/wp\/v2\/types\/page"}],"author":[{"embeddable":true,"href":"https:\/\/www.claret.org\/es\/wp-json\/wp\/v2\/users\/2"}],"replies":[{"embeddable":true,"href":"https:\/\/www.claret.org\/es\/wp-json\/wp\/v2\/comments?post=118030"}],"version-history":[{"count":0,"href":"https:\/\/www.claret.org\/es\/wp-json\/wp\/v2\/pages\/118030\/revisions"}],"wp:featuredmedia":[{"embeddable":true,"href":"https:\/\/www.claret.org\/es\/wp-json\/wp\/v2\/media\/85943"}],"wp:attachment":[{"href":"https:\/\/www.claret.org\/es\/wp-json\/wp\/v2\/media?parent=118030"}],"curies":[{"name":"wp","href":"https:\/\/api.w.org\/{rel}","templated":true}]}}

Rasgos carismáticos

<p>[et_pb_section fb_built=»1&#8243; fullwidth=»on» theme_builder_area=»post_content» _builder_version=»4.15.1&#8243; _module_preset=»default»][et_pb_fullwidth_header title=»@ET-DC@eyJkeW5hbWljIjp0cnVlLCJjb250ZW50IjoicG9zdF90aXRsZSIsInNldHRpbmdzIjp7ImJlZm9yZSI6IiIsImFmdGVyIjoiIn19@» _builder_version=»4.15.1&#8243; _module_preset=»default» theme_builder_area=»post_content» _dynamic_attributes=»title» background_color=»#ff9838&#8243; title_text_shadow_style=»preset2&#8243; hover_enabled=»0&#8243; sticky_enabled=»0&#8243;][/et_pb_fullwidth_header][/et_pb_section][et_pb_section fb_built=»1&#8243; theme_builder_area=»post_content» _builder_version=»4.15.1&#8243; _module_preset=»default»][et_pb_row _builder_version=»4.15.1&#8243; _module_preset=»default» theme_builder_area=»post_content»][et_pb_column _builder_version=»4.15.1&#8243; _module_preset=»default» type=»4_4&#8243; theme_builder_area=»post_content»][et_pb_text _builder_version=»4.15.1&#8243; _module_preset=»default» theme_builder_area=»post_content» text_font_size=»16px» text_text_color=»#000000&#8243; header_font=»|600|||||||» hover_enabled=»0&#8243; sticky_enabled=»0&#8243;]</p>
<h1>¡Somos misioneros!</h1>
<p>La Misión pertenece al núcleo de nuestra identidad más fundamental. Hemos recibido del Espíritu un carisma que nos conforma con Jesús y nos hace semejantes a los apóstoles, en una comunión de vida, totalmente entregados al Padre y al Reino (cf. CC 3-4). Hace ciento cincuenta años, nuestra comunidad claretiana experimentó una gran alegría cuando la Iglesia aprobó nuestras Constituciones y reconoció, con gozo, que nuestra Congregación de Misioneros es un don del Espíritu. Hoy, también con gran alegría, proclamamos agradecidos con María la grandeza del Señor.</p>
<p><p>&nbsp;</p>
<h1>Misioneros &#8216;con Espíritu&#8217;</h1>
<p>Hemos sido agraciados con una espiritualidad particular, heredada de San Antonio María Claret y de nuestra rica tradición. Como Hijos del Corazón de María, estamos llamados a ser hombres abiertos al Espíritu, guiados por él y siempre dóciles a sus mociones; hombres que arden de amor.</p>
<p><p>&nbsp;</p>
<h1>Oyentes y servidores de la Palabra de Dios</h1>
<p>Nuestra herencia carismática nos define como «oyentes y servidores de la Palabra». Somos en la Iglesia y en la sociedad un eco de Claret (cf. Aut 686), ministro apasionado del Evangelio a tiempo y a destiempo, utilizando todos los medios a su alcance. Nosotros, como María, como Hijos de su Corazón, queremos acoger y meditar la Palabra en nuestro corazón y proclamarla con pasión.</p>
<p><p>&nbsp;</p>
<h1>Misioneros en comunidad</h1>
<p>Como testigos y mensajeros de la alegría del Evangelio, en comunidad apostólica, nos esforzamos por tener una visión común al abordar las periferias humanas que nos desafían en cada lugar a tener una actitud de alcance misionero.</p>
<p><p>&nbsp;</p>
<p><h1>Enviados a evangelizar escuchando a los pobres</h1>
<p>No se puede ser claretiano si se actúa como si los pobres no existieran. Tampoco se puede ser claretiano si no se denuncian las estructuras injustas, se lucha contra el sistema que somete a los pobres y se proponen alternativas.</p>
<p><p>&nbsp;</p>
<p><h1>Con toda la Iglesia y los que buscan la transformación del mundo</h1>
<p>Para nuestra Congregación la dimensión de «evangelizar con otros», multiplicar los líderes evangelizadores y la misión compartida es un rasgo carismático indispensable (cf. CC 3, 7, 48) que entendemos y llevamos a cabo de diversas maneras.</p>
<p><p>&nbsp;</p>
<h1>Abiertos a todo el mundo en el diálogo profético</h1>
<p>El diálogo toma diferentes formas: el diálogo como presencia -vivir más que hacer-, el diálogo interreligioso e intercultural que promueve la paz y la reconciliación; el diálogo con la creación que lleva a la conversión ecológica. En este diálogo vivimos el anuncio y la denuncia que forma parte de la profecía, un diálogo que extendemos también al nuevo continente digital y a las nuevas generaciones de jóvenes para evangelizar y ser evangelizados. Somos hombres que arden de amor (caridad) y «el diálogo es el nuevo nombre de la caridad» (VC 74).</p>
<p>[/et_pb_text][/et_pb_column][/et_pb_row][/et_pb_section]</p>

<p>¡Somos misioneros! La Misión pertenece al núcleo de nuestra identidad más fundamental. Hemos recibido del Espíritu un carisma que nos conforma con Jesús y nos hace semejantes a los apóstoles, en una comunión de vida, totalmente entregados al Padre y al Reino (cf. CC 3-4). Hace ciento cincuenta años, nuestra comunidad claretiana experimentó una gran [&hellip;]</p>
