{"id":187467,"date":"2026-03-04T12:01:18","date_gmt":"2026-03-04T11:01:18","guid":{"rendered":"https:\/\/www.claret.org\/voluntariado-misionero\/"},"modified":"2026-03-25T12:12:04","modified_gmt":"2026-03-25T11:12:04","slug":"voluntariado-misionero","status":"publish","type":"page","link":"https:\/\/www.claret.org\/es\/voluntariado-misionero\/","title":{"rendered":"VOLUNTARIADO MISIONERO"},"content":{"rendered":"<p>[et_pb_section fb_built=\u00bb1&#8243; _builder_version=\u00bb4.27.6&#8243; _module_preset=\u00bbdefault\u00bb background_color=\u00bb#E06100&#8243; custom_padding=\u00bb||0px|||\u00bb global_colors_info=\u00bb{}\u00bb][\/et_pb_section][et_pb_section fb_built=\u00bb1&#8243; _builder_version=\u00bb4.27.6&#8243; _module_preset=\u00bbdefault\u00bb background_color=\u00bb#000000&#8243; custom_margin=\u00bb-113px|||||\u00bb custom_padding=\u00bb||0px|||\u00bb global_colors_info=\u00bb{}\u00bb][et_pb_row _builder_version=\u00bb4.27.6&#8243; _module_preset=\u00bbdefault\u00bb background_color=\u00bb#000000&#8243; custom_margin=\u00bb-46px|auto||auto||\u00bb global_colors_info=\u00bb{}\u00bb][et_pb_column type=\u00bb4_4&#8243; _builder_version=\u00bb4.27.6&#8243; _module_preset=\u00bbdefault\u00bb global_colors_info=\u00bb{}\u00bb][et_pb_text _builder_version=\u00bb4.27.6&#8243; _module_preset=\u00bbdefault\u00bb text_text_color=\u00bb#FFFFFF\u00bb header_2_text_color=\u00bb#FFFFFF\u00bb custom_padding=\u00bb|||22px|false|false\u00bb global_colors_info=\u00bb{}\u00bb]<\/p>\n<h2><span class=\"a_GcMg font-feature-liga-off font-feature-clig-off font-feature-calt-off text-decoration-none text-strikethrough-none\">VOLUNTARIADO MISIONERO<\/span><\/h2>\n<p>[\/et_pb_text][\/et_pb_column][\/et_pb_row][\/et_pb_section][et_pb_section fb_built=\u00bb1&#8243; _builder_version=\u00bb4.27.6&#8243; _module_preset=\u00bbdefault\u00bb background_color=\u00bb#6B6B6B\u00bb custom_padding=\u00bb||35px|||\u00bb global_colors_info=\u00bb{}\u00bb][et_pb_row _builder_version=\u00bb4.27.6&#8243; _module_preset=\u00bbdefault\u00bb background_color=\u00bb#6B6B6B\u00bb global_colors_info=\u00bb{}\u00bb][et_pb_column type=\u00bb4_4&#8243; _builder_version=\u00bb4.27.6&#8243; _module_preset=\u00bbdefault\u00bb global_colors_info=\u00bb{}\u00bb][et_pb_text _builder_version=\u00bb4.27.6&#8243; _module_preset=\u00bbdefault\u00bb text_text_color=\u00bb#FFFFFF\u00bb custom_padding=\u00bb22px|22px|1px|22px|false|false\u00bb global_colors_info=\u00bb{}\u00bb]<\/p>\n<p class=\"cvGsUA direction-ltr align-justify para-style-body\"><span class=\"a_GcMg font-feature-liga-off font-feature-clig-off font-feature-calt-off text-decoration-none text-strikethrough-none\">El voluntariado misionero claretiano es una experiencia para j\u00f3venes que quieren ponerse en camino, encontrarse con realidades diversas y dejarse transformar por ellas. El servicio que promovemos pone el acento en compartir la vida, aprender de las personas y colaborar en procesos que promueven dignidad, justicia y esperanza.<\/span><\/p>\n<p><\/p>\n<p class=\"cvGsUA direction-ltr align-justify para-style-body\"><span class=\"a_GcMg font-feature-liga-off font-feature-clig-off font-feature-calt-off text-decoration-none text-strikethrough-none\">Est\u00e1 pensado para j\u00f3venes de 18 a 30 a\u00f1os, y tambi\u00e9n para referentes de PJV y adultos que desean vivir su fe de modo comprometido y misionero. Cada persona aporta lo que es y lo que sabe, y al mismo tiempo recibe mucho m\u00e1s de lo que imagina: trabajando en equipo, en di\u00e1logo con las comunidades misioneras de destino.<\/span><\/p>\n<p><\/p>\n<p class=\"cvGsUA direction-ltr align-justify para-style-body\"><span class=\"a_GcMg font-feature-liga-off font-feature-clig-off font-feature-calt-off text-decoration-none text-strikethrough-none\">Existen distintas formas de participar:<\/span><\/p>\n<p><\/p>\n<ul>\n<li><span class=\"a_GcMg font-feature-liga-off font-feature-clig-off font-feature-calt-off text-decoration-none text-strikethrough-none\">Voluntariado local o internacional<\/span><\/li>\n<li><span class=\"a_GcMg font-feature-liga-off font-feature-clig-off font-feature-calt-off text-decoration-none text-strikethrough-none\">Experiencias cortas o m\u00e1s prolongadas<\/span><\/li>\n<li><span class=\"a_GcMg font-feature-liga-off font-feature-clig-off font-feature-calt-off text-decoration-none text-strikethrough-none\">Apoyo profesional o digital<\/span><\/li>\n<li><span class=\"a_GcMg font-feature-liga-off font-feature-clig-off font-feature-calt-off text-decoration-none text-strikethrough-none\">Acompa\u00f1amiento comunitario<\/span><\/li>\n<li><span class=\"a_GcMg font-feature-liga-off font-feature-clig-off font-feature-calt-off text-decoration-none text-strikethrough-none\">Acci\u00f3n social, educativa o de sensibilizaci\u00f3n.<\/span><\/li>\n<\/ul>\n<p><\/p>\n<p class=\"cvGsUA direction-ltr align-justify para-style-body\"><span class=\"a_GcMg font-feature-liga-off font-feature-clig-off font-feature-calt-off text-decoration-none text-strikethrough-none\">El voluntariado misionero se propone como un camino personal y comunitario de acogida, encuentro, crecimiento y compromiso en el que aprender unos de otros siendo protagonistas. Tambi\u00e9n es un camino de escucha, discernimiento y oraci\u00f3n que da sentido a todo lo que podamos traducir en planes de acci\u00f3n y servicios concretos.<\/span><\/p>\n<p><\/p>\n<p class=\"cvGsUA direction-ltr align-justify para-style-body\"><span class=\"a_GcMg font-feature-liga-off font-feature-clig-off font-feature-calt-off text-decoration-none text-strikethrough-none\">Las palabras y acciones de Jes\u00fas, el ejemplo misionero de Claret, las llamadas de la Iglesia, el clamor de los empobrecidos que buscan justicia, tanto como el de la creaci\u00f3n que anhela ser liberada orientan nuestra labor y compromiso con la misi\u00f3n de Dios en el mundo. Queremos responder con fidelidad y entrega. Somos disc\u00edpulos en camino junto con otros\/as que encienden el mundo creando espacios de vida m\u00e1s humanos y evang\u00e9licos, donde todos tengamos cabida.<\/span><\/p>\n<p><\/p>\n<p class=\"cvGsUA direction-ltr align-justify para-style-body\"><span class=\"a_GcMg font-feature-liga-off font-feature-clig-off font-feature-calt-off text-decoration-none text-strikethrough-none\">Si sientes la inquietud de servir, comprometerte y descubrir c\u00f3mo tu vida puede transformarse en un don para los dem\u00e1s, el voluntariado misionero podr\u00eda<\/span><span class=\"a_GcMg font-feature-liga-off font-feature-clig-off font-feature-calt-off text-decoration-none text-strikethrough-none\"> ser un primer paso concreto para vivir la fe con los pies en la realidad y el coraz\u00f3n abierto al mundo.<\/span><\/p>\n<p>[\/et_pb_text][\/et_pb_column][\/et_pb_row][\/et_pb_section][et_pb_section fb_built=\u00bb1&#8243; _builder_version=\u00bb4.27.6&#8243; _module_preset=\u00bbdefault\u00bb global_colors_info=\u00bb{}\u00bb][et_pb_row _builder_version=\u00bb4.27.6&#8243; _module_preset=\u00bbdefault\u00bb custom_margin=\u00bb-58px|auto||auto||\u00bb custom_padding=\u00bb50px||0px|||\u00bb global_colors_info=\u00bb{}\u00bb][et_pb_column type=\u00bb4_4&#8243; _builder_version=\u00bb4.27.6&#8243; _module_preset=\u00bbdefault\u00bb global_colors_info=\u00bb{}\u00bb][et_pb_text _builder_version=\u00bb4.27.6&#8243; _module_preset=\u00bbdefault\u00bb global_colors_info=\u00bb{}\u00bb]<\/p>\n<h4 style=\"text-align: center;\"><strong><span class=\"a_GcMg font-feature-liga-off font-feature-clig-off font-feature-calt-off text-decoration-none text-strikethrough-none\">Escr\u00edbenos si quieres sumarte!<\/span><\/strong><\/h4>\n<p>[\/et_pb_text][et_pb_icon font_icon=\u00bb&#xf0e0;||fa||900&#8243; _builder_version=\u00bb4.27.6&#8243; _module_preset=\u00bbdefault\u00bb custom_margin=\u00bb-33px|||||\u00bb global_colors_info=\u00bb{}\u00bb][\/et_pb_icon][\/et_pb_column][\/et_pb_row][\/et_pb_section][et_pb_section fb_built=\u00bb1&#8243; _builder_version=\u00bb4.27.6&#8243; _module_preset=\u00bbdefault\u00bb background_color=\u00bb#E06100&#8243; custom_padding=\u00bb0px||0px|||\u00bb global_colors_info=\u00bb{}\u00bb][\/et_pb_section]<\/p>\n","protected":false},"excerpt":{"rendered":"<p>VOLUNTARIADO MISIONEROEl voluntariado misionero claretiano es una experiencia para j\u00f3venes que quieren ponerse en camino, encontrarse con realidades diversas y dejarse transformar por ellas. El servicio que promovemos pone el acento en compartir la vida, aprender de las personas y colaborar en procesos que promueven dignidad, justicia y esperanza.Est\u00e1 pensado para j\u00f3venes de 18 a [&hellip;]<\/p>\n","protected":false},"author":69,"featured_media":0,"parent":0,"menu_order":0,"comment_status":"closed","ping_status":"closed","template":"","meta":{"_et_pb_use_builder":"on","_et_pb_old_content":"","_et_gb_content_width":"","footnotes":""},"class_list":["post-187467","page","type-page","status-publish","hentry"],"jetpack_sharing_enabled":true,"jetpack_shortlink":"https:\/\/wp.me\/PdaBmi-MLF","jetpack_likes_enabled":true,"_links":{"self":[{"href":"https:\/\/www.claret.org\/es\/wp-json\/wp\/v2\/pages\/187467","targetHints":{"allow":["GET"]}}],"collection":[{"href":"https:\/\/www.claret.org\/es\/wp-json\/wp\/v2\/pages"}],"about":[{"href":"https:\/\/www.claret.org\/es\/wp-json\/wp\/v2\/types\/page"}],"author":[{"embeddable":true,"href":"https:\/\/www.claret.org\/es\/wp-json\/wp\/v2\/users\/69"}],"replies":[{"embeddable":true,"href":"https:\/\/www.claret.org\/es\/wp-json\/wp\/v2\/comments?post=187467"}],"version-history":[{"count":3,"href":"https:\/\/www.claret.org\/es\/wp-json\/wp\/v2\/pages\/187467\/revisions"}],"predecessor-version":[{"id":187472,"href":"https:\/\/www.claret.org\/es\/wp-json\/wp\/v2\/pages\/187467\/revisions\/187472"}],"wp:attachment":[{"href":"https:\/\/www.claret.org\/es\/wp-json\/wp\/v2\/media?parent=187467"}],"curies":[{"name":"wp","href":"https:\/\/api.w.org\/{rel}","templated":true}]}}

<p>[et_pb_section fb_built=»1&#8243; _builder_version=»4.27.6&#8243; _module_preset=»default» background_color=»#E06100&#8243; custom_padding=»||0px|||» global_colors_info=»{}»][/et_pb_section][et_pb_section fb_built=»1&#8243; _builder_version=»4.27.6&#8243; _module_preset=»default» background_color=»#000000&#8243; custom_margin=»-113px|||||» custom_padding=»||0px|||» global_colors_info=»{}»][et_pb_row _builder_version=»4.27.6&#8243; _module_preset=»default» background_color=»#000000&#8243; custom_margin=»-46px|auto||auto||» global_colors_info=»{}»][et_pb_column type=»4_4&#8243; _builder_version=»4.27.6&#8243; _module_preset=»default» global_colors_info=»{}»][et_pb_text _builder_version=»4.27.6&#8243; _module_preset=»default» text_text_color=»#FFFFFF» header_2_text_color=»#FFFFFF» custom_padding=»|||22px|false|false» global_colors_info=»{}»]</p>
<h2><span class="a_GcMg font-feature-liga-off font-feature-clig-off font-feature-calt-off text-decoration-none text-strikethrough-none">VOLUNTARIADO MISIONERO</span></h2>
<p>[/et_pb_text][/et_pb_column][/et_pb_row][/et_pb_section][et_pb_section fb_built=»1&#8243; _builder_version=»4.27.6&#8243; _module_preset=»default» background_color=»#6B6B6B» custom_padding=»||35px|||» global_colors_info=»{}»][et_pb_row _builder_version=»4.27.6&#8243; _module_preset=»default» background_color=»#6B6B6B» global_colors_info=»{}»][et_pb_column type=»4_4&#8243; _builder_version=»4.27.6&#8243; _module_preset=»default» global_colors_info=»{}»][et_pb_text _builder_version=»4.27.6&#8243; _module_preset=»default» text_text_color=»#FFFFFF» custom_padding=»22px|22px|1px|22px|false|false» global_colors_info=»{}»]</p>
<p class="cvGsUA direction-ltr align-justify para-style-body"><span class="a_GcMg font-feature-liga-off font-feature-clig-off font-feature-calt-off text-decoration-none text-strikethrough-none">El voluntariado misionero claretiano es una experiencia para jóvenes que quieren ponerse en camino, encontrarse con realidades diversas y dejarse transformar por ellas. El servicio que promovemos pone el acento en compartir la vida, aprender de las personas y colaborar en procesos que promueven dignidad, justicia y esperanza.</span></p>
<p></p>
<p class="cvGsUA direction-ltr align-justify para-style-body"><span class="a_GcMg font-feature-liga-off font-feature-clig-off font-feature-calt-off text-decoration-none text-strikethrough-none">Está pensado para jóvenes de 18 a 30 años, y también para referentes de PJV y adultos que desean vivir su fe de modo comprometido y misionero. Cada persona aporta lo que es y lo que sabe, y al mismo tiempo recibe mucho más de lo que imagina: trabajando en equipo, en diálogo con las comunidades misioneras de destino.</span></p>
<p></p>
<p class="cvGsUA direction-ltr align-justify para-style-body"><span class="a_GcMg font-feature-liga-off font-feature-clig-off font-feature-calt-off text-decoration-none text-strikethrough-none">Existen distintas formas de participar:</span></p>
<p></p>
<ul>
<li><span class="a_GcMg font-feature-liga-off font-feature-clig-off font-feature-calt-off text-decoration-none text-strikethrough-none">Voluntariado local o internacional</span></li>
<li><span class="a_GcMg font-feature-liga-off font-feature-clig-off font-feature-calt-off text-decoration-none text-strikethrough-none">Experiencias cortas o más prolongadas</span></li>
<li><span class="a_GcMg font-feature-liga-off font-feature-clig-off font-feature-calt-off text-decoration-none text-strikethrough-none">Apoyo profesional o digital</span></li>
<li><span class="a_GcMg font-feature-liga-off font-feature-clig-off font-feature-calt-off text-decoration-none text-strikethrough-none">Acompañamiento comunitario</span></li>
<li><span class="a_GcMg font-feature-liga-off font-feature-clig-off font-feature-calt-off text-decoration-none text-strikethrough-none">Acción social, educativa o de sensibilización.</span></li>
</ul>
<p></p>
<p class="cvGsUA direction-ltr align-justify para-style-body"><span class="a_GcMg font-feature-liga-off font-feature-clig-off font-feature-calt-off text-decoration-none text-strikethrough-none">El voluntariado misionero se propone como un camino personal y comunitario de acogida, encuentro, crecimiento y compromiso en el que aprender unos de otros siendo protagonistas. También es un camino de escucha, discernimiento y oración que da sentido a todo lo que podamos traducir en planes de acción y servicios concretos.</span></p>
<p></p>
<p class="cvGsUA direction-ltr align-justify para-style-body"><span class="a_GcMg font-feature-liga-off font-feature-clig-off font-feature-calt-off text-decoration-none text-strikethrough-none">Las palabras y acciones de Jesús, el ejemplo misionero de Claret, las llamadas de la Iglesia, el clamor de los empobrecidos que buscan justicia, tanto como el de la creación que anhela ser liberada orientan nuestra labor y compromiso con la misión de Dios en el mundo. Queremos responder con fidelidad y entrega. Somos discípulos en camino junto con otros/as que encienden el mundo creando espacios de vida más humanos y evangélicos, donde todos tengamos cabida.</span></p>
<p></p>
<p class="cvGsUA direction-ltr align-justify para-style-body"><span class="a_GcMg font-feature-liga-off font-feature-clig-off font-feature-calt-off text-decoration-none text-strikethrough-none">Si sientes la inquietud de servir, comprometerte y descubrir cómo tu vida puede transformarse en un don para los demás, el voluntariado misionero podría</span><span class="a_GcMg font-feature-liga-off font-feature-clig-off font-feature-calt-off text-decoration-none text-strikethrough-none"> ser un primer paso concreto para vivir la fe con los pies en la realidad y el corazón abierto al mundo.</span></p>
<p>[/et_pb_text][/et_pb_column][/et_pb_row][/et_pb_section][et_pb_section fb_built=»1&#8243; _builder_version=»4.27.6&#8243; _module_preset=»default» global_colors_info=»{}»][et_pb_row _builder_version=»4.27.6&#8243; _module_preset=»default» custom_margin=»-58px|auto||auto||» custom_padding=»50px||0px|||» global_colors_info=»{}»][et_pb_column type=»4_4&#8243; _builder_version=»4.27.6&#8243; _module_preset=»default» global_colors_info=»{}»][et_pb_text _builder_version=»4.27.6&#8243; _module_preset=»default» global_colors_info=»{}»]</p>
<h4 style="text-align: center;"><strong><span class="a_GcMg font-feature-liga-off font-feature-clig-off font-feature-calt-off text-decoration-none text-strikethrough-none">Escríbenos si quieres sumarte!</span></strong></h4>
<p>[/et_pb_text][et_pb_icon font_icon=»&#xf0e0;||fa||900&#8243; _builder_version=»4.27.6&#8243; _module_preset=»default» custom_margin=»-33px|||||» global_colors_info=»{}»][/et_pb_icon][/et_pb_column][/et_pb_row][/et_pb_section][et_pb_section fb_built=»1&#8243; _builder_version=»4.27.6&#8243; _module_preset=»default» background_color=»#E06100&#8243; custom_padding=»0px||0px|||» global_colors_info=»{}»][/et_pb_section]</p>

<p>VOLUNTARIADO MISIONEROEl voluntariado misionero claretiano es una experiencia para jóvenes que quieren ponerse en camino, encontrarse con realidades diversas y dejarse transformar por ellas. El servicio que promovemos pone el acento en compartir la vida, aprender de las personas y colaborar en procesos que promueven dignidad, justicia y esperanza.Está pensado para jóvenes de 18 a [&hellip;]</p>
