{"id":118052,"date":"2022-03-22T09:33:43","date_gmt":"2022-03-22T08:33:43","guid":{"rendered":"https:\/\/www.claret.org\/traits-charismatiques\/"},"modified":"2022-04-05T21:52:41","modified_gmt":"2022-04-05T19:52:41","slug":"traits-charismatiques","status":"publish","type":"page","link":"https:\/\/www.claret.org\/fr\/traits-charismatiques\/","title":{"rendered":"Traits charismatiques"},"content":{"rendered":"<p>[et_pb_section fb_built=\u00a0\u00bb1&Prime; fullwidth=\u00a0\u00bbon\u00a0\u00bb theme_builder_area=\u00a0\u00bbpost_content\u00a0\u00bb _builder_version=\u00a0\u00bb4.15.1&Prime; _module_preset=\u00a0\u00bbdefault\u00a0\u00bb][et_pb_fullwidth_header title=\u00a0\u00bb@ET-DC@eyJkeW5hbWljIjp0cnVlLCJjb250ZW50IjoicG9zdF90aXRsZSIsInNldHRpbmdzIjp7ImJlZm9yZSI6IiIsImFmdGVyIjoiIn19@\u00a0\u00bb _builder_version=\u00a0\u00bb4.15.1&Prime; _module_preset=\u00a0\u00bbdefault\u00a0\u00bb theme_builder_area=\u00a0\u00bbpost_content\u00a0\u00bb _dynamic_attributes=\u00a0\u00bbtitle\u00a0\u00bb background_color=\u00a0\u00bb#ff9838&Prime; title_text_shadow_style=\u00a0\u00bbpreset2&Prime; hover_enabled=\u00a0\u00bb0&Prime; sticky_enabled=\u00a0\u00bb0&Prime;][\/et_pb_fullwidth_header][\/et_pb_section][et_pb_section fb_built=\u00a0\u00bb1&Prime; theme_builder_area=\u00a0\u00bbpost_content\u00a0\u00bb _builder_version=\u00a0\u00bb4.15.1&Prime; _module_preset=\u00a0\u00bbdefault\u00a0\u00bb][et_pb_row _builder_version=\u00a0\u00bb4.15.1&Prime; _module_preset=\u00a0\u00bbdefault\u00a0\u00bb theme_builder_area=\u00a0\u00bbpost_content\u00a0\u00bb][et_pb_column _builder_version=\u00a0\u00bb4.15.1&Prime; _module_preset=\u00a0\u00bbdefault\u00a0\u00bb type=\u00a0\u00bb4_4&Prime; theme_builder_area=\u00a0\u00bbpost_content\u00a0\u00bb][et_pb_text _builder_version=\u00a0\u00bb4.15.1&Prime; _module_preset=\u00a0\u00bbdefault\u00a0\u00bb theme_builder_area=\u00a0\u00bbpost_content\u00a0\u00bb text_font_size=\u00a0\u00bb16px\u00a0\u00bb text_text_color=\u00a0\u00bb#000000&Prime; header_font=\u00a0\u00bb|600|||||||\u00a0\u00bb hover_enabled=\u00a0\u00bb0&Prime; sticky_enabled=\u00a0\u00bb0&Prime;]<\/p>\n<h1>Nous sommes des missionnaires !<\/h1>\n<p>La mission est au c\u0153ur de notre identit\u00e9 la plus fondamentale. Nous avons re\u00e7u de l&rsquo;Esprit un charisme qui nous conforme \u00e0 J\u00e9sus et nous rend comme les ap\u00f4tres, dans une communion de vie, totalement d\u00e9di\u00e9s au P\u00e8re et au Royaume (cf. CC 3-4). Il y a cent cinquante ans, notre communaut\u00e9 clar\u00e9taine a connu une grande joie lorsque l&rsquo;\u00c9glise a approuv\u00e9 nos Constitutions et a reconnu, avec joie, que notre Congr\u00e9gation de Missionnaires est un don de l&rsquo;Esprit. Aujourd&rsquo;hui, \u00e9galement avec une grande joie, nous proclamons avec Marie, avec reconnaissance, la grandeur du Seigneur.<\/p>\n<p>&nbsp;<\/p>\n<h1>Missionnaires \u00ab\u00a0avec esprit\u00a0\u00bb<\/h1>\n<p>.<\/p>\n<p>Nous avons \u00e9t\u00e9 gratifi\u00e9s d&rsquo;une spiritualit\u00e9 particuli\u00e8re, h\u00e9rit\u00e9e de Saint Antoine Marie Claret et de notre riche tradition. En tant que Fils du C\u0153ur de Marie, nous sommes appel\u00e9s \u00e0 \u00eatre des hommes ouverts \u00e0 l&rsquo;Esprit, guid\u00e9s par lui et toujours dociles \u00e0 ses motions ; des hommes enflamm\u00e9s d&rsquo;amour.<\/p>\n<p>&nbsp;<\/p>\n<h1>\u00c9coutants et serviteurs de la Parole de Dieu<\/h1>\n<p>.<\/p>\n<p>Notre h\u00e9ritage charismatique nous d\u00e9finit comme \u00a0\u00bb des auditeurs et des serviteurs de la Parole \u00ab\u00a0. Nous avons dans l&rsquo;Eglise et dans la soci\u00e9t\u00e9 un \u00e9cho de Claret (cf. Aut 686), ministre passionn\u00e9 de l&rsquo;Evangile \u00e0 temps et \u00e0 contretemps, utilisant tous les moyens \u00e0 sa disposition. Comme Marie, enfants de son c\u0153ur, nous voulons accueillir et m\u00e9diter la Parole dans nos c\u0153urs et la proclamer avec passion.<\/p>\n<p>&nbsp;<\/p>\n<h1>Missionnaires en communaut\u00e9<\/h1>\n<p>.<\/p>\n<p>En tant que t\u00e9moins et messagers de la joie de l&rsquo;\u00c9vangile, en communaut\u00e9 apostolique, nous nous effor\u00e7ons d&rsquo;avoir une vision commune pour aborder les p\u00e9riph\u00e9ries humaines qui nous interpellent en tout lieu pour avoir une attitude de rayonnement missionnaire.<\/p>\n<p>&nbsp;<\/p>\n<h1>Envoy\u00e9s pour \u00e9vang\u00e9liser en \u00e9coutant les pauvres<\/h1>\n<p>.<\/p>\n<p>On ne peut pas \u00eatre clar\u00e9tain si on agit comme si les pauvres n&rsquo;existaient pas. On ne peut pas non plus \u00eatre clar\u00e9tain si on ne d\u00e9nonce pas les structures injustes, si on ne lutte pas contre le syst\u00e8me qui assujettit les pauvres et si on ne propose pas d&rsquo;alternatives.<\/p>\n<p>&nbsp;<\/p>\n<h1>Avec toute l&rsquo;\u00c9glise et ceux qui cherchent la transformation du monde<\/h1>\n<p>.<\/p>\n<p>Pour notre Congr\u00e9gation, la dimension \u00a0\u00bb \u00e9vang\u00e9liser avec les autres \u00ab\u00a0, multiplier les leaders \u00e9vang\u00e9lisateurs et la mission partag\u00e9e est un trait charismatique indispensable (cf. CC 3, 7, 48) que nous comprenons et r\u00e9alisons de diverses mani\u00e8res.<\/p>\n<p>&nbsp;<\/p>\n<h1>Ouverture \u00e0 tous dans le dialogue proph\u00e9tique<\/h1>\n<p>.<\/p>\n<p>Le dialogue prend diff\u00e9rentes formes : le dialogue comme pr\u00e9sence &#8211; vivre plut\u00f4t que faire ; le dialogue interreligieux et interculturel qui favorise la paix et la r\u00e9conciliation ; le dialogue avec la cr\u00e9ation qui conduit \u00e0 une conversion \u00e9cologique. Dans ce dialogue, nous vivons l&rsquo;annonce et la d\u00e9nonciation qui font partie de la proph\u00e9tie, un dialogue que nous \u00e9tendons \u00e9galement au nouveau continent num\u00e9rique et aux nouvelles g\u00e9n\u00e9rations de jeunes afin d&rsquo;\u00e9vang\u00e9liser et d&rsquo;\u00eatre \u00e9vang\u00e9lis\u00e9s. Nous sommes des hommes en feu d&rsquo;amour (charit\u00e9) et \u00ab\u00a0le dialogue est le nouveau nom de la charit\u00e9\u00a0\u00bb (VC 74).<\/p>\n<p>[\/et_pb_text][\/et_pb_column][\/et_pb_row][\/et_pb_section]<\/p>\n","protected":false},"excerpt":{"rendered":"<p>Nous sommes des missionnaires ! La mission est au c\u0153ur de notre identit\u00e9 la plus fondamentale. Nous avons re\u00e7u de l&rsquo;Esprit un charisme qui nous conforme \u00e0 J\u00e9sus et nous rend comme les ap\u00f4tres, dans une communion de vie, totalement d\u00e9di\u00e9s au P\u00e8re et au Royaume (cf. CC 3-4). Il y a cent cinquante ans, [&hellip;]<\/p>\n","protected":false},"author":2,"featured_media":85939,"parent":0,"menu_order":0,"comment_status":"closed","ping_status":"closed","template":"","meta":{"_et_pb_use_builder":"on","_et_pb_old_content":"","_et_gb_content_width":"","footnotes":""},"class_list":["post-118052","page","type-page","status-publish","has-post-thumbnail","hentry"],"jetpack_sharing_enabled":true,"jetpack_shortlink":"https:\/\/wp.me\/PdaBmi-uI4","jetpack_likes_enabled":true,"_links":{"self":[{"href":"https:\/\/www.claret.org\/fr\/wp-json\/wp\/v2\/pages\/118052","targetHints":{"allow":["GET"]}}],"collection":[{"href":"https:\/\/www.claret.org\/fr\/wp-json\/wp\/v2\/pages"}],"about":[{"href":"https:\/\/www.claret.org\/fr\/wp-json\/wp\/v2\/types\/page"}],"author":[{"embeddable":true,"href":"https:\/\/www.claret.org\/fr\/wp-json\/wp\/v2\/users\/2"}],"replies":[{"embeddable":true,"href":"https:\/\/www.claret.org\/fr\/wp-json\/wp\/v2\/comments?post=118052"}],"version-history":[{"count":0,"href":"https:\/\/www.claret.org\/fr\/wp-json\/wp\/v2\/pages\/118052\/revisions"}],"wp:featuredmedia":[{"embeddable":true,"href":"https:\/\/www.claret.org\/fr\/wp-json\/wp\/v2\/media\/85939"}],"wp:attachment":[{"href":"https:\/\/www.claret.org\/fr\/wp-json\/wp\/v2\/media?parent=118052"}],"curies":[{"name":"wp","href":"https:\/\/api.w.org\/{rel}","templated":true}]}}

<p>[et_pb_section fb_built= »1&Prime; fullwidth= »on » theme_builder_area= »post_content » _builder_version= »4.15.1&Prime; _module_preset= »default »][et_pb_fullwidth_header title= »@ET-DC@eyJkeW5hbWljIjp0cnVlLCJjb250ZW50IjoicG9zdF90aXRsZSIsInNldHRpbmdzIjp7ImJlZm9yZSI6IiIsImFmdGVyIjoiIn19@ » _builder_version= »4.15.1&Prime; _module_preset= »default » theme_builder_area= »post_content » _dynamic_attributes= »title » background_color= »#ff9838&Prime; title_text_shadow_style= »preset2&Prime; hover_enabled= »0&Prime; sticky_enabled= »0&Prime;][/et_pb_fullwidth_header][/et_pb_section][et_pb_section fb_built= »1&Prime; theme_builder_area= »post_content » _builder_version= »4.15.1&Prime; _module_preset= »default »][et_pb_row _builder_version= »4.15.1&Prime; _module_preset= »default » theme_builder_area= »post_content »][et_pb_column _builder_version= »4.15.1&Prime; _module_preset= »default » type= »4_4&Prime; theme_builder_area= »post_content »][et_pb_text _builder_version= »4.15.1&Prime; _module_preset= »default » theme_builder_area= »post_content » text_font_size= »16px » text_text_color= »#000000&Prime; header_font= »|600||||||| » hover_enabled= »0&Prime; sticky_enabled= »0&Prime;]</p>
<h1>Nous sommes des missionnaires !</h1>
<p>La mission est au cœur de notre identité la plus fondamentale. Nous avons reçu de l&rsquo;Esprit un charisme qui nous conforme à Jésus et nous rend comme les apôtres, dans une communion de vie, totalement dédiés au Père et au Royaume (cf. CC 3-4). Il y a cent cinquante ans, notre communauté clarétaine a connu une grande joie lorsque l&rsquo;Église a approuvé nos Constitutions et a reconnu, avec joie, que notre Congrégation de Missionnaires est un don de l&rsquo;Esprit. Aujourd&rsquo;hui, également avec une grande joie, nous proclamons avec Marie, avec reconnaissance, la grandeur du Seigneur.</p>
<p>&nbsp;</p>
<h1>Missionnaires « avec esprit »</h1>
<p>.</p>
<p>Nous avons été gratifiés d&rsquo;une spiritualité particulière, héritée de Saint Antoine Marie Claret et de notre riche tradition. En tant que Fils du Cœur de Marie, nous sommes appelés à être des hommes ouverts à l&rsquo;Esprit, guidés par lui et toujours dociles à ses motions ; des hommes enflammés d&rsquo;amour.</p>
<p>&nbsp;</p>
<h1>Écoutants et serviteurs de la Parole de Dieu</h1>
<p>.</p>
<p>Notre héritage charismatique nous définit comme  » des auditeurs et des serviteurs de la Parole « . Nous avons dans l&rsquo;Eglise et dans la société un écho de Claret (cf. Aut 686), ministre passionné de l&rsquo;Evangile à temps et à contretemps, utilisant tous les moyens à sa disposition. Comme Marie, enfants de son cœur, nous voulons accueillir et méditer la Parole dans nos cœurs et la proclamer avec passion.</p>
<p>&nbsp;</p>
<h1>Missionnaires en communauté</h1>
<p>.</p>
<p>En tant que témoins et messagers de la joie de l&rsquo;Évangile, en communauté apostolique, nous nous efforçons d&rsquo;avoir une vision commune pour aborder les périphéries humaines qui nous interpellent en tout lieu pour avoir une attitude de rayonnement missionnaire.</p>
<p>&nbsp;</p>
<h1>Envoyés pour évangéliser en écoutant les pauvres</h1>
<p>.</p>
<p>On ne peut pas être clarétain si on agit comme si les pauvres n&rsquo;existaient pas. On ne peut pas non plus être clarétain si on ne dénonce pas les structures injustes, si on ne lutte pas contre le système qui assujettit les pauvres et si on ne propose pas d&rsquo;alternatives.</p>
<p>&nbsp;</p>
<h1>Avec toute l&rsquo;Église et ceux qui cherchent la transformation du monde</h1>
<p>.</p>
<p>Pour notre Congrégation, la dimension  » évangéliser avec les autres « , multiplier les leaders évangélisateurs et la mission partagée est un trait charismatique indispensable (cf. CC 3, 7, 48) que nous comprenons et réalisons de diverses manières.</p>
<p>&nbsp;</p>
<h1>Ouverture à tous dans le dialogue prophétique</h1>
<p>.</p>
<p>Le dialogue prend différentes formes : le dialogue comme présence &#8211; vivre plutôt que faire ; le dialogue interreligieux et interculturel qui favorise la paix et la réconciliation ; le dialogue avec la création qui conduit à une conversion écologique. Dans ce dialogue, nous vivons l&rsquo;annonce et la dénonciation qui font partie de la prophétie, un dialogue que nous étendons également au nouveau continent numérique et aux nouvelles générations de jeunes afin d&rsquo;évangéliser et d&rsquo;être évangélisés. Nous sommes des hommes en feu d&rsquo;amour (charité) et « le dialogue est le nouveau nom de la charité » (VC 74).</p>
<p>[/et_pb_text][/et_pb_column][/et_pb_row][/et_pb_section]</p>

<p>Nous sommes des missionnaires ! La mission est au cœur de notre identité la plus fondamentale. Nous avons reçu de l&rsquo;Esprit un charisme qui nous conforme à Jésus et nous rend comme les apôtres, dans une communion de vie, totalement dédiés au Père et au Royaume (cf. CC 3-4). Il y a cent cinquante ans, [&hellip;]</p>
