{"id":28086,"date":"2018-09-05T07:50:17","date_gmt":"2018-09-05T05:50:17","guid":{"rendered":"https:\/\/www.claret.org\/fecha-14-de-aout-le-serviteur-de-dieu-frere-ferdinand-saperas-martyr-de-la-chastete\/"},"modified":"2019-11-20T12:27:27","modified_gmt":"2019-11-20T11:27:27","slug":"fecha-14-de-aout-le-serviteur-de-dieu-frere-ferdinand-saperas-martyr-de-la-chastete","status":"publish","type":"page","link":"https:\/\/www.claret.org\/fr\/calendrier\/fecha-14-de-aout-le-serviteur-de-dieu-frere-ferdinand-saperas-martyr-de-la-chastete\/","title":{"rendered":"Fecha: 14 de Ao\u00fbt &#8211; BEATO FR\u00c8RE FERDINAND SAPERAS Martyr de la chastet\u00e9"},"content":{"rendered":"<div style=\"text-align: justify;\">Ferdinand Saperas Aluja est n\u00e9 \u00e0 Ali\u00f3 (Tarragone) le 8 septembre 1905. Quand il n\u2019avait que sept ans, son p\u00e8re, don Ferdinand Saperas est d\u00e9c\u00e9d\u00e9, et la famille resta dans une situation difficile en ne recevant plus son salaire de ma\u00e7on. \u00c0 l\u2019\u00e2ge de 15 ans, Ferdinand est parti \u00e0 Valls (Tarragone) et \u00e0 Barcelone pour travailler comme valet de chambre dans un h\u00f4tel et, ensuite, comme commis dans un magasin.<\/div>\n<div style=\"text-align: justify;\"><\/div>\n<div style=\"text-align: justify;\"><img data-recalc-dims=\"1\" loading=\"lazy\" decoding=\"async\" class=\"alignleft wp-image-28073\" src=\"https:\/\/i0.wp.com\/www.claret.org\/wp-content\/uploads\/2018\/09\/40-hsaperasb.jpg?resize=250%2C310&#038;ssl=1\" alt=\"\" width=\"250\" height=\"310\" title=\"\" srcset=\"https:\/\/i0.wp.com\/www.claret.org\/wp-content\/uploads\/2018\/09\/40-hsaperasb.jpg?w=336&amp;ssl=1 336w, https:\/\/i0.wp.com\/www.claret.org\/wp-content\/uploads\/2018\/09\/40-hsaperasb.jpg?resize=242%2C300&amp;ssl=1 242w\" sizes=\"(max-width: 250px) 100vw, 250px\" \/>Il fit le service militaire \u00e0 Barcelone, pr\u00e8s du Sanctuaire du Coeur de Marie, desservi par les Missionnaires Clar\u00e9tains. Toujours que ses obligations militaires le lui permettaient, Ferdinand fr\u00e9quentait ce sanctuaire. C\u2019est en ce temps-l\u00e0 qu\u2019il commen\u00e7a \u00e0 d\u00e9sirer entrer dans une communaut\u00e9 religieuse, si non pour \u00e9tudier, car son \u00e2ge ne le lui permettait pas, au moins pour y servir comme domestique. Il fut accept\u00e9 dans la Congr\u00e9gation, pas comme domestique, mais comme Fr\u00e8re missionnaire. Il y fit son entr\u00e9e vers la fin de l\u2019ann\u00e9e 1928.<\/div>\n<div style=\"text-align: justify;\"><\/div>\n<div style=\"text-align: justify;\">Apr\u00e8s les ann\u00e9es de formation, il fut affect\u00e9 \u00e0 Cervera, \u00e0 la communaut\u00e9 de l\u2019Universit\u00e9. Chaque jour, grandissait en lui la pi\u00e9t\u00e9 dont il \u00e9tait anim\u00e9 depuis son enfance. En plus d\u2019assister aux actes de pri\u00e8re de la communaut\u00e9, de participer \u00e0 la messe et d\u2019y communier, il faisait de fr\u00e9quentes visites au saint Sacrement, il parcourait les station du chemin de croix et r\u00e9citait les trois parties du rosaire. Avec cette pi\u00e9t\u00e9, le Fr\u00e8re Saperas d\u00e9veloppa un grand amour \u00e0 la vocation et \u00e0 l\u2019Institut. Il disait fr\u00e9quemment: \u201cNous ne pourrons jamais remercier Dieu assez pour la gr\u00e2ce de la vocation. Cependant, la note la plus caract\u00e9ristique de sa spiritualit\u00e9 fut sa bonne disposition pour le travail et le z\u00e8le missionnaire qu\u2019il y mettait pour le faire \u00e0 la perfection. Il accomplissait ses charges avec diligence, propret\u00e9, ordre et avec une intention missionnaire.<\/div>\n<div style=\"text-align: justify;\"><\/div>\n<div style=\"text-align: justify;\">Il \u00e9tait le charg\u00e9 de la porterie quand, le 21 juillet 1936, les 117 clar\u00e9tains de Cervera durent se disperser pr\u00e9cipitamment. Le Fr\u00e8re prit le chemin de Solsona avec le groupe le plus nombreux, qui dut se disperser chemin faisant. Le Fr\u00e8re, apr\u00e8s avoir tra\u00een\u00e9 par plusieurs fermes de la r\u00e9gion et travaill\u00e9 chez monsieur Riera de Montpalau, il dut fuire vers la ferme d\u2019un autre ami, monsieur Bofarull. Et c\u2019est l\u00e0 qu\u2019il fut arr\u00eat\u00e9 le 12 ao\u00fbt  au matin. Une fois qu\u2019il manifesta sa condition de religieux, il fut soumis \u00e0 toute sorte de provocations et vexations contre la chastet\u00e9. Finalement, apr\u00e8s quinze heures de tortures, pardonnant \u00e0 ses bourreaux, il fut ex\u00e9cut\u00e9 \u00e0 la porte du cim\u00e9ti\u00e8re de T\u00e1rrega (L\u00e9rida). C\u2019\u00e9tait le 13 ao\u00fbt 1936.<\/div>\n","protected":false},"excerpt":{"rendered":"<p>Ferdinand Saperas Aluja est n\u00e9 \u00e0 Ali\u00f3 (Tarragone) le 8 septembre 1905. Quand il n\u2019avait que sept ans, son p\u00e8re, don Ferdinand Saperas est d\u00e9c\u00e9d\u00e9, et la famille resta dans une situation difficile en ne recevant plus son salaire de ma\u00e7on. \u00c0 l\u2019\u00e2ge de 15 ans, Ferdinand est parti \u00e0 Valls (Tarragone) et \u00e0 Barcelone [&hellip;]<\/p>\n","protected":false},"author":69,"featured_media":28074,"parent":33291,"menu_order":0,"comment_status":"closed","ping_status":"closed","template":"","meta":{"_et_pb_use_builder":"","_et_pb_old_content":"","_et_gb_content_width":"","footnotes":""},"class_list":["post-28086","page","type-page","status-publish","has-post-thumbnail","hentry"],"jetpack_sharing_enabled":true,"jetpack_shortlink":"https:\/\/wp.me\/PdaBmi-7j0","jetpack_likes_enabled":true,"_links":{"self":[{"href":"https:\/\/www.claret.org\/fr\/wp-json\/wp\/v2\/pages\/28086","targetHints":{"allow":["GET"]}}],"collection":[{"href":"https:\/\/www.claret.org\/fr\/wp-json\/wp\/v2\/pages"}],"about":[{"href":"https:\/\/www.claret.org\/fr\/wp-json\/wp\/v2\/types\/page"}],"author":[{"embeddable":true,"href":"https:\/\/www.claret.org\/fr\/wp-json\/wp\/v2\/users\/69"}],"replies":[{"embeddable":true,"href":"https:\/\/www.claret.org\/fr\/wp-json\/wp\/v2\/comments?post=28086"}],"version-history":[{"count":0,"href":"https:\/\/www.claret.org\/fr\/wp-json\/wp\/v2\/pages\/28086\/revisions"}],"up":[{"embeddable":true,"href":"https:\/\/www.claret.org\/fr\/wp-json\/wp\/v2\/pages\/33291"}],"wp:featuredmedia":[{"embeddable":true,"href":"https:\/\/www.claret.org\/fr\/wp-json\/wp\/v2\/media\/28074"}],"wp:attachment":[{"href":"https:\/\/www.claret.org\/fr\/wp-json\/wp\/v2\/media?parent=28086"}],"curies":[{"name":"wp","href":"https:\/\/api.w.org\/{rel}","templated":true}]}}

Fecha: 14 de Août &#8211; BEATO FRÈRE FERDINAND SAPERAS Martyr de la chasteté

<div style="text-align: justify;">Ferdinand Saperas Aluja est né à Alió (Tarragone) le 8 septembre 1905. Quand il n’avait que sept ans, son père, don Ferdinand Saperas est décédé, et la famille resta dans une situation difficile en ne recevant plus son salaire de maçon. À l’âge de 15 ans, Ferdinand est parti à Valls (Tarragone) et à Barcelone pour travailler comme valet de chambre dans un hôtel et, ensuite, comme commis dans un magasin.</div>
<div style="text-align: justify;"></div>
<div style="text-align: justify;"><img data-recalc-dims="1" loading="lazy" decoding="async" class="alignleft wp-image-28073" src="https://i0.wp.com/www.claret.org/wp-content/uploads/2018/09/40-hsaperasb.jpg?resize=250%2C310&#038;ssl=1" alt="" width="250" height="310" title="" srcset="https://i0.wp.com/www.claret.org/wp-content/uploads/2018/09/40-hsaperasb.jpg?w=336&amp;ssl=1 336w, https://i0.wp.com/www.claret.org/wp-content/uploads/2018/09/40-hsaperasb.jpg?resize=242%2C300&amp;ssl=1 242w" sizes="(max-width: 250px) 100vw, 250px" />Il fit le service militaire à Barcelone, près du Sanctuaire du Coeur de Marie, desservi par les Missionnaires Clarétains. Toujours que ses obligations militaires le lui permettaient, Ferdinand fréquentait ce sanctuaire. C’est en ce temps-là qu’il commença à désirer entrer dans une communauté religieuse, si non pour étudier, car son âge ne le lui permettait pas, au moins pour y servir comme domestique. Il fut accepté dans la Congrégation, pas comme domestique, mais comme Frère missionnaire. Il y fit son entrée vers la fin de l’année 1928.</div>
<div style="text-align: justify;"></div>
<div style="text-align: justify;">Après les années de formation, il fut affecté à Cervera, à la communauté de l’Université. Chaque jour, grandissait en lui la piété dont il était animé depuis son enfance. En plus d’assister aux actes de prière de la communauté, de participer à la messe et d’y communier, il faisait de fréquentes visites au saint Sacrement, il parcourait les station du chemin de croix et récitait les trois parties du rosaire. Avec cette piété, le Frère Saperas développa un grand amour à la vocation et à l’Institut. Il disait fréquemment: “Nous ne pourrons jamais remercier Dieu assez pour la grâce de la vocation. Cependant, la note la plus caractéristique de sa spiritualité fut sa bonne disposition pour le travail et le zèle missionnaire qu’il y mettait pour le faire à la perfection. Il accomplissait ses charges avec diligence, propreté, ordre et avec une intention missionnaire.</div>
<div style="text-align: justify;"></div>
<div style="text-align: justify;">Il était le chargé de la porterie quand, le 21 juillet 1936, les 117 clarétains de Cervera durent se disperser précipitamment. Le Frère prit le chemin de Solsona avec le groupe le plus nombreux, qui dut se disperser chemin faisant. Le Frère, après avoir traîné par plusieurs fermes de la région et travaillé chez monsieur Riera de Montpalau, il dut fuire vers la ferme d’un autre ami, monsieur Bofarull. Et c’est là qu’il fut arrêté le 12 août  au matin. Une fois qu’il manifesta sa condition de religieux, il fut soumis à toute sorte de provocations et vexations contre la chasteté. Finalement, après quinze heures de tortures, pardonnant à ses bourreaux, il fut exécuté à la porte du cimétière de Tárrega (Lérida). C’était le 13 août 1936.</div>

<p>Ferdinand Saperas Aluja est né à Alió (Tarragone) le 8 septembre 1905. Quand il n’avait que sept ans, son père, don Ferdinand Saperas est décédé, et la famille resta dans une situation difficile en ne recevant plus son salaire de maçon. À l’âge de 15 ans, Ferdinand est parti à Valls (Tarragone) et à Barcelone [&hellip;]</p>
