{"id":28498,"date":"2018-09-06T10:11:14","date_gmt":"2018-09-06T08:11:14","guid":{"rendered":"https:\/\/www.claret.org\/fecha-5-de-novembre-conmemoraison-des-defunts-de-la-congreation-des-membres-de-nos-familles-et-des-bienfaiteurs\/"},"modified":"2018-09-06T10:11:14","modified_gmt":"2018-09-06T08:11:14","slug":"fecha-5-de-novembre-conmemoraison-des-defunts-de-la-congreation-des-membres-de-nos-familles-et-des-bienfaiteurs","status":"publish","type":"page","link":"https:\/\/www.claret.org\/fr\/calendrier\/fecha-5-de-novembre-conmemoraison-des-defunts-de-la-congreation-des-membres-de-nos-familles-et-des-bienfaiteurs\/","title":{"rendered":"Fecha: 5 de Novembre &#8211; CONMEMORAISON DES D\u00c9FUNTS DE LA CONGR\u00c9ATION, DES MEMBRES DE NOS FAMILLES ET DES BIENFAITEURS"},"content":{"rendered":"<div style=\"text-align: justify;\">Nous nous souvenons, en ce jour de novembre, de tous ceux qui nous ont quitt\u00e9s et qui nous sont unis par des liens de chair, de foi, de vocation, d\u2019amiti\u00e9, de travail, de proximit\u00e9, de charit\u00e9. Leur d\u00e9part nous laisse, irr\u00e9m\u00e9diablement, dans l\u2019\u00e2me un sentiment profond de solitude et de douleur. C\u2019est l\u2019exp\u00e9rience que Gabriel Marcel comprit parfaitement quand il disait avec finesse que \u00ab le vrai probl\u00e8me n\u2019est pas ma mort, mais celle des \u00eatres qui nous sont chers \u00bb. Et c\u2019est vrai : mourir, c\u2019est simplement mourir ; mais voir mourir ceux que nous aimons, c\u2019est une mutilation pour laquelle la nature humaine n\u2019est pas pr\u00e9par\u00e9e.<\/div>\n<div style=\"text-align: justify;\"><\/div>\n<div style=\"text-align: justify;\">Les Costitutions de 1971, avant de prescrire les suffrages, consignaient,  avec des mots bien simples, un vrai hommage de charit\u00e9 envers ceux qui nous ont pr\u00e9c\u00e9d\u00e9s. Le texte, bien que condens\u00e9 dans la version de 1982, m\u00e9rite bien d\u2019\u00eatre rappel\u00e9 :  \u00ab Nos fr\u00e8res qui, apr\u00e8s avoir travaill\u00e9 dans la vigne du Seigneur, reposent en J\u00e9sus-Christ en attendant sa venue et la r\u00e9surrection, continuent d\u2019\u00eatre unis, par un lien intime de charit\u00e9, avec nous, qui sommes encore des p\u00e8lerins. C\u2019est pourquoi, nous devons prier Dieu pour eux et honorer leurs corps qui furent des vases d\u2019\u00e9lection \u00bb.<\/div>\n<div style=\"text-align: justify;\"><\/div>\n<div style=\"text-align: justify;\">Le jour de la comm\u00e9moraison des d\u00e9funts fait converger nos pens\u00e9es particuli\u00e8rement sur nos fr\u00e8res qui, apr\u00e8s avoir quitt\u00e9 ce monde, attendent d\u2019arriver \u00e0 la pl\u00e9nitude de leur union avec Dieu. Nous savons que notre communion avec ces fr\u00e8res ne s\u2019est pas interrompu avec la mort. Nous ne les oublions pas apr\u00e8s notre au revoir dans la liturgie des fun\u00e9railles. Ils entrent dans le myst\u00e8re de Dieu. Avec l\u2019\u00c9glise, nous prions pour eux. Notre intercession pour nos fr\u00e8res d\u00e9funts -clar\u00e9tains, familiers et bienfaiteurs- actualise notre amour envers eux dans la foi en Dieu Sauveur. En notre intercession, nous faisons m\u00e9moire d\u2019eux devant Dieu et nous \u00e9tablissons une myst\u00e9rieuse solidarit\u00e9 et communion, nous renouvelons notre amiti\u00e9 et nous \u00e9prouvons l\u2019esp\u00e9rance et la consolation.<\/div>\n","protected":false},"excerpt":{"rendered":"<p>Nous nous souvenons, en ce jour de novembre, de tous ceux qui nous ont quitt\u00e9s et qui nous sont unis par des liens de chair, de foi, de vocation, d\u2019amiti\u00e9, de travail, de proximit\u00e9, de charit\u00e9. Leur d\u00e9part nous laisse, irr\u00e9m\u00e9diablement, dans l\u2019\u00e2me un sentiment profond de solitude et de douleur. C\u2019est l\u2019exp\u00e9rience que Gabriel [&hellip;]<\/p>\n","protected":false},"author":69,"featured_media":0,"parent":33291,"menu_order":0,"comment_status":"closed","ping_status":"closed","template":"","meta":{"_et_pb_use_builder":"","_et_pb_old_content":"","_et_gb_content_width":"","footnotes":""},"class_list":["post-28498","page","type-page","status-publish","hentry"],"jetpack_sharing_enabled":true,"jetpack_shortlink":"https:\/\/wp.me\/PdaBmi-7pE","jetpack_likes_enabled":true,"_links":{"self":[{"href":"https:\/\/www.claret.org\/fr\/wp-json\/wp\/v2\/pages\/28498","targetHints":{"allow":["GET"]}}],"collection":[{"href":"https:\/\/www.claret.org\/fr\/wp-json\/wp\/v2\/pages"}],"about":[{"href":"https:\/\/www.claret.org\/fr\/wp-json\/wp\/v2\/types\/page"}],"author":[{"embeddable":true,"href":"https:\/\/www.claret.org\/fr\/wp-json\/wp\/v2\/users\/69"}],"replies":[{"embeddable":true,"href":"https:\/\/www.claret.org\/fr\/wp-json\/wp\/v2\/comments?post=28498"}],"version-history":[{"count":0,"href":"https:\/\/www.claret.org\/fr\/wp-json\/wp\/v2\/pages\/28498\/revisions"}],"up":[{"embeddable":true,"href":"https:\/\/www.claret.org\/fr\/wp-json\/wp\/v2\/pages\/33291"}],"wp:attachment":[{"href":"https:\/\/www.claret.org\/fr\/wp-json\/wp\/v2\/media?parent=28498"}],"curies":[{"name":"wp","href":"https:\/\/api.w.org\/{rel}","templated":true}]}}

Fecha: 5 de Novembre &#8211; CONMEMORAISON DES DÉFUNTS DE LA CONGRÉATION, DES MEMBRES DE NOS FAMILLES ET DES BIENFAITEURS

<div style="text-align: justify;">Nous nous souvenons, en ce jour de novembre, de tous ceux qui nous ont quittés et qui nous sont unis par des liens de chair, de foi, de vocation, d’amitié, de travail, de proximité, de charité. Leur départ nous laisse, irrémédiablement, dans l’âme un sentiment profond de solitude et de douleur. C’est l’expérience que Gabriel Marcel comprit parfaitement quand il disait avec finesse que « le vrai problème n’est pas ma mort, mais celle des êtres qui nous sont chers ». Et c’est vrai : mourir, c’est simplement mourir ; mais voir mourir ceux que nous aimons, c’est une mutilation pour laquelle la nature humaine n’est pas préparée.</div>
<div style="text-align: justify;"></div>
<div style="text-align: justify;">Les Costitutions de 1971, avant de prescrire les suffrages, consignaient,  avec des mots bien simples, un vrai hommage de charité envers ceux qui nous ont précédés. Le texte, bien que condensé dans la version de 1982, mérite bien d’être rappelé :  « Nos frères qui, après avoir travaillé dans la vigne du Seigneur, reposent en Jésus-Christ en attendant sa venue et la résurrection, continuent d’être unis, par un lien intime de charité, avec nous, qui sommes encore des pèlerins. C’est pourquoi, nous devons prier Dieu pour eux et honorer leurs corps qui furent des vases d’élection ».</div>
<div style="text-align: justify;"></div>
<div style="text-align: justify;">Le jour de la commémoraison des défunts fait converger nos pensées particulièrement sur nos frères qui, après avoir quitté ce monde, attendent d’arriver à la plénitude de leur union avec Dieu. Nous savons que notre communion avec ces frères ne s’est pas interrompu avec la mort. Nous ne les oublions pas après notre au revoir dans la liturgie des funérailles. Ils entrent dans le mystère de Dieu. Avec l’Église, nous prions pour eux. Notre intercession pour nos frères défunts -clarétains, familiers et bienfaiteurs- actualise notre amour envers eux dans la foi en Dieu Sauveur. En notre intercession, nous faisons mémoire d’eux devant Dieu et nous établissons une mystérieuse solidarité et communion, nous renouvelons notre amitié et nous éprouvons l’espérance et la consolation.</div>

<p>Nous nous souvenons, en ce jour de novembre, de tous ceux qui nous ont quittés et qui nous sont unis par des liens de chair, de foi, de vocation, d’amitié, de travail, de proximité, de charité. Leur départ nous laisse, irrémédiablement, dans l’âme un sentiment profond de solitude et de douleur. C’est l’expérience que Gabriel [&hellip;]</p>
