{"id":28578,"date":"2018-09-06T11:22:01","date_gmt":"2018-09-06T09:22:01","guid":{"rendered":"https:\/\/www.claret.org\/fecha-23-de-decembre-naissance-de-saint-antoine-marie-claret\/"},"modified":"2018-09-06T11:22:01","modified_gmt":"2018-09-06T09:22:01","slug":"fecha-23-de-decembre-naissance-de-saint-antoine-marie-claret","status":"publish","type":"page","link":"https:\/\/www.claret.org\/fr\/calendrier\/fecha-23-de-decembre-naissance-de-saint-antoine-marie-claret\/","title":{"rendered":"Fecha: 23 de D\u00e9cembre &#8211; NAISSANCE DE SAINT ANTOINE-MARIE CLARET"},"content":{"rendered":"<p style=\"text-align: justify;\"><img data-recalc-dims=\"1\" loading=\"lazy\" decoding=\"async\" class=\"alignleft\" title=\"\" src=\"https:\/\/i0.wp.com\/www2.claret.org\/sites\/default\/files\/imagenes\/espiritualidad\/calendario\/73--nacimiento_de_clarett.jpg?resize=191%2C281\" alt=\"\" width=\"191\" height=\"281\"><\/p>\n<div>\n<div style=\"text-align: justify;\">Le 24 octobre, anniversaire de la mort de notre Fondateur, nous c\u00e9l\u00e9brons avec l\u2019\u00c9glise sa f\u00eate ou m\u00e9moire, qui pour notre Congr\u00e9gation rev\u00eat le rang de solennit\u00e9 liurgique. Aujourd\u2019hui, le 23 d\u00e9cembre, nous faisons m\u00e9moire de sa naissance dans ce monde, ce qui est pour nous une occasion de nous r\u00e9jouir et de rendre gr\u00e2ce \u00e0 Dieu, parce que, avec la vie de notre Fondateur, il nous a accord\u00e9 tant d\u2019autres dons, sp\u00e9cialement celui de la communion avec son esprit apostolique, que nous exprimons avec la phrase n\u00e9 pour \u00e9vang\u00e9liser.<\/div>\n<div style=\"text-align: justify;\"><\/div>\n<div style=\"text-align: justify;\">Antoine Claret est n\u00e9 \u00e0 Sallent (Barcelone \u2013 Espagne) le 23 d\u00e9cembre 1807. Cette date  est retenue par l\u2019opinion la plus commune, car le Fondateur ne pr\u00e9cise pas le jour exact et nous n\u2019avons pas une possibilit\u00e9 de le v\u00e9rifier. Il fut baptis\u00e9 tr\u00e8s t\u00f4t, selon la coutume de cette \u00e9poque, le jour m\u00eame de No\u00ebl. \u00ab On me donna les noms d\u2019Antoine, Adjutor et Jean \u00bb (Aut 5). Lui m\u00eame nous indique le pourquoi de ces noms, rattach\u00e9s \u00e0 des r\u00e9f\u00e9rences strictement familiales. Le nom de Marie, c\u2019est Claret lui-m\u00eame qui l\u2019a choisi, \u00e0 l\u2019occasion de sa cons\u00e9cration \u00e9piscopale, \u00e0 cause de sa d\u00e9votion envers la Vierge Marie, \u00ab car Elle est, nous dit-il, ma m\u00e8re, ma marraine, ma ma\u00eetresse, ma directrice  et mon tout apr\u00e8s J\u00e9sus \u00bb (cf. Aut 5).<\/div>\n<div style=\"text-align: justify;\"><\/div>\n<div style=\"text-align: justify;\">Apr\u00e8s une heureuse et pieuse enfance, Antoine travailla dans la petite industrie familiale de filatures et tissus, avant de se rendre \u00e0 la capitale catalane comme \u00e9tudiant qui r\u00eavait de se d\u00e9dier d\u00e9finitivement \u00e0 l\u2019industrie textile. Nous connaissons bien les courbes de son itin\u00e9raire. Sa vie s\u2019orienta vers d\u2019autres horizons. Dieu vint \u00e0 sa rencontre et l\u2019apela \u00e0 \u00eatre missionnaire. Mais en faisant aujourd\u2019hui m\u00e9moire de sa naissance, nous sommes int\u00e9ress\u00e9s \u00e0 consid\u00e9rer l\u2019ambiance familiale o\u00f9 se forgea sa vocation apostolique.<\/div>\n<div style=\"text-align: justify;\"><\/div>\n<div style=\"text-align: justify;\">Le climat spirituel qui baigna les ann\u00e9es de son enfance et son adolescence  fut intens\u00e9ment chr\u00e9tien pour son \u00e9poque et son contexte. Le foyer o\u00f9 Antoine a v\u00e9cut son enfance, \u00e9tait vraiment un milieu vraiment \u00e9ducatif o\u00f9 il re\u00e7ut la transmission des valeurs humaines et chr\u00e9tiennes les plus authentiques. Dans cette ambiance, Antoine a acquis de bonnes habitudes et bient\u00f4t surgit en lui l\u2019inclination \u00e0 la pi\u00e9t\u00e9.<\/div>\n<div style=\"text-align: justify;\"><\/div>\n<div style=\"text-align: justify;\">En comm\u00e9morant, en ce jour, la date de sa naissance, nous rendons gr\u00e2ce \u00e0 Dieu pour le don de sa vie missionnaire, commenc\u00e9e \u00e0 Sallent, pr\u00e8s de la rivi\u00e8re Llobregat, et appel\u00e9e \u00e0 d\u00e9boucher dans la mer de tous les continents pour le bien de l\u2019\u00c9glise universelle.<\/div>\n<\/div>\n","protected":false},"excerpt":{"rendered":"<p>Le 24 octobre, anniversaire de la mort de notre Fondateur, nous c\u00e9l\u00e9brons avec l\u2019\u00c9glise sa f\u00eate ou m\u00e9moire, qui pour notre Congr\u00e9gation rev\u00eat le rang de solennit\u00e9 liurgique. Aujourd\u2019hui, le 23 d\u00e9cembre, nous faisons m\u00e9moire de sa naissance dans ce monde, ce qui est pour nous une occasion de nous r\u00e9jouir et de rendre gr\u00e2ce [&hellip;]<\/p>\n","protected":false},"author":69,"featured_media":28566,"parent":33291,"menu_order":0,"comment_status":"closed","ping_status":"closed","template":"","meta":{"_et_pb_use_builder":"","_et_pb_old_content":"","_et_gb_content_width":"","footnotes":""},"class_list":["post-28578","page","type-page","status-publish","has-post-thumbnail","hentry"],"jetpack_sharing_enabled":true,"jetpack_shortlink":"https:\/\/wp.me\/PdaBmi-7qW","jetpack_likes_enabled":true,"_links":{"self":[{"href":"https:\/\/www.claret.org\/fr\/wp-json\/wp\/v2\/pages\/28578","targetHints":{"allow":["GET"]}}],"collection":[{"href":"https:\/\/www.claret.org\/fr\/wp-json\/wp\/v2\/pages"}],"about":[{"href":"https:\/\/www.claret.org\/fr\/wp-json\/wp\/v2\/types\/page"}],"author":[{"embeddable":true,"href":"https:\/\/www.claret.org\/fr\/wp-json\/wp\/v2\/users\/69"}],"replies":[{"embeddable":true,"href":"https:\/\/www.claret.org\/fr\/wp-json\/wp\/v2\/comments?post=28578"}],"version-history":[{"count":0,"href":"https:\/\/www.claret.org\/fr\/wp-json\/wp\/v2\/pages\/28578\/revisions"}],"up":[{"embeddable":true,"href":"https:\/\/www.claret.org\/fr\/wp-json\/wp\/v2\/pages\/33291"}],"wp:featuredmedia":[{"embeddable":true,"href":"https:\/\/www.claret.org\/fr\/wp-json\/wp\/v2\/media\/28566"}],"wp:attachment":[{"href":"https:\/\/www.claret.org\/fr\/wp-json\/wp\/v2\/media?parent=28578"}],"curies":[{"name":"wp","href":"https:\/\/api.w.org\/{rel}","templated":true}]}}

Fecha: 23 de Décembre &#8211; NAISSANCE DE SAINT ANTOINE-MARIE CLARET

<p style="text-align: justify;"><img data-recalc-dims="1" loading="lazy" decoding="async" class="alignleft" title="" src="https://i0.wp.com/www2.claret.org/sites/default/files/imagenes/espiritualidad/calendario/73--nacimiento_de_clarett.jpg?resize=191%2C281" alt="" width="191" height="281"></p>
<div>
<div style="text-align: justify;">Le 24 octobre, anniversaire de la mort de notre Fondateur, nous célébrons avec l’Église sa fête ou mémoire, qui pour notre Congrégation revêt le rang de solennité liurgique. Aujourd’hui, le 23 décembre, nous faisons mémoire de sa naissance dans ce monde, ce qui est pour nous une occasion de nous réjouir et de rendre grâce à Dieu, parce que, avec la vie de notre Fondateur, il nous a accordé tant d’autres dons, spécialement celui de la communion avec son esprit apostolique, que nous exprimons avec la phrase né pour évangéliser.</div>
<div style="text-align: justify;"></div>
<div style="text-align: justify;">Antoine Claret est né à Sallent (Barcelone – Espagne) le 23 décembre 1807. Cette date  est retenue par l’opinion la plus commune, car le Fondateur ne précise pas le jour exact et nous n’avons pas une possibilité de le vérifier. Il fut baptisé très tôt, selon la coutume de cette époque, le jour même de Noël. « On me donna les noms d’Antoine, Adjutor et Jean » (Aut 5). Lui même nous indique le pourquoi de ces noms, rattachés à des références strictement familiales. Le nom de Marie, c’est Claret lui-même qui l’a choisi, à l’occasion de sa consécration épiscopale, à cause de sa dévotion envers la Vierge Marie, « car Elle est, nous dit-il, ma mère, ma marraine, ma maîtresse, ma directrice  et mon tout après Jésus » (cf. Aut 5).</div>
<div style="text-align: justify;"></div>
<div style="text-align: justify;">Après une heureuse et pieuse enfance, Antoine travailla dans la petite industrie familiale de filatures et tissus, avant de se rendre à la capitale catalane comme étudiant qui rêvait de se dédier définitivement à l’industrie textile. Nous connaissons bien les courbes de son itinéraire. Sa vie s’orienta vers d’autres horizons. Dieu vint à sa rencontre et l’apela à être missionnaire. Mais en faisant aujourd’hui mémoire de sa naissance, nous sommes intéressés à considérer l’ambiance familiale où se forgea sa vocation apostolique.</div>
<div style="text-align: justify;"></div>
<div style="text-align: justify;">Le climat spirituel qui baigna les années de son enfance et son adolescence  fut intensément chrétien pour son époque et son contexte. Le foyer où Antoine a vécut son enfance, était vraiment un milieu vraiment éducatif où il reçut la transmission des valeurs humaines et chrétiennes les plus authentiques. Dans cette ambiance, Antoine a acquis de bonnes habitudes et bientôt surgit en lui l’inclination à la piété.</div>
<div style="text-align: justify;"></div>
<div style="text-align: justify;">En commémorant, en ce jour, la date de sa naissance, nous rendons grâce à Dieu pour le don de sa vie missionnaire, commencée à Sallent, près de la rivière Llobregat, et appelée à déboucher dans la mer de tous les continents pour le bien de l’Église universelle.</div>
</div>

<p>Le 24 octobre, anniversaire de la mort de notre Fondateur, nous célébrons avec l’Église sa fête ou mémoire, qui pour notre Congrégation revêt le rang de solennité liurgique. Aujourd’hui, le 23 décembre, nous faisons mémoire de sa naissance dans ce monde, ce qui est pour nous une occasion de nous réjouir et de rendre grâce [&hellip;]</p>
