{"id":118035,"date":"2022-03-22T09:33:43","date_gmt":"2022-03-22T08:33:43","guid":{"rendered":"https:\/\/www.claret.org\/tratti-carismatici\/"},"modified":"2022-04-05T21:45:58","modified_gmt":"2022-04-05T19:45:58","slug":"tratti-carismatici","status":"publish","type":"page","link":"https:\/\/www.claret.org\/it\/tratti-carismatici\/","title":{"rendered":"Tratti carismatici"},"content":{"rendered":"<p>[et_pb_section fb_built=&#8221;1&#8243; fullwidth=&#8221;on&#8221; theme_builder_area=&#8221;post_content&#8221; _builder_version=&#8221;4.15.1&#8243; _module_preset=&#8221;default&#8221;][et_pb_fullwidth_header title=&#8221;@ET-DC@eyJkeW5hbWljIjp0cnVlLCJjb250ZW50IjoicG9zdF90aXRsZSIsInNldHRpbmdzIjp7ImJlZm9yZSI6IiIsImFmdGVyIjoiIn19@&#8221; _builder_version=&#8221;4.15.1&#8243; _module_preset=&#8221;default&#8221; theme_builder_area=&#8221;post_content&#8221; _dynamic_attributes=&#8221;title&#8221; background_color=&#8221;#ff9838&#8243; title_text_shadow_style=&#8221;preset2&#8243; hover_enabled=&#8221;0&#8243; sticky_enabled=&#8221;0&#8243;][\/et_pb_fullwidth_header][\/et_pb_section][et_pb_section fb_built=&#8221;1&#8243; theme_builder_area=&#8221;post_content&#8221; _builder_version=&#8221;4.15.1&#8243; _module_preset=&#8221;default&#8221;][et_pb_row _builder_version=&#8221;4.15.1&#8243; _module_preset=&#8221;default&#8221; theme_builder_area=&#8221;post_content&#8221;][et_pb_column _builder_version=&#8221;4.15.1&#8243; _module_preset=&#8221;default&#8221; type=&#8221;4_4&#8243; theme_builder_area=&#8221;post_content&#8221;][et_pb_text _builder_version=&#8221;4.15.1&#8243; _module_preset=&#8221;default&#8221; theme_builder_area=&#8221;post_content&#8221; text_font_size=&#8221;16px&#8221; text_text_color=&#8221;#000000&#8243; header_font=&#8221;|600|||||||&#8221; hover_enabled=&#8221;0&#8243; sticky_enabled=&#8221;0&#8243;]<\/p>\n<h1>Siamo missionari! <\/h1>\n<p>La missione appartiene al nucleo della nostra identit\u00e0 pi\u00f9 fondamentale. Abbiamo ricevuto dallo Spirito un carisma che ci conforma a Ges\u00f9 e ci rende come gli apostoli, in una comunione di vita, totalmente dedicati al Padre e al Regno (cfr. CC 3-4). Centocinquanta anni fa, la nostra comunit\u00e0 clarettiana ha vissuto una grande gioia quando la Chiesa ha approvato le nostre Costituzioni e ha riconosciuto, con gioia, che la nostra Congregazione di Missionari \u00e8 un dono dello Spirito. Anche oggi, con grande gioia, proclamiamo con gratitudine con Maria la grandezza del Signore.<\/p>\n<p>&nbsp;<\/p>\n<h1>Missionari &#8216;con spirito&#8217;<\/h1>\n<p>.<\/p>\n<p>Siamo stati graziati con una spiritualit\u00e0 particolare, ereditata da Sant&#8217;Antonio Maria Claret e dalla nostra ricca tradizione. Come figli del Cuore di Maria, siamo chiamati ad essere uomini aperti allo Spirito, guidati da lui e sempre docili alle sue mozioni; uomini ardenti d&#8217;amore.<\/p>\n<p>&nbsp;<\/p>\n<h1>Ascoltatori e servitori della Parola di Dio<\/h1>\n<p>.<\/p>\n<p>La nostra eredit\u00e0 carismatica ci definisce come &#8220;uditori e servitori della Parola&#8221;. Siamo nella Chiesa e nella societ\u00e0 un&#8217;eco di Claret (cfr. Aut 686), un appassionato ministro del Vangelo in stagione e fuori stagione, usando tutti i mezzi a sua disposizione. Noi, come Maria, come figli del suo Cuore, vogliamo accogliere e meditare la Parola nel nostro cuore e proclamarla con passione.<\/p>\n<p>&nbsp;<\/p>\n<h1>Missionari in comunit\u00e0<\/h1>\n<p>.<\/p>\n<p>Come testimoni e messaggeri della gioia del Vangelo, in comunit\u00e0 apostolica, cerchiamo una visione comune nell&#8217;affrontare le periferie umane che ci sfidano in ogni luogo ad avere un atteggiamento missionario.<\/p>\n<p>&nbsp;<\/p>\n<h1> Inviato ad evangelizzare ascoltando i poveri<\/h1>\n<p>.<\/p>\n<p>Non si pu\u00f2 essere clarettiani se ci si comporta come se i poveri non esistessero. N\u00e9 si pu\u00f2 essere clarettiani se non si denunciano le strutture ingiuste, non si lotta contro il sistema che soggioga i poveri e non si propongono alternative.<\/p>\n<p>&nbsp;<\/p>\n<h1>Con tutta la Chiesa e con coloro che cercano la trasformazione del mondo<\/h1>\n<p>.<\/p>\n<p>Per la nostra Congregazione la dimensione di &#8220;evangelizzare con gli altri&#8221;, la moltiplicazione dei leader evangelizzatori e la missione condivisa \u00e8 una caratteristica carismatica indispensabile (cfr. CC 3, 7, 48) che comprendiamo e realizziamo in vari modi.<\/p>\n<p>&nbsp;<\/p>\n<h1>Aperto a tutti nel dialogo profetico<\/h1>\n<p>.<\/p>\n<p>Il dialogo assume diverse forme: dialogo come presenza &#8211; vivere piuttosto che fare; dialogo interreligioso e interculturale che promuove la pace e la riconciliazione; dialogo con la creazione che porta alla conversione ecologica. In questo dialogo viviamo l&#8217;annuncio e la denuncia che fa parte della profezia, un dialogo che estendiamo anche al nuovo continente digitale e alle nuove generazioni di giovani per evangelizzare ed essere evangelizzati. Siamo uomini in fiamme d&#8217;amore (carit\u00e0) e &#8220;il dialogo \u00e8 il nuovo nome della carit\u00e0&#8221; (VC 74).<\/p>\n<p>[\/et_pb_text][\/et_pb_column][\/et_pb_row][\/et_pb_section]<\/p>\n","protected":false},"excerpt":{"rendered":"<p>Siamo missionari! La missione appartiene al nucleo della nostra identit\u00e0 pi\u00f9 fondamentale. Abbiamo ricevuto dallo Spirito un carisma che ci conforma a Ges\u00f9 e ci rende come gli apostoli, in una comunione di vita, totalmente dedicati al Padre e al Regno (cfr. CC 3-4). Centocinquanta anni fa, la nostra comunit\u00e0 clarettiana ha vissuto una grande [&hellip;]<\/p>\n","protected":false},"author":2,"featured_media":85941,"parent":0,"menu_order":0,"comment_status":"closed","ping_status":"closed","template":"","meta":{"_et_pb_use_builder":"on","_et_pb_old_content":"","_et_gb_content_width":"","footnotes":""},"class_list":["post-118035","page","type-page","status-publish","has-post-thumbnail","hentry"],"jetpack_sharing_enabled":true,"jetpack_shortlink":"https:\/\/wp.me\/PdaBmi-uHN","jetpack_likes_enabled":true,"_links":{"self":[{"href":"https:\/\/www.claret.org\/it\/wp-json\/wp\/v2\/pages\/118035","targetHints":{"allow":["GET"]}}],"collection":[{"href":"https:\/\/www.claret.org\/it\/wp-json\/wp\/v2\/pages"}],"about":[{"href":"https:\/\/www.claret.org\/it\/wp-json\/wp\/v2\/types\/page"}],"author":[{"embeddable":true,"href":"https:\/\/www.claret.org\/it\/wp-json\/wp\/v2\/users\/2"}],"replies":[{"embeddable":true,"href":"https:\/\/www.claret.org\/it\/wp-json\/wp\/v2\/comments?post=118035"}],"version-history":[{"count":0,"href":"https:\/\/www.claret.org\/it\/wp-json\/wp\/v2\/pages\/118035\/revisions"}],"wp:featuredmedia":[{"embeddable":true,"href":"https:\/\/www.claret.org\/it\/wp-json\/wp\/v2\/media\/85941"}],"wp:attachment":[{"href":"https:\/\/www.claret.org\/it\/wp-json\/wp\/v2\/media?parent=118035"}],"curies":[{"name":"wp","href":"https:\/\/api.w.org\/{rel}","templated":true}]}}

<p>[et_pb_section fb_built=&#8221;1&#8243; fullwidth=&#8221;on&#8221; theme_builder_area=&#8221;post_content&#8221; _builder_version=&#8221;4.15.1&#8243; _module_preset=&#8221;default&#8221;][et_pb_fullwidth_header title=&#8221;@ET-DC@eyJkeW5hbWljIjp0cnVlLCJjb250ZW50IjoicG9zdF90aXRsZSIsInNldHRpbmdzIjp7ImJlZm9yZSI6IiIsImFmdGVyIjoiIn19@&#8221; _builder_version=&#8221;4.15.1&#8243; _module_preset=&#8221;default&#8221; theme_builder_area=&#8221;post_content&#8221; _dynamic_attributes=&#8221;title&#8221; background_color=&#8221;#ff9838&#8243; title_text_shadow_style=&#8221;preset2&#8243; hover_enabled=&#8221;0&#8243; sticky_enabled=&#8221;0&#8243;][/et_pb_fullwidth_header][/et_pb_section][et_pb_section fb_built=&#8221;1&#8243; theme_builder_area=&#8221;post_content&#8221; _builder_version=&#8221;4.15.1&#8243; _module_preset=&#8221;default&#8221;][et_pb_row _builder_version=&#8221;4.15.1&#8243; _module_preset=&#8221;default&#8221; theme_builder_area=&#8221;post_content&#8221;][et_pb_column _builder_version=&#8221;4.15.1&#8243; _module_preset=&#8221;default&#8221; type=&#8221;4_4&#8243; theme_builder_area=&#8221;post_content&#8221;][et_pb_text _builder_version=&#8221;4.15.1&#8243; _module_preset=&#8221;default&#8221; theme_builder_area=&#8221;post_content&#8221; text_font_size=&#8221;16px&#8221; text_text_color=&#8221;#000000&#8243; header_font=&#8221;|600|||||||&#8221; hover_enabled=&#8221;0&#8243; sticky_enabled=&#8221;0&#8243;]</p>
<h1>Siamo missionari! </h1>
<p>La missione appartiene al nucleo della nostra identità più fondamentale. Abbiamo ricevuto dallo Spirito un carisma che ci conforma a Gesù e ci rende come gli apostoli, in una comunione di vita, totalmente dedicati al Padre e al Regno (cfr. CC 3-4). Centocinquanta anni fa, la nostra comunità clarettiana ha vissuto una grande gioia quando la Chiesa ha approvato le nostre Costituzioni e ha riconosciuto, con gioia, che la nostra Congregazione di Missionari è un dono dello Spirito. Anche oggi, con grande gioia, proclamiamo con gratitudine con Maria la grandezza del Signore.</p>
<p>&nbsp;</p>
<h1>Missionari &#8216;con spirito&#8217;</h1>
<p>.</p>
<p>Siamo stati graziati con una spiritualità particolare, ereditata da Sant&#8217;Antonio Maria Claret e dalla nostra ricca tradizione. Come figli del Cuore di Maria, siamo chiamati ad essere uomini aperti allo Spirito, guidati da lui e sempre docili alle sue mozioni; uomini ardenti d&#8217;amore.</p>
<p>&nbsp;</p>
<h1>Ascoltatori e servitori della Parola di Dio</h1>
<p>.</p>
<p>La nostra eredità carismatica ci definisce come &#8220;uditori e servitori della Parola&#8221;. Siamo nella Chiesa e nella società un&#8217;eco di Claret (cfr. Aut 686), un appassionato ministro del Vangelo in stagione e fuori stagione, usando tutti i mezzi a sua disposizione. Noi, come Maria, come figli del suo Cuore, vogliamo accogliere e meditare la Parola nel nostro cuore e proclamarla con passione.</p>
<p>&nbsp;</p>
<h1>Missionari in comunità</h1>
<p>.</p>
<p>Come testimoni e messaggeri della gioia del Vangelo, in comunità apostolica, cerchiamo una visione comune nell&#8217;affrontare le periferie umane che ci sfidano in ogni luogo ad avere un atteggiamento missionario.</p>
<p>&nbsp;</p>
<h1> Inviato ad evangelizzare ascoltando i poveri</h1>
<p>.</p>
<p>Non si può essere clarettiani se ci si comporta come se i poveri non esistessero. Né si può essere clarettiani se non si denunciano le strutture ingiuste, non si lotta contro il sistema che soggioga i poveri e non si propongono alternative.</p>
<p>&nbsp;</p>
<h1>Con tutta la Chiesa e con coloro che cercano la trasformazione del mondo</h1>
<p>.</p>
<p>Per la nostra Congregazione la dimensione di &#8220;evangelizzare con gli altri&#8221;, la moltiplicazione dei leader evangelizzatori e la missione condivisa è una caratteristica carismatica indispensabile (cfr. CC 3, 7, 48) che comprendiamo e realizziamo in vari modi.</p>
<p>&nbsp;</p>
<h1>Aperto a tutti nel dialogo profetico</h1>
<p>.</p>
<p>Il dialogo assume diverse forme: dialogo come presenza &#8211; vivere piuttosto che fare; dialogo interreligioso e interculturale che promuove la pace e la riconciliazione; dialogo con la creazione che porta alla conversione ecologica. In questo dialogo viviamo l&#8217;annuncio e la denuncia che fa parte della profezia, un dialogo che estendiamo anche al nuovo continente digitale e alle nuove generazioni di giovani per evangelizzare ed essere evangelizzati. Siamo uomini in fiamme d&#8217;amore (carità) e &#8220;il dialogo è il nuovo nome della carità&#8221; (VC 74).</p>
<p>[/et_pb_text][/et_pb_column][/et_pb_row][/et_pb_section]</p>

<p>Siamo missionari! La missione appartiene al nucleo della nostra identità più fondamentale. Abbiamo ricevuto dallo Spirito un carisma che ci conforma a Gesù e ci rende come gli apostoli, in una comunione di vita, totalmente dedicati al Padre e al Regno (cfr. CC 3-4). Centocinquanta anni fa, la nostra comunità clarettiana ha vissuto una grande [&hellip;]</p>
