{"id":28484,"date":"2018-09-06T10:02:42","date_gmt":"2018-09-06T08:02:42","guid":{"rendered":"https:\/\/www.claret.org\/fecha-3-de-novembre-p-giuseppe-xifre-cofondatore-e-superiore-generale\/"},"modified":"2018-09-06T10:02:42","modified_gmt":"2018-09-06T08:02:42","slug":"fecha-3-de-novembre-p-giuseppe-xifre-cofondatore-e-superiore-generale","status":"publish","type":"page","link":"https:\/\/www.claret.org\/it\/effemeridi\/fecha-3-de-novembre-p-giuseppe-xifre-cofondatore-e-superiore-generale\/","title":{"rendered":"Fecha: 3 de Novembre &#8211; P. GIUSEPPE XIFR\u00c9 Cofondatore e Superiore Generale"},"content":{"rendered":"<div style=\"text-align: justify;\">Nacque a Vic (Barcellona \u2013 Spagna) il 18 febbraio 1817. Entr\u00f2 nel seminario della sua citt\u00e0 natale nel 1829. Ricevette l\u2019ordinazione sacerdotale a Roma il 16 febbraio 1840. Fu uno dei cofondatori della Congregazione dei Missionari Clarettiani e Superiore Generale, eletto il 1 maggio 1858 e rieletto nei Capitoli Generale del 1864, 1876, 1888. Uomo dal cuore generoso e retto, fu mosso da un idealismo nobilissimo accompagnato da una energia e impegno straordinari. La sua intelligenza fu sempre al servizio della fede, la sua volont\u00e0 al servizio della virt\u00f9 e il suo cuore al servizio dell\u2019ideale. Fu un uomo di fede profonda e un innamorato della<\/div>\n<p style=\"text-align: justify;\"><img data-recalc-dims=\"1\" loading=\"lazy\" decoding=\"async\" class=\"alignleft\" title=\"\" src=\"https:\/\/i0.wp.com\/www2.claret.org\/sites\/default\/files\/imagenes\/espiritualidad\/calendario\/67-xifr.jpg?resize=240%2C320\" alt=\"\" width=\"240\" height=\"320\"><\/p>\n<div style=\"text-align: justify;\">Congregazione e della Chiesa.<\/div>\n<div style=\"text-align: justify;\"><\/div>\n<div style=\"text-align: justify;\">Direttore spirituale del P. Fondatore si confront\u00f2 continuamente con lui dal 1858 sino alla morte del Santo per chiedergli consiglio su numerosi argomenti della Congregazione. Il P. Xifr\u00e9 ordin\u00f2 a Claret di scrivere la sua Autobiografia (cf. Aut 1), documento di fondamentale importanza per conoscere la vita del santo e lo spirito clarettiano. Dopo una vita missionaria intensa nel governo della Congregazione mor\u00ec santamente a Cervera (Lleida \u2013 Spagna) il 3 novembre 1899. Lasci\u00f2 un\u2019impronta profonda per il futuro della Congregazione dopo aver lavorato instancabilmente per la sua espansione e sviluppo.<\/div>\n<div style=\"text-align: justify;\"><\/div>\n<div style=\"text-align: justify;\">Oltre alle sue numerose circolari, pubblic\u00f2 il Cleri socius (1867), l\u2019Esp\u00edritu de la Congregaci\u00f3n de los Misioneros Hijos del Inmaculado Coraz\u00f3n de Mar\u00eda (1892), El auxiliar de los Misioneros (1892-1893) e un trattato su La gracia divina (1899). Durante il sua generalato si inizi\u00f2 la pubblicazione del Bolet\u00edn Religioso, che poi si cambi\u00f2 in Anales de la Congregaci\u00f3n e anche la rivista mariana El Iris de Paz o El Inmaculado Coraz\u00f3n de Mar\u00eda, che aveva iniziato come Bolet\u00edn del Coraz\u00f3n de Mar\u00eda.<\/div>\n<div style=\"text-align: justify;\"><\/div>\n<div style=\"text-align: justify;\">Una delle  sue grandi preoccupazioni fu quella di stimolare la fedelt\u00e0 alla vocazione e l\u2019amore alla Congregazione. Nella circolare Ser fieles a la vocaci\u00f3n e nel citato Esp\u00edritu de la Congregaci\u00f3n esorta a questo e offre orientamenti per aiutare i fratelli a superare alcune difficolt\u00e0 vocazionali.<\/div>\n<div style=\"text-align: justify;\"><\/div>\n<div style=\"text-align: justify;\">Il suo governo fu una tappa decisiva nella storia dell\u2019Istituto dei Missionari Figli del Cuore immacolato di Maria; fu molto ricco in iniziative e realizzazioni. L\u2019espansione e il consolidamento dell\u2019Istituto durante questo periodo fu formidabile. Il P. Xifr\u00e9 cominci\u00f2 il suo generalato con una sola casa-missione, composta da dodici membri. Alla sua morte lasci\u00f2 l\u2019Istituto perfettamente organizzato, con una duplice personalit\u00e0 civile e religiosa, con 1.872 membri divisi in 61 case in Spagna, Italia, Portogallo, Guinea Equatoriale, Cile, Messico e Brasile.<\/div>\n","protected":false},"excerpt":{"rendered":"<p>Nacque a Vic (Barcellona \u2013 Spagna) il 18 febbraio 1817. Entr\u00f2 nel seminario della sua citt\u00e0 natale nel 1829. Ricevette l\u2019ordinazione sacerdotale a Roma il 16 febbraio 1840. Fu uno dei cofondatori della Congregazione dei Missionari Clarettiani e Superiore Generale, eletto il 1 maggio 1858 e rieletto nei Capitoli Generale del 1864, 1876, 1888. Uomo [&hellip;]<\/p>\n","protected":false},"author":69,"featured_media":28477,"parent":33289,"menu_order":0,"comment_status":"closed","ping_status":"closed","template":"","meta":{"_et_pb_use_builder":"","_et_pb_old_content":"","_et_gb_content_width":"","footnotes":""},"class_list":["post-28484","page","type-page","status-publish","has-post-thumbnail","hentry"],"jetpack_sharing_enabled":true,"jetpack_shortlink":"https:\/\/wp.me\/PdaBmi-7pq","jetpack_likes_enabled":true,"_links":{"self":[{"href":"https:\/\/www.claret.org\/it\/wp-json\/wp\/v2\/pages\/28484","targetHints":{"allow":["GET"]}}],"collection":[{"href":"https:\/\/www.claret.org\/it\/wp-json\/wp\/v2\/pages"}],"about":[{"href":"https:\/\/www.claret.org\/it\/wp-json\/wp\/v2\/types\/page"}],"author":[{"embeddable":true,"href":"https:\/\/www.claret.org\/it\/wp-json\/wp\/v2\/users\/69"}],"replies":[{"embeddable":true,"href":"https:\/\/www.claret.org\/it\/wp-json\/wp\/v2\/comments?post=28484"}],"version-history":[{"count":0,"href":"https:\/\/www.claret.org\/it\/wp-json\/wp\/v2\/pages\/28484\/revisions"}],"up":[{"embeddable":true,"href":"https:\/\/www.claret.org\/it\/wp-json\/wp\/v2\/pages\/33289"}],"wp:featuredmedia":[{"embeddable":true,"href":"https:\/\/www.claret.org\/it\/wp-json\/wp\/v2\/media\/28477"}],"wp:attachment":[{"href":"https:\/\/www.claret.org\/it\/wp-json\/wp\/v2\/media?parent=28484"}],"curies":[{"name":"wp","href":"https:\/\/api.w.org\/{rel}","templated":true}]}}

Fecha: 3 de Novembre &#8211; P. GIUSEPPE XIFRÉ Cofondatore e Superiore Generale

<div style="text-align: justify;">Nacque a Vic (Barcellona – Spagna) il 18 febbraio 1817. Entrò nel seminario della sua città natale nel 1829. Ricevette l’ordinazione sacerdotale a Roma il 16 febbraio 1840. Fu uno dei cofondatori della Congregazione dei Missionari Clarettiani e Superiore Generale, eletto il 1 maggio 1858 e rieletto nei Capitoli Generale del 1864, 1876, 1888. Uomo dal cuore generoso e retto, fu mosso da un idealismo nobilissimo accompagnato da una energia e impegno straordinari. La sua intelligenza fu sempre al servizio della fede, la sua volontà al servizio della virtù e il suo cuore al servizio dell’ideale. Fu un uomo di fede profonda e un innamorato della</div>
<p style="text-align: justify;"><img data-recalc-dims="1" loading="lazy" decoding="async" class="alignleft" title="" src="https://i0.wp.com/www2.claret.org/sites/default/files/imagenes/espiritualidad/calendario/67-xifr.jpg?resize=240%2C320" alt="" width="240" height="320"></p>
<div style="text-align: justify;">Congregazione e della Chiesa.</div>
<div style="text-align: justify;"></div>
<div style="text-align: justify;">Direttore spirituale del P. Fondatore si confrontò continuamente con lui dal 1858 sino alla morte del Santo per chiedergli consiglio su numerosi argomenti della Congregazione. Il P. Xifré ordinò a Claret di scrivere la sua Autobiografia (cf. Aut 1), documento di fondamentale importanza per conoscere la vita del santo e lo spirito clarettiano. Dopo una vita missionaria intensa nel governo della Congregazione morì santamente a Cervera (Lleida – Spagna) il 3 novembre 1899. Lasciò un’impronta profonda per il futuro della Congregazione dopo aver lavorato instancabilmente per la sua espansione e sviluppo.</div>
<div style="text-align: justify;"></div>
<div style="text-align: justify;">Oltre alle sue numerose circolari, pubblicò il Cleri socius (1867), l’Espíritu de la Congregación de los Misioneros Hijos del Inmaculado Corazón de María (1892), El auxiliar de los Misioneros (1892-1893) e un trattato su La gracia divina (1899). Durante il sua generalato si iniziò la pubblicazione del Boletín Religioso, che poi si cambiò in Anales de la Congregación e anche la rivista mariana El Iris de Paz o El Inmaculado Corazón de María, che aveva iniziato come Boletín del Corazón de María.</div>
<div style="text-align: justify;"></div>
<div style="text-align: justify;">Una delle  sue grandi preoccupazioni fu quella di stimolare la fedeltà alla vocazione e l’amore alla Congregazione. Nella circolare Ser fieles a la vocación e nel citato Espíritu de la Congregación esorta a questo e offre orientamenti per aiutare i fratelli a superare alcune difficoltà vocazionali.</div>
<div style="text-align: justify;"></div>
<div style="text-align: justify;">Il suo governo fu una tappa decisiva nella storia dell’Istituto dei Missionari Figli del Cuore immacolato di Maria; fu molto ricco in iniziative e realizzazioni. L’espansione e il consolidamento dell’Istituto durante questo periodo fu formidabile. Il P. Xifré cominciò il suo generalato con una sola casa-missione, composta da dodici membri. Alla sua morte lasciò l’Istituto perfettamente organizzato, con una duplice personalità civile e religiosa, con 1.872 membri divisi in 61 case in Spagna, Italia, Portogallo, Guinea Equatoriale, Cile, Messico e Brasile.</div>

<p>Nacque a Vic (Barcellona – Spagna) il 18 febbraio 1817. Entrò nel seminario della sua città natale nel 1829. Ricevette l’ordinazione sacerdotale a Roma il 16 febbraio 1840. Fu uno dei cofondatori della Congregazione dei Missionari Clarettiani e Superiore Generale, eletto il 1 maggio 1858 e rieletto nei Capitoli Generale del 1864, 1876, 1888. Uomo [&hellip;]</p>
