{"id":28558,"date":"2018-09-06T10:46:42","date_gmt":"2018-09-06T08:46:42","guid":{"rendered":"https:\/\/www.claret.org\/fecha-8-de-dicembre-immacolata-concezione-della-beata-vergine-maria\/"},"modified":"2018-09-06T10:46:42","modified_gmt":"2018-09-06T08:46:42","slug":"fecha-8-de-dicembre-immacolata-concezione-della-beata-vergine-maria","status":"publish","type":"page","link":"https:\/\/www.claret.org\/it\/effemeridi\/fecha-8-de-dicembre-immacolata-concezione-della-beata-vergine-maria\/","title":{"rendered":"Fecha: 8 de Dicembre &#8211; IMMACOLATA CONCEZIONE DELLA BEATA VERGINE MARIA"},"content":{"rendered":"<p style=\"text-align: justify;\"><img data-recalc-dims=\"1\" loading=\"lazy\" decoding=\"async\" class=\"alignleft\" title=\"\" src=\"https:\/\/i0.wp.com\/www2.claret.org\/sites\/default\/files\/imagenes\/espiritualidad\/calendario\/72-inmaculada_palacio_de_la_granja.jpg?resize=225%2C348\" alt=\"\" width=\"225\" height=\"348\"><\/p>\n<div style=\"text-align: justify;\">Celebriamo oggi la solennit\u00e0 dell\u2019Immacolata Concezione della Beata Vergine Maria. I primi indizi di questa festa risalgono al secolo VII, in Oriente, in conformit\u00e0 a una tradizione che sosteneva la fede nell\u2019immunit\u00e0 da ogni macchia di peccato della Madre del Signore. In Occidente, invece, la festa inizi\u00f2 a essere celebrata in modo ufficiale a partire dal 1476, come appare nel calendario liturgico romano. Gi\u00e0 secoli prima, mentre i teologi discutevano del tema della preservazione di Maria da ogni macchia di peccato originale, andava crescendo nel popolo cristiano la convinzione di una cos\u00ec grande prerogativa donata da Dio alla Madre del suo Figlio. Venne proclamata come dogma l\u20198 dicembre 1854. Il Papa Pio IX proclam\u00f2 nella bolla Ineffabilis Deus che Maria, in previsione dei meriti di Cristo, fu preservata da ogni peccato.<\/div>\n<div style=\"text-align: justify;\"><\/div>\n<div style=\"text-align: justify;\">Questa solennit\u00e0 liturgica si celebra in Avvento, come un invito a contemplare la figura di Maria, la piena di grazia, prima di contemplare l\u2019integrit\u00e0 del mistero di Betlemme. Nei testi biblici dell\u2019Avvento e nella stessa solennit\u00e0 possiamo fondare la comprensione del dogma dell\u2019Immacolata Concezione e inquadrare meglio la sua figura nella visione globale del mistero cristiano.<\/div>\n<div style=\"text-align: justify;\"><\/div>\n<div style=\"text-align: justify;\">Proprio per questo, come clarettiani, oggi \u00e8 doveroso ricordare che l\u2019aggettivo immacolato \u00e8 quello che fa parte del nome ufficiale del nostro istituto religioso e precisamente \u00e8 quello che si applica al Cuore di Maria: \u00abCi chiamiamo Figli del Cuore Immacolato della Beata Vergine Maria o Missionari Clarettiani\u00bb (CC 1). \u00c8 importante comprendere bene la portata carismatica di questo termine, ci\u00f2 che significa per il nostro Fondatore e ci\u00f2 che deve rappresentare noi stessi.<\/div>\n<div style=\"text-align: justify;\">Per sant\u2019Antonio Maria Claret il fatto dell\u2019Immacolata Concezione ha una duplice dimensione: personale e sociale. Lo comprende, certamente, come pienezza di grazia e preservazione da ogni peccato, ma intuisce in questo fatto di grazia una dimensione apostolica speciale: contempla il piano di Dio che vincendo il serpente e la sua discendenza per mezzo della Donna e la sua discendenza. Per Claret la Donna \u00e8 Maria e la sua discendenza sono tutti i suoi figli, specialmente i missionari (cf. Aut 686-687).<\/div>\n<div style=\"text-align: justify;\"><\/div>\n<div style=\"text-align: justify;\">Claret contempla il mistero dell\u2019Immacolata con un significato apostolico di lotta. Pi\u00f9 che un mistero di bellezza, l\u2019Immacolata \u00e8, per lui, la vincitrice di Satana, che deve continuare a combattere e a vincere nella sua discendenza. E questo \u00e8 anche il significato che ha la presenza di Maria nella nostra Congregazione e nella nostra azione evangelizzatrice. Per i clarettiani, eredi dello spirito di sant\u2019Antonio Maria Claret, Maria Immacolata \u00e8, soprattutto, la Vittoriosa, la Nuova Eva dell\u2019inimicizia con il serpente, la lottatrice contro l\u2019infernale nemico, la grande alleata del combattimento contro il male in tutte le sue forme. In questo giorno, le Religiose di Maria Immacolata (Missionarie Clarettiane) celebrano la loro festa principale.<\/div>\n","protected":false},"excerpt":{"rendered":"<p>Celebriamo oggi la solennit\u00e0 dell\u2019Immacolata Concezione della Beata Vergine Maria. I primi indizi di questa festa risalgono al secolo VII, in Oriente, in conformit\u00e0 a una tradizione che sosteneva la fede nell\u2019immunit\u00e0 da ogni macchia di peccato della Madre del Signore. In Occidente, invece, la festa inizi\u00f2 a essere celebrata in modo ufficiale a partire [&hellip;]<\/p>\n","protected":false},"author":69,"featured_media":28552,"parent":33289,"menu_order":0,"comment_status":"closed","ping_status":"closed","template":"","meta":{"_et_pb_use_builder":"","_et_pb_old_content":"","_et_gb_content_width":"","footnotes":""},"class_list":["post-28558","page","type-page","status-publish","has-post-thumbnail","hentry"],"jetpack_sharing_enabled":true,"jetpack_shortlink":"https:\/\/wp.me\/PdaBmi-7qC","jetpack_likes_enabled":true,"_links":{"self":[{"href":"https:\/\/www.claret.org\/it\/wp-json\/wp\/v2\/pages\/28558","targetHints":{"allow":["GET"]}}],"collection":[{"href":"https:\/\/www.claret.org\/it\/wp-json\/wp\/v2\/pages"}],"about":[{"href":"https:\/\/www.claret.org\/it\/wp-json\/wp\/v2\/types\/page"}],"author":[{"embeddable":true,"href":"https:\/\/www.claret.org\/it\/wp-json\/wp\/v2\/users\/69"}],"replies":[{"embeddable":true,"href":"https:\/\/www.claret.org\/it\/wp-json\/wp\/v2\/comments?post=28558"}],"version-history":[{"count":0,"href":"https:\/\/www.claret.org\/it\/wp-json\/wp\/v2\/pages\/28558\/revisions"}],"up":[{"embeddable":true,"href":"https:\/\/www.claret.org\/it\/wp-json\/wp\/v2\/pages\/33289"}],"wp:featuredmedia":[{"embeddable":true,"href":"https:\/\/www.claret.org\/it\/wp-json\/wp\/v2\/media\/28552"}],"wp:attachment":[{"href":"https:\/\/www.claret.org\/it\/wp-json\/wp\/v2\/media?parent=28558"}],"curies":[{"name":"wp","href":"https:\/\/api.w.org\/{rel}","templated":true}]}}

<p style="text-align: justify;"><img data-recalc-dims="1" loading="lazy" decoding="async" class="alignleft" title="" src="https://i0.wp.com/www2.claret.org/sites/default/files/imagenes/espiritualidad/calendario/72-inmaculada_palacio_de_la_granja.jpg?resize=225%2C348" alt="" width="225" height="348"></p>
<div style="text-align: justify;">Celebriamo oggi la solennità dell’Immacolata Concezione della Beata Vergine Maria. I primi indizi di questa festa risalgono al secolo VII, in Oriente, in conformità a una tradizione che sosteneva la fede nell’immunità da ogni macchia di peccato della Madre del Signore. In Occidente, invece, la festa iniziò a essere celebrata in modo ufficiale a partire dal 1476, come appare nel calendario liturgico romano. Già secoli prima, mentre i teologi discutevano del tema della preservazione di Maria da ogni macchia di peccato originale, andava crescendo nel popolo cristiano la convinzione di una così grande prerogativa donata da Dio alla Madre del suo Figlio. Venne proclamata come dogma l’8 dicembre 1854. Il Papa Pio IX proclamò nella bolla Ineffabilis Deus che Maria, in previsione dei meriti di Cristo, fu preservata da ogni peccato.</div>
<div style="text-align: justify;"></div>
<div style="text-align: justify;">Questa solennità liturgica si celebra in Avvento, come un invito a contemplare la figura di Maria, la piena di grazia, prima di contemplare l’integrità del mistero di Betlemme. Nei testi biblici dell’Avvento e nella stessa solennità possiamo fondare la comprensione del dogma dell’Immacolata Concezione e inquadrare meglio la sua figura nella visione globale del mistero cristiano.</div>
<div style="text-align: justify;"></div>
<div style="text-align: justify;">Proprio per questo, come clarettiani, oggi è doveroso ricordare che l’aggettivo immacolato è quello che fa parte del nome ufficiale del nostro istituto religioso e precisamente è quello che si applica al Cuore di Maria: «Ci chiamiamo Figli del Cuore Immacolato della Beata Vergine Maria o Missionari Clarettiani» (CC 1). È importante comprendere bene la portata carismatica di questo termine, ciò che significa per il nostro Fondatore e ciò che deve rappresentare noi stessi.</div>
<div style="text-align: justify;">Per sant’Antonio Maria Claret il fatto dell’Immacolata Concezione ha una duplice dimensione: personale e sociale. Lo comprende, certamente, come pienezza di grazia e preservazione da ogni peccato, ma intuisce in questo fatto di grazia una dimensione apostolica speciale: contempla il piano di Dio che vincendo il serpente e la sua discendenza per mezzo della Donna e la sua discendenza. Per Claret la Donna è Maria e la sua discendenza sono tutti i suoi figli, specialmente i missionari (cf. Aut 686-687).</div>
<div style="text-align: justify;"></div>
<div style="text-align: justify;">Claret contempla il mistero dell’Immacolata con un significato apostolico di lotta. Più che un mistero di bellezza, l’Immacolata è, per lui, la vincitrice di Satana, che deve continuare a combattere e a vincere nella sua discendenza. E questo è anche il significato che ha la presenza di Maria nella nostra Congregazione e nella nostra azione evangelizzatrice. Per i clarettiani, eredi dello spirito di sant’Antonio Maria Claret, Maria Immacolata è, soprattutto, la Vittoriosa, la Nuova Eva dell’inimicizia con il serpente, la lottatrice contro l’infernale nemico, la grande alleata del combattimento contro il male in tutte le sue forme. In questo giorno, le Religiose di Maria Immacolata (Missionarie Clarettiane) celebrano la loro festa principale.</div>

<p>Celebriamo oggi la solennità dell’Immacolata Concezione della Beata Vergine Maria. I primi indizi di questa festa risalgono al secolo VII, in Oriente, in conformità a una tradizione che sosteneva la fede nell’immunità da ogni macchia di peccato della Madre del Signore. In Occidente, invece, la festa iniziò a essere celebrata in modo ufficiale a partire [&hellip;]</p>
