{"id":802,"date":"2021-03-21T18:15:51","date_gmt":"2021-03-21T17:15:51","guid":{"rendered":"https:\/\/claret.org\/postulgen\/?page_id=802"},"modified":"2023-04-08T16:51:14","modified_gmt":"2023-04-08T14:51:14","slug":"santantonio-maria-claret","status":"publish","type":"page","link":"https:\/\/www.claret.org\/postulgen\/cause\/santi\/santantonio-maria-claret\/","title":{"rendered":"Sant&#8217;Antonio Maria Claret"},"content":{"rendered":"<p>[et_pb_section fb_built=&#8221;1&#8243; fullwidth=&#8221;on&#8221; _builder_version=&#8221;4.16&#8243; _module_preset=&#8221;default&#8221; global_colors_info=&#8221;{}&#8221;][et_pb_fullwidth_header title=&#8221;@ET-DC@eyJkeW5hbWljIjp0cnVlLCJjb250ZW50IjoicG9zdF90aXRsZSIsInNldHRpbmdzIjp7ImJlZm9yZSI6IiIsImFmdGVyIjoiIn19@&#8221; subhead=&#8221;(1807-1870)&#8221; text_orientation=&#8221;center&#8221; _builder_version=&#8221;4.16&#8243; _dynamic_attributes=&#8221;title&#8221; _module_preset=&#8221;default&#8221; title_font_size=&#8221;43px&#8221; content_font_size=&#8221;20px&#8221; subhead_font_size=&#8221;25px&#8221; subhead_line_height=&#8221;1.3em&#8221; background_color=&#8221;#55748c&#8221; background_image=&#8221;https:\/\/claret.org\/postulgen\/wp-content\/uploads\/2021\/03\/claret.gif&#8221; background_blend=&#8221;multiply&#8221; title_font_size_tablet=&#8221;&#8221; title_font_size_phone=&#8221;&#8221; title_font_size_last_edited=&#8221;on|desktop&#8221; global_colors_info=&#8221;{}&#8221;]<\/p>\n<h1><strong>Nato per Evangelizzare<\/strong><\/h1>\n<p><strong>BEATIFICAZIONE:<\/strong><\/p>\n<p>&#8211; 25 febbraio 1934<\/p>\n<p>&#8211; Papa\u00a0 Pio XI<\/p>\n<p>&nbsp;<\/p>\n<p><strong>CANONIZZAZIONE:<\/strong><br \/>&#8211; 07 maggio 1950<\/p>\n<p>&#8211; Papa\u00a0 Pio XII<\/p>\n<p><strong>\u00a0<\/strong><\/p>\n<p><strong>RICORRENZA:<\/strong><br \/>&#8211; 24 ottobre<\/p>\n<p>&nbsp;<\/p>\n<p>[\/et_pb_fullwidth_header][\/et_pb_section][et_pb_section fb_built=&#8221;1&#8243; admin_label=&#8221;section&#8221; _builder_version=&#8221;4.16&#8243; global_colors_info=&#8221;{}&#8221;][et_pb_row admin_label=&#8221;row&#8221; _builder_version=&#8221;4.16&#8243; background_size=&#8221;initial&#8221; background_position=&#8221;top_left&#8221; background_repeat=&#8221;repeat&#8221; global_colors_info=&#8221;{}&#8221;][et_pb_column type=&#8221;4_4&#8243; _builder_version=&#8221;4.16&#8243; custom_padding=&#8221;|||&#8221; global_colors_info=&#8221;{}&#8221; custom_padding__hover=&#8221;|||&#8221;][et_pb_text admin_label=&#8221;Text&#8221; _builder_version=&#8221;4.16&#8243; header_font=&#8221;Akaya Telivigala||||||||&#8221; header_text_align=&#8221;right&#8221; background_size=&#8221;initial&#8221; background_position=&#8221;top_left&#8221; background_repeat=&#8221;repeat&#8221; global_colors_info=&#8221;{}&#8221;]<\/p>\n<p><strong><u>BIOGRAFIA<\/u><\/strong><\/p>\n<h1><em>\u201cModesto all\u2019apparenza, ma capacissimo di imporre rispetto ai grandi della terra\u2026 e tra tante meraviglie, quale luce soave che tutto illumina, la sua devozione alla Madre di Dio\u201d (Pio XII)<\/em><\/h1>\n<p><strong><\/strong><\/p>\n<p><strong>Antonio Mar\u00eda Claret y Clar\u00e1\u00a0<\/strong>nasce a Sallent, piccolo paese vicino Barcellona, il 23 dicembre 1807, in una famiglia numerosa. Viene educato in maniera profondamente cristiana e si distingue immediatamente per la devozione alla Vergine e all\u2019Eucaristia, ma come in tutte le famiglie numerose, deve dare una mano: cos\u00ec s\u2019impegna nell\u2019attivit\u00e0 di tessitore assieme al padre. Lui, per\u00f2, sa che il suo posto \u00e8 altrove.<\/p>\n<p>Nel 1829 riesce finalmente a entrare nel seminario di Vich. Ordinato sacerdote nel 1835, parte per Roma: la sua idea \u00e8 andare in missione. All\u2019inizio si rivolge a Propaganda Fide, il dicastero vaticano che si occupa delle missioni, ma qui riesce solo a fare un corso di esercizi spirituali con un gesuita che lo indirizza verso la Compagnia di Ges\u00f9.<\/p>\n<p>Entrato nel loro noviziato per\u00f2, a causa di una malattia deve fare ritorno in Spagna, dove trascorre sette anni perfezionandosi nella predicazione attraverso tutta la Catalogna e le Isole Canarie, guadagnandosi anche una certa fama di taumaturgo. In effetti Antonio ha un talento eccezionale per l\u2019arte oratoria e colpisce per la sua vita ascetica priva di sbavature: si presenta sempre a piedi, come un pellegrino, con Bibbia e breviario in mano.<\/p>\n<p>Nel 1849 decide di fondare una nuova Congregazione di missionari, che consacra alla Vergine, i Figli del Cuore Immacolato di Maria, che patiranno molto durante la guerra civile spagnola: 271 di loro, infatti, diventeranno martiri della fede.<\/p>\n<p>E finalmente il suo sogno di andare in missione pu\u00f2 realizzarsi: nominato arcivescovo di Santiago de Cuba \u2013 che allora era sotto la corona spagnola \u2013 vi arriva nel 1851, trovando una diocesi ormai allo sbando a causa della prolungata assenza di una guida: clero scarso e impreparato, seminario in rovina, chiese trascurate. Immediatamente si rimbocca le maniche: celebra un sinodo diocesano, istituisce l\u2019obbligo degli esercizi spirituali per i sacerdoti, richiama i religiosi espulsi dal Paese e soprattutto percorre in lungo e in largo il suo territorio, visitandolo fin negli angoli pi\u00f9 reconditi.<\/p>\n<p>Si occupa anche della povert\u00e0 dilagante ma cos\u00ec facendo si procura anche dei nemici: a Holgu\u00edn \u00e8 ferito in un attentato. A Cuba, inoltre, nel 1855, con l\u2019aiuto della venerabile Maria Antonia Paris, fonda il ramo femminile della Congregazione: le Religiose di Maria Immacolata, ovvero le Missionarie Clarettiane.<\/p>\n<p>Nel 1857 la regina di Spagna richiama a Madrid Antonio che non pu\u00f2 che obbedire. Lo vuole come suo confessore. Essendo cos\u00ec legato alla monarchia spagnola, per\u00f2, ne seguir\u00e0 le sorti: nel 1868 Antonio \u00e8 esiliato con la regina a Parigi, dove prosegue le sue predicazioni.<\/p>\n<p>A Roma partecipa, poi, al Concilio Vaticano I in cui difende l\u2019infallibilit\u00e0 del Pontefice; infine si rifugia nel monastero di Fontfroide, presso Narbona, dove muore il 24 ottobre 1870.\u00a0Le sue spoglie mortali furono trasferite a Vic nel 1897.<\/p>\n<p>[\/et_pb_text][\/et_pb_column][\/et_pb_row][et_pb_row _builder_version=&#8221;4.16&#8243; _module_preset=&#8221;default&#8221; background_color=&#8221;#01568e&#8221; border_width_all=&#8221;10px&#8221; border_color_all=&#8221;#e0e0e0&#8243; box_shadow_style=&#8221;preset2&#8243; global_colors_info=&#8221;{}&#8221;][et_pb_column type=&#8221;4_4&#8243; _builder_version=&#8221;4.16&#8243; _module_preset=&#8221;default&#8221; global_colors_info=&#8221;{}&#8221;][et_pb_text _builder_version=&#8221;4.16&#8243; _module_preset=&#8221;default&#8221; text_text_color=&#8221;#FFFFFF&#8221; text_font_size=&#8221;18px&#8221; global_colors_info=&#8221;{}&#8221;]<\/p>\n<p style=\"text-align: center;\"><strong>Preghiera per ricevere grazie per l\u2019intercessione di Sant\u2019Antonio Maria Claret:<\/strong><\/p>\n<p style=\"text-align: center;\"><em>Signore,<br \/>che hai fatto di S. Antonio Maria Claret, nostro Padre,<br \/>uno zelante apostolo della gloria di Dio e della salvezza degli uomini,<br \/>concedici la stessa carit\u00e0 ardente che infiammava il suo cuore<br \/>affinch\u00e9 continuiamo con intensit\u00e0 ed efficacia<br \/>la sua opera apostolica.<br \/>Fa che i suoi figli si moltiplichino<br \/>per dilatare il Regno del Signore,<br \/>e che nel momento della nostra morte<br \/>meritiamo di essere riconosciuti &#8220;servi fedeli&#8221; di Cristo e del Vangelo.<br \/>Amen.<\/em><a href=\"http:\/\/www.claret.org\/es\/fundadores\/san-antonio-maria-claret\/\"><\/a><\/p>\n<p>[\/et_pb_text][\/et_pb_column][\/et_pb_row][et_pb_row _builder_version=&#8221;4.16&#8243; _module_preset=&#8221;default&#8221; global_colors_info=&#8221;{}&#8221;][et_pb_column type=&#8221;4_4&#8243; _builder_version=&#8221;4.16&#8243; _module_preset=&#8221;default&#8221; global_colors_info=&#8221;{}&#8221;][et_pb_text _builder_version=&#8221;4.20.4&#8243; _module_preset=&#8221;default&#8221; link_text_color=&#8221;#000000&#8243; link_font_size=&#8221;19px&#8221; hover_enabled=&#8221;0&#8243; global_colors_info=&#8221;{}&#8221; sticky_enabled=&#8221;0&#8243;]<\/p>\n<p><a href=\"https:\/\/www.claret.org\/it\/nostra-congregazione\/santantonio-maria-claret\/\"><strong><u>leggi pi\u00f9<\/u><\/strong>\u2026<\/a><\/p>\n<p>[\/et_pb_text][\/et_pb_column][\/et_pb_row][\/et_pb_section]<\/p>\n","protected":false},"excerpt":{"rendered":"<p>Nato per Evangelizzare BEATIFICAZIONE: &#8211; 25 febbraio 1934 &#8211; Papa\u00a0 Pio XI &nbsp; CANONIZZAZIONE:- 07 maggio 1950 &#8211; Papa\u00a0 Pio XII \u00a0 RICORRENZA:- 24 ottobre &nbsp;BIOGRAFIA \u201cModesto all\u2019apparenza, ma capacissimo di imporre rispetto ai grandi della terra\u2026 e tra tante meraviglie, quale luce soave che tutto illumina, la sua devozione alla Madre di Dio\u201d (Pio [&hellip;]<\/p>\n","protected":false},"author":1,"featured_media":212,"parent":57,"menu_order":0,"comment_status":"closed","ping_status":"closed","template":"","meta":{"_et_pb_use_builder":"on","_et_pb_old_content":"<strong><u>BIOGRAFIA<\/u><\/strong>\r\n<h1><em>\u201cModesto all\u2019apparenza, ma capacissimo di imporre rispetto ai grandi della terra\u2026 e tra tante meraviglie, quale luce soave che tutto illumina, la sua devozione alla Madre di Dio\u201d (Pio XII)<\/em><\/h1>\r\n<strong>Antonio Mar\u00eda Claret y Clar\u00e1\u00a0<\/strong>nasce a Sallent, piccolo paese vicino Barcellona, il 23 dicembre 1807, in una famiglia numerosa. Viene educato in maniera profondamente cristiana e si distingue immediatamente per la devozione alla Vergine e all\u2019Eucaristia, ma come in tutte le famiglie numerose, deve dare una mano: cos\u00ec s\u2019impegna nell\u2019attivit\u00e0 di tessitore assieme al padre. Lui, per\u00f2, sa che il suo posto \u00e8 altrove.\r\n\r\nNel 1829 riesce finalmente a entrare nel seminario di Vich. Ordinato sacerdote nel 1835, parte per Roma: la sua idea \u00e8 andare in missione. All\u2019inizio si rivolge a Propaganda Fide, il dicastero vaticano che si occupa delle missioni, ma qui riesce solo a fare un corso di esercizi spirituali con un gesuita che lo indirizza verso la Compagnia di Ges\u00f9.\r\n\r\nEntrato nel loro noviziato per\u00f2, a causa di una malattia deve fare ritorno in Spagna, dove trascorre sette anni perfezionandosi nella predicazione attraverso tutta la Catalogna e le Isole Canarie, guadagnandosi anche una certa fama di taumaturgo. In effetti Antonio ha un talento eccezionale per l\u2019arte oratoria e colpisce per la sua vita ascetica priva di sbavature: si presenta sempre a piedi, come un pellegrino, con Bibbia e breviario in mano.\r\n\r\nNel 1849 decide di fondare una nuova Congregazione di missionari, che consacra alla Vergine, i Figli del Cuore Immacolato di Maria, che patiranno molto durante la guerra civile spagnola: 271 di loro, infatti, diventeranno martiri della fede.\r\n\r\nE finalmente il suo sogno di andare in missione pu\u00f2 realizzarsi: nominato arcivescovo di Santiago de Cuba \u2013 che allora era sotto la corona spagnola \u2013 vi arriva nel 1851, trovando una diocesi ormai allo sbando a causa della prolungata assenza di una guida: clero scarso e impreparato, seminario in rovina, chiese trascurate. Immediatamente si rimbocca le maniche: celebra un sinodo diocesano, istituisce l\u2019obbligo degli esercizi spirituali per i sacerdoti, richiama i religiosi espulsi dal Paese e soprattutto percorre in lungo e in largo il suo territorio, visitandolo fin negli angoli pi\u00f9 reconditi.\r\n\r\nSi occupa anche della povert\u00e0 dilagante ma cos\u00ec facendo si procura anche dei nemici: a Holgu\u00edn \u00e8 ferito in un attentato. A Cuba, inoltre, nel 1855, con l\u2019aiuto della venerabile Maria Antonia Paris, fonda il ramo femminile della Congregazione: le Religiose di Maria Immacolata, ovvero le Missionarie Clarettiane.\r\n\r\nNel 1857 la regina di Spagna richiama a Madrid Antonio che non pu\u00f2 che obbedire. Lo vuole come suo confessore. Essendo cos\u00ec legato alla monarchia spagnola, per\u00f2, ne seguir\u00e0 le sorti: nel 1868 Antonio \u00e8 esiliato con la regina a Parigi, dove prosegue le sue predicazioni.\r\n\r\nA Roma partecipa, poi, al Concilio Vaticano I in cui difende l\u2019infallibilit\u00e0 del Pontefice; infine si rifugia nel monastero di Fontfroide, presso Narbona, dove muore il 24 ottobre 1870.\u00a0Le sue spoglie mortali furono trasferite a Vic nel 1897.\r\n\r\n<strong>Preghiera per ricevere grazie per l\u2019intercessione di Sant\u2019Antonio Maria Claret:<\/strong>\r\n\r\n<em>Signore,\r\nche hai fatto di S. Antonio Maria Claret, nostro Padre,\r\nuno zelante apostolo della gloria di Dio e della salvezza degli uomini,\r\nconcedici la stessa carit\u00e0 ardente che infiammava il suo cuore\r\naffinch\u00e9 continuiamo con intensit\u00e0 ed efficacia\r\nla sua opera apostolica.\r\nFa che i suoi figli si moltiplichino\r\nper dilatare il Regno del Signore,\r\ne che nel momento della nostra morte\r\nmeritiamo di essere riconosciuti \"servi fedeli\" di Cristo e del Vangelo.\r\nAmen.<\/em>\r\n\r\n<a href=\"http:\/\/www.claret.org\/es\/fundadores\/san-antonio-maria-claret\/\"><strong><u>leggi pi\u00f9<\/u><\/strong>\u2026<\/a>","_et_gb_content_width":"","footnotes":""},"class_list":["post-802","page","type-page","status-publish","has-post-thumbnail","hentry"],"jetpack_sharing_enabled":true,"jetpack_shortlink":"https:\/\/wp.me\/PdY6zS-cW","_links":{"self":[{"href":"https:\/\/www.claret.org\/postulgen\/wp-json\/wp\/v2\/pages\/802","targetHints":{"allow":["GET"]}}],"collection":[{"href":"https:\/\/www.claret.org\/postulgen\/wp-json\/wp\/v2\/pages"}],"about":[{"href":"https:\/\/www.claret.org\/postulgen\/wp-json\/wp\/v2\/types\/page"}],"author":[{"embeddable":true,"href":"https:\/\/www.claret.org\/postulgen\/wp-json\/wp\/v2\/users\/1"}],"replies":[{"embeddable":true,"href":"https:\/\/www.claret.org\/postulgen\/wp-json\/wp\/v2\/comments?post=802"}],"version-history":[{"count":13,"href":"https:\/\/www.claret.org\/postulgen\/wp-json\/wp\/v2\/pages\/802\/revisions"}],"predecessor-version":[{"id":1763,"href":"https:\/\/www.claret.org\/postulgen\/wp-json\/wp\/v2\/pages\/802\/revisions\/1763"}],"up":[{"embeddable":true,"href":"https:\/\/www.claret.org\/postulgen\/wp-json\/wp\/v2\/pages\/57"}],"wp:featuredmedia":[{"embeddable":true,"href":"https:\/\/www.claret.org\/postulgen\/wp-json\/wp\/v2\/media\/212"}],"wp:attachment":[{"href":"https:\/\/www.claret.org\/postulgen\/wp-json\/wp\/v2\/media?parent=802"}],"curies":[{"name":"wp","href":"https:\/\/api.w.org\/{rel}","templated":true}]}}

<p>[et_pb_section fb_built=&#8221;1&#8243; fullwidth=&#8221;on&#8221; _builder_version=&#8221;4.16&#8243; _module_preset=&#8221;default&#8221; global_colors_info=&#8221;{}&#8221;][et_pb_fullwidth_header title=&#8221;@ET-DC@eyJkeW5hbWljIjp0cnVlLCJjb250ZW50IjoicG9zdF90aXRsZSIsInNldHRpbmdzIjp7ImJlZm9yZSI6IiIsImFmdGVyIjoiIn19@&#8221; subhead=&#8221;(1807-1870)&#8221; text_orientation=&#8221;center&#8221; _builder_version=&#8221;4.16&#8243; _dynamic_attributes=&#8221;title&#8221; _module_preset=&#8221;default&#8221; title_font_size=&#8221;43px&#8221; content_font_size=&#8221;20px&#8221; subhead_font_size=&#8221;25px&#8221; subhead_line_height=&#8221;1.3em&#8221; background_color=&#8221;#55748c&#8221; background_image=&#8221;https://claret.org/postulgen/wp-content/uploads/2021/03/claret.gif&#8221; background_blend=&#8221;multiply&#8221; title_font_size_tablet=&#8221;&#8221; title_font_size_phone=&#8221;&#8221; title_font_size_last_edited=&#8221;on|desktop&#8221; global_colors_info=&#8221;{}&#8221;]</p>
<h1><strong>Nato per Evangelizzare</strong></h1>
<p><strong>BEATIFICAZIONE:</strong></p>
<p>&#8211; 25 febbraio 1934</p>
<p>&#8211; Papa  Pio XI</p>
<p>&nbsp;</p>
<p><strong>CANONIZZAZIONE:</strong><br />&#8211; 07 maggio 1950</p>
<p>&#8211; Papa  Pio XII</p>
<p><strong> </strong></p>
<p><strong>RICORRENZA:</strong><br />&#8211; 24 ottobre</p>
<p>&nbsp;</p>
<p>[/et_pb_fullwidth_header][/et_pb_section][et_pb_section fb_built=&#8221;1&#8243; admin_label=&#8221;section&#8221; _builder_version=&#8221;4.16&#8243; global_colors_info=&#8221;{}&#8221;][et_pb_row admin_label=&#8221;row&#8221; _builder_version=&#8221;4.16&#8243; background_size=&#8221;initial&#8221; background_position=&#8221;top_left&#8221; background_repeat=&#8221;repeat&#8221; global_colors_info=&#8221;{}&#8221;][et_pb_column type=&#8221;4_4&#8243; _builder_version=&#8221;4.16&#8243; custom_padding=&#8221;|||&#8221; global_colors_info=&#8221;{}&#8221; custom_padding__hover=&#8221;|||&#8221;][et_pb_text admin_label=&#8221;Text&#8221; _builder_version=&#8221;4.16&#8243; header_font=&#8221;Akaya Telivigala||||||||&#8221; header_text_align=&#8221;right&#8221; background_size=&#8221;initial&#8221; background_position=&#8221;top_left&#8221; background_repeat=&#8221;repeat&#8221; global_colors_info=&#8221;{}&#8221;]</p>
<p><strong><u>BIOGRAFIA</u></strong></p>
<h1><em>“Modesto all’apparenza, ma capacissimo di imporre rispetto ai grandi della terra… e tra tante meraviglie, quale luce soave che tutto illumina, la sua devozione alla Madre di Dio” (Pio XII)</em></h1>
<p><strong></strong></p>
<p><strong>Antonio María Claret y Clará </strong>nasce a Sallent, piccolo paese vicino Barcellona, il 23 dicembre 1807, in una famiglia numerosa. Viene educato in maniera profondamente cristiana e si distingue immediatamente per la devozione alla Vergine e all’Eucaristia, ma come in tutte le famiglie numerose, deve dare una mano: così s’impegna nell’attività di tessitore assieme al padre. Lui, però, sa che il suo posto è altrove.</p>
<p>Nel 1829 riesce finalmente a entrare nel seminario di Vich. Ordinato sacerdote nel 1835, parte per Roma: la sua idea è andare in missione. All’inizio si rivolge a Propaganda Fide, il dicastero vaticano che si occupa delle missioni, ma qui riesce solo a fare un corso di esercizi spirituali con un gesuita che lo indirizza verso la Compagnia di Gesù.</p>
<p>Entrato nel loro noviziato però, a causa di una malattia deve fare ritorno in Spagna, dove trascorre sette anni perfezionandosi nella predicazione attraverso tutta la Catalogna e le Isole Canarie, guadagnandosi anche una certa fama di taumaturgo. In effetti Antonio ha un talento eccezionale per l’arte oratoria e colpisce per la sua vita ascetica priva di sbavature: si presenta sempre a piedi, come un pellegrino, con Bibbia e breviario in mano.</p>
<p>Nel 1849 decide di fondare una nuova Congregazione di missionari, che consacra alla Vergine, i Figli del Cuore Immacolato di Maria, che patiranno molto durante la guerra civile spagnola: 271 di loro, infatti, diventeranno martiri della fede.</p>
<p>E finalmente il suo sogno di andare in missione può realizzarsi: nominato arcivescovo di Santiago de Cuba – che allora era sotto la corona spagnola – vi arriva nel 1851, trovando una diocesi ormai allo sbando a causa della prolungata assenza di una guida: clero scarso e impreparato, seminario in rovina, chiese trascurate. Immediatamente si rimbocca le maniche: celebra un sinodo diocesano, istituisce l’obbligo degli esercizi spirituali per i sacerdoti, richiama i religiosi espulsi dal Paese e soprattutto percorre in lungo e in largo il suo territorio, visitandolo fin negli angoli più reconditi.</p>
<p>Si occupa anche della povertà dilagante ma così facendo si procura anche dei nemici: a Holguín è ferito in un attentato. A Cuba, inoltre, nel 1855, con l’aiuto della venerabile Maria Antonia Paris, fonda il ramo femminile della Congregazione: le Religiose di Maria Immacolata, ovvero le Missionarie Clarettiane.</p>
<p>Nel 1857 la regina di Spagna richiama a Madrid Antonio che non può che obbedire. Lo vuole come suo confessore. Essendo così legato alla monarchia spagnola, però, ne seguirà le sorti: nel 1868 Antonio è esiliato con la regina a Parigi, dove prosegue le sue predicazioni.</p>
<p>A Roma partecipa, poi, al Concilio Vaticano I in cui difende l’infallibilità del Pontefice; infine si rifugia nel monastero di Fontfroide, presso Narbona, dove muore il 24 ottobre 1870. Le sue spoglie mortali furono trasferite a Vic nel 1897.</p>
<p>[/et_pb_text][/et_pb_column][/et_pb_row][et_pb_row _builder_version=&#8221;4.16&#8243; _module_preset=&#8221;default&#8221; background_color=&#8221;#01568e&#8221; border_width_all=&#8221;10px&#8221; border_color_all=&#8221;#e0e0e0&#8243; box_shadow_style=&#8221;preset2&#8243; global_colors_info=&#8221;{}&#8221;][et_pb_column type=&#8221;4_4&#8243; _builder_version=&#8221;4.16&#8243; _module_preset=&#8221;default&#8221; global_colors_info=&#8221;{}&#8221;][et_pb_text _builder_version=&#8221;4.16&#8243; _module_preset=&#8221;default&#8221; text_text_color=&#8221;#FFFFFF&#8221; text_font_size=&#8221;18px&#8221; global_colors_info=&#8221;{}&#8221;]</p>
<p style="text-align: center;"><strong>Preghiera per ricevere grazie per l’intercessione di Sant’Antonio Maria Claret:</strong></p>
<p style="text-align: center;"><em>Signore,<br />che hai fatto di S. Antonio Maria Claret, nostro Padre,<br />uno zelante apostolo della gloria di Dio e della salvezza degli uomini,<br />concedici la stessa carità ardente che infiammava il suo cuore<br />affinché continuiamo con intensità ed efficacia<br />la sua opera apostolica.<br />Fa che i suoi figli si moltiplichino<br />per dilatare il Regno del Signore,<br />e che nel momento della nostra morte<br />meritiamo di essere riconosciuti &#8220;servi fedeli&#8221; di Cristo e del Vangelo.<br />Amen.</em><a href="http://www.claret.org/es/fundadores/san-antonio-maria-claret/"></a></p>
<p>[/et_pb_text][/et_pb_column][/et_pb_row][et_pb_row _builder_version=&#8221;4.16&#8243; _module_preset=&#8221;default&#8221; global_colors_info=&#8221;{}&#8221;][et_pb_column type=&#8221;4_4&#8243; _builder_version=&#8221;4.16&#8243; _module_preset=&#8221;default&#8221; global_colors_info=&#8221;{}&#8221;][et_pb_text _builder_version=&#8221;4.20.4&#8243; _module_preset=&#8221;default&#8221; link_text_color=&#8221;#000000&#8243; link_font_size=&#8221;19px&#8221; hover_enabled=&#8221;0&#8243; global_colors_info=&#8221;{}&#8221; sticky_enabled=&#8221;0&#8243;]</p>
<p><a href="https://www.claret.org/it/nostra-congregazione/santantonio-maria-claret/"><strong><u>leggi più</u></strong>…</a></p>
<p>[/et_pb_text][/et_pb_column][/et_pb_row][/et_pb_section]</p>

<strong><u>BIOGRAFIA</u></strong>
<h1><em>“Modesto all’apparenza, ma capacissimo di imporre rispetto ai grandi della terra… e tra tante meraviglie, quale luce soave che tutto illumina, la sua devozione alla Madre di Dio” (Pio XII)</em></h1>
<strong>Antonio María Claret y Clará </strong>nasce a Sallent, piccolo paese vicino Barcellona, il 23 dicembre 1807, in una famiglia numerosa. Viene educato in maniera profondamente cristiana e si distingue immediatamente per la devozione alla Vergine e all’Eucaristia, ma come in tutte le famiglie numerose, deve dare una mano: così s’impegna nell’attività di tessitore assieme al padre. Lui, però, sa che il suo posto è altrove.

Nel 1829 riesce finalmente a entrare nel seminario di Vich. Ordinato sacerdote nel 1835, parte per Roma: la sua idea è andare in missione. All’inizio si rivolge a Propaganda Fide, il dicastero vaticano che si occupa delle missioni, ma qui riesce solo a fare un corso di esercizi spirituali con un gesuita che lo indirizza verso la Compagnia di Gesù.

Entrato nel loro noviziato però, a causa di una malattia deve fare ritorno in Spagna, dove trascorre sette anni perfezionandosi nella predicazione attraverso tutta la Catalogna e le Isole Canarie, guadagnandosi anche una certa fama di taumaturgo. In effetti Antonio ha un talento eccezionale per l’arte oratoria e colpisce per la sua vita ascetica priva di sbavature: si presenta sempre a piedi, come un pellegrino, con Bibbia e breviario in mano.

Nel 1849 decide di fondare una nuova Congregazione di missionari, che consacra alla Vergine, i Figli del Cuore Immacolato di Maria, che patiranno molto durante la guerra civile spagnola: 271 di loro, infatti, diventeranno martiri della fede.

E finalmente il suo sogno di andare in missione può realizzarsi: nominato arcivescovo di Santiago de Cuba – che allora era sotto la corona spagnola – vi arriva nel 1851, trovando una diocesi ormai allo sbando a causa della prolungata assenza di una guida: clero scarso e impreparato, seminario in rovina, chiese trascurate. Immediatamente si rimbocca le maniche: celebra un sinodo diocesano, istituisce l’obbligo degli esercizi spirituali per i sacerdoti, richiama i religiosi espulsi dal Paese e soprattutto percorre in lungo e in largo il suo territorio, visitandolo fin negli angoli più reconditi.

Si occupa anche della povertà dilagante ma così facendo si procura anche dei nemici: a Holguín è ferito in un attentato. A Cuba, inoltre, nel 1855, con l’aiuto della venerabile Maria Antonia Paris, fonda il ramo femminile della Congregazione: le Religiose di Maria Immacolata, ovvero le Missionarie Clarettiane.

Nel 1857 la regina di Spagna richiama a Madrid Antonio che non può che obbedire. Lo vuole come suo confessore. Essendo così legato alla monarchia spagnola, però, ne seguirà le sorti: nel 1868 Antonio è esiliato con la regina a Parigi, dove prosegue le sue predicazioni.

A Roma partecipa, poi, al Concilio Vaticano I in cui difende l’infallibilità del Pontefice; infine si rifugia nel monastero di Fontfroide, presso Narbona, dove muore il 24 ottobre 1870. Le sue spoglie mortali furono trasferite a Vic nel 1897.

<strong>Preghiera per ricevere grazie per l’intercessione di Sant’Antonio Maria Claret:</strong>

<em>Signore,
che hai fatto di S. Antonio Maria Claret, nostro Padre,
uno zelante apostolo della gloria di Dio e della salvezza degli uomini,
concedici la stessa carità ardente che infiammava il suo cuore
affinché continuiamo con intensità ed efficacia
la sua opera apostolica.
Fa che i suoi figli si moltiplichino
per dilatare il Regno del Signore,
e che nel momento della nostra morte
meritiamo di essere riconosciuti "servi fedeli" di Cristo e del Vangelo.
Amen.</em>

<a href="http://www.claret.org/es/fundadores/san-antonio-maria-claret/"><strong><u>leggi più</u></strong>…</a>
