{"id":118049,"date":"2022-03-22T09:33:43","date_gmt":"2022-03-22T08:33:43","guid":{"rendered":"https:\/\/www.claret.org\/tracos-carismaticos\/"},"modified":"2022-04-05T21:50:53","modified_gmt":"2022-04-05T19:50:53","slug":"tracos-carismaticos","status":"publish","type":"page","link":"https:\/\/www.claret.org\/pt-pt\/tracos-carismaticos\/","title":{"rendered":"Tra\u00e7os carism\u00e1ticos"},"content":{"rendered":"<p>[et_pb_section fb_built=&#8221;1&#8243; fullwidth=&#8221;on&#8221; theme_builder_area=&#8221;post_content&#8221; _builder_version=&#8221;4.15.1&#8243; _module_preset=&#8221;default&#8221;][et_pb_fullwidth_header title=&#8221;@ET-DC@eyJkeW5hbWljIjp0cnVlLCJjb250ZW50IjoicG9zdF90aXRsZSIsInNldHRpbmdzIjp7ImJlZm9yZSI6IiIsImFmdGVyIjoiIn19@&#8221; _builder_version=&#8221;4.15.1&#8243; _module_preset=&#8221;default&#8221; theme_builder_area=&#8221;post_content&#8221; _dynamic_attributes=&#8221;title&#8221; background_color=&#8221;#ff9838&#8243; title_text_shadow_style=&#8221;preset2&#8243; hover_enabled=&#8221;0&#8243; sticky_enabled=&#8221;0&#8243;][\/et_pb_fullwidth_header][\/et_pb_section][et_pb_section fb_built=&#8221;1&#8243; theme_builder_area=&#8221;post_content&#8221; _builder_version=&#8221;4.15.1&#8243; _module_preset=&#8221;default&#8221;][et_pb_row _builder_version=&#8221;4.15.1&#8243; _module_preset=&#8221;default&#8221; theme_builder_area=&#8221;post_content&#8221;][et_pb_column _builder_version=&#8221;4.15.1&#8243; _module_preset=&#8221;default&#8221; type=&#8221;4_4&#8243; theme_builder_area=&#8221;post_content&#8221;][et_pb_text _builder_version=&#8221;4.15.1&#8243; _module_preset=&#8221;default&#8221; theme_builder_area=&#8221;post_content&#8221; text_font_size=&#8221;16px&#8221; text_text_color=&#8221;#000000&#8243; header_font=&#8221;|600|||||||&#8221; hover_enabled=&#8221;0&#8243; sticky_enabled=&#8221;0&#8243;]<\/p>\n<h1>Somos mission\u00e1rios!<\/h1>\n<p>A miss\u00e3o pertence ao n\u00facleo de nossa identidade mais fundamental. Recebemos do Esp\u00edrito um carisma que nos conforma a Jesus e nos faz como os ap\u00f3stolos, numa comunh\u00e3o de vida, totalmente dedicada ao Pai e ao Reino (cf. CC 3-4). H\u00e1 cento e cinq\u00fcenta anos, nossa comunidade claretiana experimentou grande alegria quando a Igreja aprovou nossas Constitui\u00e7\u00f5es e reconheceu, com alegria, que nossa Congrega\u00e7\u00e3o de Mission\u00e1rios \u00e9 um dom do Esp\u00edrito. Hoje, tamb\u00e9m com grande alegria, proclamamos com gratid\u00e3o com Maria a grandeza do Senhor.<\/p>\n<p>&nbsp;<\/p>\n<h1>Mission\u00e1rios &#8216;com Esp\u00edrito&#8217;<\/h1>\n<p>.<\/p>\n<p>Fomos agraciados com uma espiritualidade particular, herdada de Santo Ant\u00f4nio Maria Claret e de nossa rica tradi\u00e7\u00e3o. Como Filhos do Cora\u00e7\u00e3o de Maria, somos chamados a ser homens abertos ao Esp\u00edrito, guiados por ele e sempre d\u00f3ceis aos seus movimentos; homens em chamas com amor.<\/p>\n<p>&nbsp;<\/p>\n<h1>Escutadores e servos da Palavra de Deus<\/h1>\n<p>.<\/p>\n<p>Nossa heran\u00e7a carism\u00e1tica nos define como &#8220;ouvintes e servidores da Palavra&#8221;. Estamos na Igreja e na sociedade um eco de Claret (cf. Aut 686), um ministro apaixonado pelo Evangelho em \u00e9poca e fora de \u00e9poca, usando todos os meios \u00e0 sua disposi\u00e7\u00e3o. N\u00f3s, como Maria, como Filhos de seu Cora\u00e7\u00e3o, queremos acolher e meditar a Palavra em nossos cora\u00e7\u00f5es e proclam\u00e1-la com paix\u00e3o.<\/p>\n<p>&nbsp;<\/p>\n<h1>Mission\u00e1rios na comunidade<\/h1>\n<p>.<\/p>\n<p>Como testemunhas e mensageiros da alegria do Evangelho, na comunidade apost\u00f3lica, n\u00f3s nos esfor\u00e7amos para ter uma vis\u00e3o comum na abordagem das periferias humanas que nos desafiam em todos os lugares a ter uma atitude de alcance mission\u00e1rio.<\/p>\n<p>&nbsp;<\/p>\n<h1> Enviado para evangelizar ouvindo os pobres<\/h1>\n<p>.<\/p>\n<p>Voc\u00ea n\u00e3o pode ser um claretiano se agir como se os pobres n\u00e3o existissem. Nem pode ser claretiano se n\u00e3o denunciar as estruturas injustas, lutar contra o sistema que subjuga os pobres e propor alternativas.<\/p>\n<p>&nbsp;<\/p>\n<h1>Com toda a Igreja e aqueles que buscam a transforma\u00e7\u00e3o do mundo<\/h1>\n<p>.<\/p>\n<p>Para nossa Congrega\u00e7\u00e3o a dimens\u00e3o de &#8220;evangelizar com os outros&#8221;, multiplicar l\u00edderes evangelizadores e miss\u00e3o compartilhada \u00e9 uma caracter\u00edstica carism\u00e1tica indispens\u00e1vel (cf. CC 3, 7, 48) que compreendemos e realizamos de v\u00e1rias maneiras.<\/p>\n<p>&nbsp;<\/p>\n<h1>Abrir a todos no di\u00e1logo prof\u00e9tico<\/h1>\n<p>.<\/p>\n<p>Di\u00e1logo assume diferentes formas: di\u00e1logo como presen\u00e7a &#8211; viver ao inv\u00e9s de fazer; di\u00e1logo inter-religioso e intercultural que promove a paz e a reconcilia\u00e7\u00e3o; di\u00e1logo com a cria\u00e7\u00e3o que leva \u00e0 convers\u00e3o ecol\u00f3gica. Neste di\u00e1logo vivemos o an\u00fancio e a den\u00fancia que faz parte da profecia, um di\u00e1logo que tamb\u00e9m estendemos ao novo continente digital e \u00e0s novas gera\u00e7\u00f5es de jovens a fim de evangelizar e ser evangelizados. Somos homens em chamas com amor (caridade) e &#8220;o di\u00e1logo \u00e9 o novo nome da caridade&#8221; (VC 74).<\/p>\n<p>[\/et_pb_text][\/et_pb_column][\/et_pb_row][\/et_pb_section]<\/p>\n","protected":false},"excerpt":{"rendered":"<p>Somos mission\u00e1rios! A miss\u00e3o pertence ao n\u00facleo de nossa identidade mais fundamental. Recebemos do Esp\u00edrito um carisma que nos conforma a Jesus e nos faz como os ap\u00f3stolos, numa comunh\u00e3o de vida, totalmente dedicada ao Pai e ao Reino (cf. CC 3-4). H\u00e1 cento e cinq\u00fcenta anos, nossa comunidade claretiana experimentou grande alegria quando a [&hellip;]<\/p>\n","protected":false},"author":2,"featured_media":85942,"parent":0,"menu_order":0,"comment_status":"closed","ping_status":"closed","template":"","meta":{"_et_pb_use_builder":"on","_et_pb_old_content":"","_et_gb_content_width":"","footnotes":""},"class_list":["post-118049","page","type-page","status-publish","has-post-thumbnail","hentry"],"jetpack_sharing_enabled":true,"jetpack_shortlink":"https:\/\/wp.me\/PdaBmi-uI1","jetpack_likes_enabled":true,"_links":{"self":[{"href":"https:\/\/www.claret.org\/pt-pt\/wp-json\/wp\/v2\/pages\/118049","targetHints":{"allow":["GET"]}}],"collection":[{"href":"https:\/\/www.claret.org\/pt-pt\/wp-json\/wp\/v2\/pages"}],"about":[{"href":"https:\/\/www.claret.org\/pt-pt\/wp-json\/wp\/v2\/types\/page"}],"author":[{"embeddable":true,"href":"https:\/\/www.claret.org\/pt-pt\/wp-json\/wp\/v2\/users\/2"}],"replies":[{"embeddable":true,"href":"https:\/\/www.claret.org\/pt-pt\/wp-json\/wp\/v2\/comments?post=118049"}],"version-history":[{"count":0,"href":"https:\/\/www.claret.org\/pt-pt\/wp-json\/wp\/v2\/pages\/118049\/revisions"}],"wp:featuredmedia":[{"embeddable":true,"href":"https:\/\/www.claret.org\/pt-pt\/wp-json\/wp\/v2\/media\/85942"}],"wp:attachment":[{"href":"https:\/\/www.claret.org\/pt-pt\/wp-json\/wp\/v2\/media?parent=118049"}],"curies":[{"name":"wp","href":"https:\/\/api.w.org\/{rel}","templated":true}]}}

Traços carismáticos

<p>[et_pb_section fb_built=&#8221;1&#8243; fullwidth=&#8221;on&#8221; theme_builder_area=&#8221;post_content&#8221; _builder_version=&#8221;4.15.1&#8243; _module_preset=&#8221;default&#8221;][et_pb_fullwidth_header title=&#8221;@ET-DC@eyJkeW5hbWljIjp0cnVlLCJjb250ZW50IjoicG9zdF90aXRsZSIsInNldHRpbmdzIjp7ImJlZm9yZSI6IiIsImFmdGVyIjoiIn19@&#8221; _builder_version=&#8221;4.15.1&#8243; _module_preset=&#8221;default&#8221; theme_builder_area=&#8221;post_content&#8221; _dynamic_attributes=&#8221;title&#8221; background_color=&#8221;#ff9838&#8243; title_text_shadow_style=&#8221;preset2&#8243; hover_enabled=&#8221;0&#8243; sticky_enabled=&#8221;0&#8243;][/et_pb_fullwidth_header][/et_pb_section][et_pb_section fb_built=&#8221;1&#8243; theme_builder_area=&#8221;post_content&#8221; _builder_version=&#8221;4.15.1&#8243; _module_preset=&#8221;default&#8221;][et_pb_row _builder_version=&#8221;4.15.1&#8243; _module_preset=&#8221;default&#8221; theme_builder_area=&#8221;post_content&#8221;][et_pb_column _builder_version=&#8221;4.15.1&#8243; _module_preset=&#8221;default&#8221; type=&#8221;4_4&#8243; theme_builder_area=&#8221;post_content&#8221;][et_pb_text _builder_version=&#8221;4.15.1&#8243; _module_preset=&#8221;default&#8221; theme_builder_area=&#8221;post_content&#8221; text_font_size=&#8221;16px&#8221; text_text_color=&#8221;#000000&#8243; header_font=&#8221;|600|||||||&#8221; hover_enabled=&#8221;0&#8243; sticky_enabled=&#8221;0&#8243;]</p>
<h1>Somos missionários!</h1>
<p>A missão pertence ao núcleo de nossa identidade mais fundamental. Recebemos do Espírito um carisma que nos conforma a Jesus e nos faz como os apóstolos, numa comunhão de vida, totalmente dedicada ao Pai e ao Reino (cf. CC 3-4). Há cento e cinqüenta anos, nossa comunidade claretiana experimentou grande alegria quando a Igreja aprovou nossas Constituições e reconheceu, com alegria, que nossa Congregação de Missionários é um dom do Espírito. Hoje, também com grande alegria, proclamamos com gratidão com Maria a grandeza do Senhor.</p>
<p>&nbsp;</p>
<h1>Missionários &#8216;com Espírito&#8217;</h1>
<p>.</p>
<p>Fomos agraciados com uma espiritualidade particular, herdada de Santo Antônio Maria Claret e de nossa rica tradição. Como Filhos do Coração de Maria, somos chamados a ser homens abertos ao Espírito, guiados por ele e sempre dóceis aos seus movimentos; homens em chamas com amor.</p>
<p>&nbsp;</p>
<h1>Escutadores e servos da Palavra de Deus</h1>
<p>.</p>
<p>Nossa herança carismática nos define como &#8220;ouvintes e servidores da Palavra&#8221;. Estamos na Igreja e na sociedade um eco de Claret (cf. Aut 686), um ministro apaixonado pelo Evangelho em época e fora de época, usando todos os meios à sua disposição. Nós, como Maria, como Filhos de seu Coração, queremos acolher e meditar a Palavra em nossos corações e proclamá-la com paixão.</p>
<p>&nbsp;</p>
<h1>Missionários na comunidade</h1>
<p>.</p>
<p>Como testemunhas e mensageiros da alegria do Evangelho, na comunidade apostólica, nós nos esforçamos para ter uma visão comum na abordagem das periferias humanas que nos desafiam em todos os lugares a ter uma atitude de alcance missionário.</p>
<p>&nbsp;</p>
<h1> Enviado para evangelizar ouvindo os pobres</h1>
<p>.</p>
<p>Você não pode ser um claretiano se agir como se os pobres não existissem. Nem pode ser claretiano se não denunciar as estruturas injustas, lutar contra o sistema que subjuga os pobres e propor alternativas.</p>
<p>&nbsp;</p>
<h1>Com toda a Igreja e aqueles que buscam a transformação do mundo</h1>
<p>.</p>
<p>Para nossa Congregação a dimensão de &#8220;evangelizar com os outros&#8221;, multiplicar líderes evangelizadores e missão compartilhada é uma característica carismática indispensável (cf. CC 3, 7, 48) que compreendemos e realizamos de várias maneiras.</p>
<p>&nbsp;</p>
<h1>Abrir a todos no diálogo profético</h1>
<p>.</p>
<p>Diálogo assume diferentes formas: diálogo como presença &#8211; viver ao invés de fazer; diálogo inter-religioso e intercultural que promove a paz e a reconciliação; diálogo com a criação que leva à conversão ecológica. Neste diálogo vivemos o anúncio e a denúncia que faz parte da profecia, um diálogo que também estendemos ao novo continente digital e às novas gerações de jovens a fim de evangelizar e ser evangelizados. Somos homens em chamas com amor (caridade) e &#8220;o diálogo é o novo nome da caridade&#8221; (VC 74).</p>
<p>[/et_pb_text][/et_pb_column][/et_pb_row][/et_pb_section]</p>

<p>Somos missionários! A missão pertence ao núcleo de nossa identidade mais fundamental. Recebemos do Espírito um carisma que nos conforma a Jesus e nos faz como os apóstolos, numa comunhão de vida, totalmente dedicada ao Pai e ao Reino (cf. CC 3-4). Há cento e cinqüenta anos, nossa comunidade claretiana experimentou grande alegria quando a [&hellip;]</p>
