{"id":27694,"date":"2018-09-04T08:47:26","date_gmt":"2018-09-04T06:47:26","guid":{"rendered":"https:\/\/www.claret.org\/fecha-3-de-maio-santos-felipe-e-tiago-apostolos-e-compatronos\/"},"modified":"2018-09-04T08:47:26","modified_gmt":"2018-09-04T06:47:26","slug":"fecha-3-de-maio-santos-felipe-e-tiago-apostolos-e-compatronos","status":"publish","type":"page","link":"https:\/\/www.claret.org\/pt-pt\/efemerides\/fecha-3-de-maio-santos-felipe-e-tiago-apostolos-e-compatronos\/","title":{"rendered":"Fecha: 3 de Maio &#8211; Santos Felipe e Tiago, Ap\u00f3stolos e Compatronos"},"content":{"rendered":"<p style=\"text-align: justify;\">Esta festa junta os nomes de dois ap\u00f3stolos que nunca encontramos emparelhados no Novo Testamento. J\u00e1 que a liturgia, seguindo Lucas, identifica os Ap\u00f3stolos com os Doze, supomos que Tiago seja <em>Tiago de Alfeu<\/em>, que ocupa invariavelmente o nono lugar nas listas dos Doze; Felipe ocupa o quinto.<\/p>\n<p style=\"text-align: justify;\">Este Tiago deve ser distinto de Tiago, filho de Zebedeu, <em>Tiago menor <\/em>(cf Mc 15,40) e de <em>Tiago irm\u00e3o do Senhor <\/em>(cf Mc 6,3; Gal 1,19); poderia ser o irm\u00e3o do disc\u00edpulo de Jesus chamado Levi (cf Mc 1,14) apelidado igualmente <em>de Alfeu<\/em>. Provavelmente Alfeu tenha sido um personagem bem conhecido na primitiva comunidade de Jerusal\u00e9m. O nome Tiago, em hebraico e aramaico <em>Iakob <\/em>(a quem Deus protege), era frequente no juda\u00edsmo. Individuado assim este Ap\u00f3stolo de Jesus, nos resignamos a n\u00e3o conhecer nenhum dado hist\u00f3rico sobre a biografia deste santo de hoje.<\/p>\n<p style=\"text-align: justify;\">Seu companheiro, Felipe, tem melhor sorte. Enquanto os Sin\u00f3ticos se limitam a transmitir seu nome, o quarto Evangelho nos informa que procedia do c\u00edrculo do Batista e foi um dos primeiros a seguir Jesus (cf Jo 1,43 ss), que era natural de Betsaida (cf Jo 6,8) e que tinha um estreito relacionamento com Andr\u00e9. S\u00e3o os dois \u00fanicos membros do grupo dos Doze que t\u00eam nome grego. Ambos intervieram na multiplica\u00e7\u00e3o dos p\u00e3es e se fizeram de intermedi\u00e1rios a uns gregos que queriam ver Jesus (cf Jo 1,22). Na ceia, Felipe apareceu como pouco perspicaz, j\u00e1 que n\u00e3o percebeu a presen\u00e7a do Pai em Jesus (cf Jo 14,8).<\/p>\n<p style=\"text-align: justify;\">O Padre Fundador contempla os Ap\u00f3stolos, antes de tudo, como pregadores, e n\u00e3o como simples pregadores, mas d\u00e9beis e incapazes humanamente falando e perseguidos; mas cheios de \u00eaxito gra\u00e7as ao Deus que os enviava. &#8220;\u00d3 sant\u00edssimos e glorios\u00edssimos primeiros pregadores e fundadores da f\u00e9! Haver\u00e1 algu\u00e9m que possa duvidar se realmente foram homens enviados por Deus e unidos e dedicados a Ele? Come\u00e7aram sua admir\u00e1vel empresa contra todas as apar\u00eancias e conselhos da humana raz\u00e3o; continuaram em  meio \u00e0 poderosa oposi\u00e7\u00e3o de todo tipo; cresceu o n\u00famero de seguidores mais al\u00e9m de toda possibilidade natural e de toda imagina\u00e7\u00e3o; mantiveram-se firmes em meio \u00e0s maiores afli\u00e7\u00f5es e contradi\u00e7\u00f5es, tormentos insuport\u00e1veis e mortes doloros\u00edssimas (&#8230;) Derrotaram o poder do inferno s\u00f3 com o nome do Senhor Ressuscitado, do seu Mestre Jesus; e viram submetido, de maneira incr\u00edvel, ao mesmo Mestre, ao seu Evangelho, todo o Imp\u00e9rio Romano juntametne com as na\u00e7\u00f5es que estavam a ele sujeitas&#8221;.<\/p>\n","protected":false},"excerpt":{"rendered":"<p>Esta festa junta os nomes de dois ap\u00f3stolos que nunca encontramos emparelhados no Novo Testamento. J\u00e1 que a liturgia, seguindo Lucas, identifica os Ap\u00f3stolos com os Doze, supomos que Tiago seja Tiago de Alfeu, que ocupa invariavelmente o nono lugar nas listas dos Doze; Felipe ocupa o quinto. Este Tiago deve ser distinto de Tiago, [&hellip;]<\/p>\n","protected":false},"author":69,"featured_media":0,"parent":33284,"menu_order":0,"comment_status":"closed","ping_status":"closed","template":"","meta":{"_et_pb_use_builder":"","_et_pb_old_content":"","_et_gb_content_width":"","footnotes":""},"class_list":["post-27694","page","type-page","status-publish","hentry"],"jetpack_sharing_enabled":true,"jetpack_shortlink":"https:\/\/wp.me\/PdaBmi-7cG","jetpack_likes_enabled":true,"_links":{"self":[{"href":"https:\/\/www.claret.org\/pt-pt\/wp-json\/wp\/v2\/pages\/27694","targetHints":{"allow":["GET"]}}],"collection":[{"href":"https:\/\/www.claret.org\/pt-pt\/wp-json\/wp\/v2\/pages"}],"about":[{"href":"https:\/\/www.claret.org\/pt-pt\/wp-json\/wp\/v2\/types\/page"}],"author":[{"embeddable":true,"href":"https:\/\/www.claret.org\/pt-pt\/wp-json\/wp\/v2\/users\/69"}],"replies":[{"embeddable":true,"href":"https:\/\/www.claret.org\/pt-pt\/wp-json\/wp\/v2\/comments?post=27694"}],"version-history":[{"count":0,"href":"https:\/\/www.claret.org\/pt-pt\/wp-json\/wp\/v2\/pages\/27694\/revisions"}],"up":[{"embeddable":true,"href":"https:\/\/www.claret.org\/pt-pt\/wp-json\/wp\/v2\/pages\/33284"}],"wp:attachment":[{"href":"https:\/\/www.claret.org\/pt-pt\/wp-json\/wp\/v2\/media?parent=27694"}],"curies":[{"name":"wp","href":"https:\/\/api.w.org\/{rel}","templated":true}]}}

Fecha: 3 de Maio &#8211; Santos Felipe e Tiago, Apóstolos e Compatronos

<p style="text-align: justify;">Esta festa junta os nomes de dois apóstolos que nunca encontramos emparelhados no Novo Testamento. Já que a liturgia, seguindo Lucas, identifica os Apóstolos com os Doze, supomos que Tiago seja <em>Tiago de Alfeu</em>, que ocupa invariavelmente o nono lugar nas listas dos Doze; Felipe ocupa o quinto.</p>
<p style="text-align: justify;">Este Tiago deve ser distinto de Tiago, filho de Zebedeu, <em>Tiago menor </em>(cf Mc 15,40) e de <em>Tiago irmão do Senhor </em>(cf Mc 6,3; Gal 1,19); poderia ser o irmão do discípulo de Jesus chamado Levi (cf Mc 1,14) apelidado igualmente <em>de Alfeu</em>. Provavelmente Alfeu tenha sido um personagem bem conhecido na primitiva comunidade de Jerusalém. O nome Tiago, em hebraico e aramaico <em>Iakob </em>(a quem Deus protege), era frequente no judaísmo. Individuado assim este Apóstolo de Jesus, nos resignamos a não conhecer nenhum dado histórico sobre a biografia deste santo de hoje.</p>
<p style="text-align: justify;">Seu companheiro, Felipe, tem melhor sorte. Enquanto os Sinóticos se limitam a transmitir seu nome, o quarto Evangelho nos informa que procedia do círculo do Batista e foi um dos primeiros a seguir Jesus (cf Jo 1,43 ss), que era natural de Betsaida (cf Jo 6,8) e que tinha um estreito relacionamento com André. São os dois únicos membros do grupo dos Doze que têm nome grego. Ambos intervieram na multiplicação dos pães e se fizeram de intermediários a uns gregos que queriam ver Jesus (cf Jo 1,22). Na ceia, Felipe apareceu como pouco perspicaz, já que não percebeu a presença do Pai em Jesus (cf Jo 14,8).</p>
<p style="text-align: justify;">O Padre Fundador contempla os Apóstolos, antes de tudo, como pregadores, e não como simples pregadores, mas débeis e incapazes humanamente falando e perseguidos; mas cheios de êxito graças ao Deus que os enviava. &#8220;Ó santíssimos e gloriosíssimos primeiros pregadores e fundadores da fé! Haverá alguém que possa duvidar se realmente foram homens enviados por Deus e unidos e dedicados a Ele? Começaram sua admirável empresa contra todas as aparências e conselhos da humana razão; continuaram em  meio à poderosa oposição de todo tipo; cresceu o número de seguidores mais além de toda possibilidade natural e de toda imaginação; mantiveram-se firmes em meio às maiores aflições e contradições, tormentos insuportáveis e mortes dolorosíssimas (&#8230;) Derrotaram o poder do inferno só com o nome do Senhor Ressuscitado, do seu Mestre Jesus; e viram submetido, de maneira incrível, ao mesmo Mestre, ao seu Evangelho, todo o Império Romano juntametne com as nações que estavam a ele sujeitas&#8221;.</p>

<p>Esta festa junta os nomes de dois apóstolos que nunca encontramos emparelhados no Novo Testamento. Já que a liturgia, seguindo Lucas, identifica os Apóstolos com os Doze, supomos que Tiago seja Tiago de Alfeu, que ocupa invariavelmente o nono lugar nas listas dos Doze; Felipe ocupa o quinto. Este Tiago deve ser distinto de Tiago, [&hellip;]</p>
