{"id":27844,"date":"2018-09-04T15:07:27","date_gmt":"2018-09-04T13:07:27","guid":{"rendered":"https:\/\/www.claret.org\/fecha-16-de-julho-nossa-senhora-do-carmo-aniversario-da-fundacao-da-congregacao\/"},"modified":"2018-09-04T15:07:27","modified_gmt":"2018-09-04T13:07:27","slug":"fecha-16-de-julho-nossa-senhora-do-carmo-aniversario-da-fundacao-da-congregacao","status":"publish","type":"page","link":"https:\/\/www.claret.org\/pt-pt\/efemerides\/fecha-16-de-julho-nossa-senhora-do-carmo-aniversario-da-fundacao-da-congregacao\/","title":{"rendered":"Fecha: 16 de Julho &#8211; Nossa Senhora do Carmo, anivers\u00e1rio da funda\u00e7\u00e3o da Congrega\u00e7\u00e3o"},"content":{"rendered":"<p style=\"text-align: justify;\">&#8220;Vendo a grande falta que h\u00e1 de pregadores evang\u00e9licos e apost\u00f3licos em nosso territ\u00f3rio espanhol, vendo a vontade enorme que tem o povo de ouvir a Palavra Divina e vendo os muitos pedidos que de todas as partes da Espanha fazem para que eu va \u00e0s suas cidades e povoados a pregar o Evangelho, decidi reunir e preparar uns quantos companheiros zelosos e assim poder fazer com outros o que sozinho n\u00e3o posso&#8221; (<em>Padre Fundador ao N\u00fancio Apost\u00f3lico, Vic 12 agosto 1849).<\/em><\/p>\n<p style=\"text-align: justify;\">\u00abCheguei a Barcelona em meados de maio e me dirigi a Vic. Falei com meus amigos, os c\u00f4negos Jaime Soler e Jaime Passarell sobre o projeto que tinha de fundar uma congrega\u00e7\u00e3o de sacerdotes que fosse me se chamassem Filhos do Imaculado Cora\u00e7\u00e3o de Maria. Ambos acolheram calorosamente a id\u00e9ia. O c\u00f4nego Soler, que era reitor do semin\u00e1rio de Vic, ofereceu o semin\u00e1rio e, t\u00e3o logo os seminaristas entrassem em f\u00e9rias, poder\u00edamos nos reunir no semin\u00e1rio, ocupar seus quartos, enquanto Deus nosso Senhor nos dispusesse outro local. (Aut 488).<\/p>\n<p style=\"text-align: justify;\">Apresentei esse mesmo plano ao bispo de Vic, dom Luciano Casadevall, pelo qual era muito estimado. Ele muito aplaudiu esta minha iniciativa. Aproveitando a oportunidade, resolvemos que durante as f\u00e9rias nos instalar\u00edamos no semin\u00e1rio. Enquanto isso, ele mandaria preparar o Convento das Merc\u00eas que o governo pusera \u00e0 sua disposi\u00e7\u00e3o. E assim se fez. Com o local das Merc\u00eas j\u00e1 \u00e0 disposi\u00e7\u00e3o, fui falar com alguns sacerdotes a quem Deus nosso Senhor havia dado o mesmo esp\u00edrito de que eu me sentia animado. Eram eles: Est\u00eav\u00e3o Sala, Jos\u00e9 Xifr\u00e9, Domingos F\u00e1bregas, Manuel Vilar\u00f3, Jaime Clotet, Ant\u00f4nio Claret, eu, o mais insignificante de todos. Sim, isso \u00e9 verdade, pois todos eles s\u00e3o mais instru\u00eddos e mais virtuosos do que eu; mesmo assim, por\u00e9m, sentia-me bastante feliz, considerando-me servidor de todos. (Aut 489).<\/p>\n<p style=\"text-align: justify;\">No dia 16 de julho de 1849, reunidos no semin\u00e1rio, com a aprova\u00e7\u00e3o do bispo e do reitor, iniciamos, n\u00f3s sozinhos, o retiro espiritual, com todo rigor e fervor. Como justamente nesse dia se comemora a festa da Santa Cruz e de Nossa Senhora do Carmo, tomei como tema da primeira pr\u00e1tica as palavras do Salmo 22,4: <em>Virga tua et baculus tuus ipsa me consolata sunt <\/em>(Tua vara e teu cajado me consolar\u00e3o), frisando a devo\u00e7\u00e3o e a confian\u00e7a que devemos ter na Santa Cruz e em Maria sant\u00edssima, al\u00e9m de aplicar o salmo a nosso objetivo. Sa\u00edmos desse retiro muito fervorosos, resolvidos e determinados a perseverar. Gra\u00e7as a Deus e a Maria Sant\u00edssima todos perseveraram muito bem. Dois morreram e se acham neste momento na gl\u00f3ria celeste gozando de Deus e do pr\u00eamio de seus trabalhos apost\u00f3licos e intercedendo por seus irm\u00e3os. (Aut 490)<\/p>\n<p style=\"text-align: justify;\">Assim iniciamos e assim continuamos vivendo uma vida perfeitamente comum, todos entregues aos trabalhos do sagrado minist\u00e9rio. Ao terminar o retiro que pregara \u00e0 pequena e nascente comunidade, pediram que, na igreja do semin\u00e1rio, eu pregasse um retiro ao clero da cidade de Vic. No dia 11 de agosto, descendo do p\u00falpito, ao concluir o \u00faltimo ato, disseram-me que o bispo desejava falar comigo. Fui ao pal\u00e1cio episcopal. Quando l\u00e1 cheguei, entregou-me um decreto real com data de 4 de agosto, nomeando-me arcebispo de Cuba. Tal not\u00edcia me deixou como morto. Disse que n\u00e3o aceitava de modo alguma nomea\u00e7\u00e3o. Supliquei ao bispo que se dignasse transmitir a decis\u00e3o dizendo que n\u00e3o aceitaria de maneira nenhuma. (Aut 491).<\/p>\n<p style=\"text-align: justify;\">\u00d3 meu Deus, bendito sejais, pois vos dignastes escolher vossos humildes servos para se tornarem Filhos do Imaculado Cora\u00e7\u00e3o de vossa sant\u00edssima m\u00e3e! (Aut 492).<\/p>\n<p style=\"text-align: justify;\">\u00ab\u00d3 m\u00e3e, mil vezes bendita! Infinitos louvores vos sejam dados pelas finezas de vosso Imaculado Cora\u00e7\u00e3o e por nos terdes adotado como vossos filhos! Fazei, minha m\u00e3e, que correspondamos a tanta bondade. Que sejamos cada dia mais humildes, mais fervorosos e mais zelosos pela salva\u00e7\u00e3o das almas\u00bb. (Aut 493).<\/p>\n","protected":false},"excerpt":{"rendered":"<p>&#8220;Vendo a grande falta que h\u00e1 de pregadores evang\u00e9licos e apost\u00f3licos em nosso territ\u00f3rio espanhol, vendo a vontade enorme que tem o povo de ouvir a Palavra Divina e vendo os muitos pedidos que de todas as partes da Espanha fazem para que eu va \u00e0s suas cidades e povoados a pregar o Evangelho, decidi [&hellip;]<\/p>\n","protected":false},"author":69,"featured_media":0,"parent":33284,"menu_order":0,"comment_status":"closed","ping_status":"closed","template":"","meta":{"_et_pb_use_builder":"","_et_pb_old_content":"","_et_gb_content_width":"","footnotes":""},"class_list":["post-27844","page","type-page","status-publish","hentry"],"jetpack_sharing_enabled":true,"jetpack_shortlink":"https:\/\/wp.me\/PdaBmi-7f6","jetpack_likes_enabled":true,"_links":{"self":[{"href":"https:\/\/www.claret.org\/pt-pt\/wp-json\/wp\/v2\/pages\/27844","targetHints":{"allow":["GET"]}}],"collection":[{"href":"https:\/\/www.claret.org\/pt-pt\/wp-json\/wp\/v2\/pages"}],"about":[{"href":"https:\/\/www.claret.org\/pt-pt\/wp-json\/wp\/v2\/types\/page"}],"author":[{"embeddable":true,"href":"https:\/\/www.claret.org\/pt-pt\/wp-json\/wp\/v2\/users\/69"}],"replies":[{"embeddable":true,"href":"https:\/\/www.claret.org\/pt-pt\/wp-json\/wp\/v2\/comments?post=27844"}],"version-history":[{"count":0,"href":"https:\/\/www.claret.org\/pt-pt\/wp-json\/wp\/v2\/pages\/27844\/revisions"}],"up":[{"embeddable":true,"href":"https:\/\/www.claret.org\/pt-pt\/wp-json\/wp\/v2\/pages\/33284"}],"wp:attachment":[{"href":"https:\/\/www.claret.org\/pt-pt\/wp-json\/wp\/v2\/media?parent=27844"}],"curies":[{"name":"wp","href":"https:\/\/api.w.org\/{rel}","templated":true}]}}

Fecha: 16 de Julho &#8211; Nossa Senhora do Carmo, aniversário da fundação da Congregação

<p style="text-align: justify;">&#8220;Vendo a grande falta que há de pregadores evangélicos e apostólicos em nosso território espanhol, vendo a vontade enorme que tem o povo de ouvir a Palavra Divina e vendo os muitos pedidos que de todas as partes da Espanha fazem para que eu va às suas cidades e povoados a pregar o Evangelho, decidi reunir e preparar uns quantos companheiros zelosos e assim poder fazer com outros o que sozinho não posso&#8221; (<em>Padre Fundador ao Núncio Apostólico, Vic 12 agosto 1849).</em></p>
<p style="text-align: justify;">«Cheguei a Barcelona em meados de maio e me dirigi a Vic. Falei com meus amigos, os cônegos Jaime Soler e Jaime Passarell sobre o projeto que tinha de fundar uma congregação de sacerdotes que fosse me se chamassem Filhos do Imaculado Coração de Maria. Ambos acolheram calorosamente a idéia. O cônego Soler, que era reitor do seminário de Vic, ofereceu o seminário e, tão logo os seminaristas entrassem em férias, poderíamos nos reunir no seminário, ocupar seus quartos, enquanto Deus nosso Senhor nos dispusesse outro local. (Aut 488).</p>
<p style="text-align: justify;">Apresentei esse mesmo plano ao bispo de Vic, dom Luciano Casadevall, pelo qual era muito estimado. Ele muito aplaudiu esta minha iniciativa. Aproveitando a oportunidade, resolvemos que durante as férias nos instalaríamos no seminário. Enquanto isso, ele mandaria preparar o Convento das Mercês que o governo pusera à sua disposição. E assim se fez. Com o local das Mercês já à disposição, fui falar com alguns sacerdotes a quem Deus nosso Senhor havia dado o mesmo espírito de que eu me sentia animado. Eram eles: Estêvão Sala, José Xifré, Domingos Fábregas, Manuel Vilaró, Jaime Clotet, Antônio Claret, eu, o mais insignificante de todos. Sim, isso é verdade, pois todos eles são mais instruídos e mais virtuosos do que eu; mesmo assim, porém, sentia-me bastante feliz, considerando-me servidor de todos. (Aut 489).</p>
<p style="text-align: justify;">No dia 16 de julho de 1849, reunidos no seminário, com a aprovação do bispo e do reitor, iniciamos, nós sozinhos, o retiro espiritual, com todo rigor e fervor. Como justamente nesse dia se comemora a festa da Santa Cruz e de Nossa Senhora do Carmo, tomei como tema da primeira prática as palavras do Salmo 22,4: <em>Virga tua et baculus tuus ipsa me consolata sunt </em>(Tua vara e teu cajado me consolarão), frisando a devoção e a confiança que devemos ter na Santa Cruz e em Maria santíssima, além de aplicar o salmo a nosso objetivo. Saímos desse retiro muito fervorosos, resolvidos e determinados a perseverar. Graças a Deus e a Maria Santíssima todos perseveraram muito bem. Dois morreram e se acham neste momento na glória celeste gozando de Deus e do prêmio de seus trabalhos apostólicos e intercedendo por seus irmãos. (Aut 490)</p>
<p style="text-align: justify;">Assim iniciamos e assim continuamos vivendo uma vida perfeitamente comum, todos entregues aos trabalhos do sagrado ministério. Ao terminar o retiro que pregara à pequena e nascente comunidade, pediram que, na igreja do seminário, eu pregasse um retiro ao clero da cidade de Vic. No dia 11 de agosto, descendo do púlpito, ao concluir o último ato, disseram-me que o bispo desejava falar comigo. Fui ao palácio episcopal. Quando lá cheguei, entregou-me um decreto real com data de 4 de agosto, nomeando-me arcebispo de Cuba. Tal notícia me deixou como morto. Disse que não aceitava de modo alguma nomeação. Supliquei ao bispo que se dignasse transmitir a decisão dizendo que não aceitaria de maneira nenhuma. (Aut 491).</p>
<p style="text-align: justify;">Ó meu Deus, bendito sejais, pois vos dignastes escolher vossos humildes servos para se tornarem Filhos do Imaculado Coração de vossa santíssima mãe! (Aut 492).</p>
<p style="text-align: justify;">«Ó mãe, mil vezes bendita! Infinitos louvores vos sejam dados pelas finezas de vosso Imaculado Coração e por nos terdes adotado como vossos filhos! Fazei, minha mãe, que correspondamos a tanta bondade. Que sejamos cada dia mais humildes, mais fervorosos e mais zelosos pela salvação das almas». (Aut 493).</p>

<p>&#8220;Vendo a grande falta que há de pregadores evangélicos e apostólicos em nosso território espanhol, vendo a vontade enorme que tem o povo de ouvir a Palavra Divina e vendo os muitos pedidos que de todas as partes da Espanha fazem para que eu va às suas cidades e povoados a pregar o Evangelho, decidi [&hellip;]</p>
