{"id":28082,"date":"2018-09-05T07:50:17","date_gmt":"2018-09-05T05:50:17","guid":{"rendered":"https:\/\/www.claret.org\/fecha-14-de-agosto-servo-de-deus-ir-fernando-saperas-martir-da-castidade\/"},"modified":"2019-11-20T12:25:51","modified_gmt":"2019-11-20T11:25:51","slug":"fecha-14-de-agosto-servo-de-deus-ir-fernando-saperas-martir-da-castidade","status":"publish","type":"page","link":"https:\/\/www.claret.org\/pt-pt\/efemerides\/fecha-14-de-agosto-servo-de-deus-ir-fernando-saperas-martir-da-castidade\/","title":{"rendered":"Fecha: 14 de Agosto &#8211; Beato Ir. Fernando Saperas, m\u00e1rtir da castidade"},"content":{"rendered":"<p style=\"text-align: justify;\">Fernando Saperas Aluja nasceu em Ali\u00f3 (Tarragona &#8211; Espanha) no dia 8 de setembro de 1905. Quando tinha sete anos, morreu seu pai, Jos\u00e9 Saperas, e a fam\u00edlia ficou sem o  sal\u00e1rio de pedreiro com que se mantinha. Ao cumprir 15 anos, Fernando foi a Valls e Barcelona para trabalhar de camareiro de hotel e de empregado numa loja comercial.<\/p>\n<p style=\"text-align: justify;\"><img data-recalc-dims=\"1\" loading=\"lazy\" decoding=\"async\" class=\"alignleft\" title=\"\" src=\"https:\/\/i0.wp.com\/www2.claret.org\/sites\/default\/files\/imagenes\/espiritualidad\/calendario\/40-hsaperasb.jpg?resize=238%2C295\" alt=\"\" width=\"238\" height=\"295\"><\/p>\n<p style=\"text-align: justify;\">Fez o servi\u00e7o militar em Barcelona, perto do Santu\u00e1rio do Cora\u00e7\u00e3o de Maria, dos Mission\u00e1rios Claretianos. Sempre que lhe permitiam as obriga\u00e7\u00f5es militares, Fernando se dirigia a este Santu\u00e1rio. Come\u00e7ou ent\u00e3o a sentir o desejo de entrar em uma comunidade religiosa. Foi aceito na Congrega\u00e7\u00e3o como Irm\u00e3o Mission\u00e1rio. Sua entrada foi no final de 1928.<\/p>\n<p style=\"text-align: justify;\">Uma vez passados os anos de forma\u00e7\u00e3o, foi destinado a Cervera, \u00e0 comunidade da Universidade. Cada dia crescia em piedade, dom recebido desde crian\u00e7a. Al\u00e9m de participar dos atos de piedade da comunidade, da missa e comungar, fazia frequentes visitas ao Sant\u00edssimo, o exerc\u00edcio da Via Sacra e rezava os tr\u00eas ter\u00e7os todos os dias. Juntamente com a virtude da piedade cresceu no Ir. Fernando Saperas o amor pela voca\u00e7\u00e3o e pelo Insitituo. &#8220;Nunca, costumava dizer, poderemos agradecer suficientemtne a Deus pelo benef\u00edcio da voca\u00e7\u00e3o&#8221;. No entanto, a nota mais caracter\u00edstica da sua espiritualidade foi  sua boa disposi\u00e7\u00e3o para o trabalho e o zelo missionn\u00e1rio com que o desempenhou. Cumpria seus cargos com dilig\u00eancia, limpeza, ordem e com uma caracter\u00edrica evangelizadora.<\/p>\n<p style=\"text-align: justify;\">Estava encarregado da portaria , quando no dia 21 de julho de 1936, os 117 Claretianos de Cervera tiveram que dispersar-se precipitadamente. O Ir. Fernando Saperas se dirigiu \u00e0 comunidade de Solsona com o grupo mais numeroso. Mas tiveram que dispersar-se pelo caminho. Depois de rodar por v\u00e1rias propriedades rurais do munic\u00edpio e trabalhar na casa do sr. Riera de Motpalau, teve que ir-se embora para a ch\u00e1cara de outro amigo, o sr. Bofarull. Ent\u00e3o foi detido na manh\u00e3 do dia 12 de agosto. Uma vez que manifestou sua condi\u00e7\u00e3o de religioso, foi submetido a toda classe de provoca\u00e7\u00f5es e vexa\u00e7\u00f5es contra a castidade. Finalmente, depois de quinze horas de sofrimentos, perdoando a seus verdugos, morreu fusilado diante das portas do cemit\u00e9rio de T\u00e1rrega (Lleida &#8211; Espanha). Era j\u00e1 dia 13 de agosto de 1936.<\/p>\n","protected":false},"excerpt":{"rendered":"<p>Fernando Saperas Aluja nasceu em Ali\u00f3 (Tarragona &#8211; Espanha) no dia 8 de setembro de 1905. Quando tinha sete anos, morreu seu pai, Jos\u00e9 Saperas, e a fam\u00edlia ficou sem o sal\u00e1rio de pedreiro com que se mantinha. Ao cumprir 15 anos, Fernando foi a Valls e Barcelona para trabalhar de camareiro de hotel e [&hellip;]<\/p>\n","protected":false},"author":69,"featured_media":28077,"parent":33284,"menu_order":0,"comment_status":"closed","ping_status":"closed","template":"","meta":{"_et_pb_use_builder":"","_et_pb_old_content":"","_et_gb_content_width":"","footnotes":""},"class_list":["post-28082","page","type-page","status-publish","has-post-thumbnail","hentry"],"jetpack_sharing_enabled":true,"jetpack_shortlink":"https:\/\/wp.me\/PdaBmi-7iW","jetpack_likes_enabled":true,"_links":{"self":[{"href":"https:\/\/www.claret.org\/pt-pt\/wp-json\/wp\/v2\/pages\/28082","targetHints":{"allow":["GET"]}}],"collection":[{"href":"https:\/\/www.claret.org\/pt-pt\/wp-json\/wp\/v2\/pages"}],"about":[{"href":"https:\/\/www.claret.org\/pt-pt\/wp-json\/wp\/v2\/types\/page"}],"author":[{"embeddable":true,"href":"https:\/\/www.claret.org\/pt-pt\/wp-json\/wp\/v2\/users\/69"}],"replies":[{"embeddable":true,"href":"https:\/\/www.claret.org\/pt-pt\/wp-json\/wp\/v2\/comments?post=28082"}],"version-history":[{"count":0,"href":"https:\/\/www.claret.org\/pt-pt\/wp-json\/wp\/v2\/pages\/28082\/revisions"}],"up":[{"embeddable":true,"href":"https:\/\/www.claret.org\/pt-pt\/wp-json\/wp\/v2\/pages\/33284"}],"wp:featuredmedia":[{"embeddable":true,"href":"https:\/\/www.claret.org\/pt-pt\/wp-json\/wp\/v2\/media\/28077"}],"wp:attachment":[{"href":"https:\/\/www.claret.org\/pt-pt\/wp-json\/wp\/v2\/media?parent=28082"}],"curies":[{"name":"wp","href":"https:\/\/api.w.org\/{rel}","templated":true}]}}

Fecha: 14 de Agosto &#8211; Beato Ir. Fernando Saperas, mártir da castidade

<p style="text-align: justify;">Fernando Saperas Aluja nasceu em Alió (Tarragona &#8211; Espanha) no dia 8 de setembro de 1905. Quando tinha sete anos, morreu seu pai, José Saperas, e a família ficou sem o  salário de pedreiro com que se mantinha. Ao cumprir 15 anos, Fernando foi a Valls e Barcelona para trabalhar de camareiro de hotel e de empregado numa loja comercial.</p>
<p style="text-align: justify;"><img data-recalc-dims="1" loading="lazy" decoding="async" class="alignleft" title="" src="https://i0.wp.com/www2.claret.org/sites/default/files/imagenes/espiritualidad/calendario/40-hsaperasb.jpg?resize=238%2C295" alt="" width="238" height="295"></p>
<p style="text-align: justify;">Fez o serviço militar em Barcelona, perto do Santuário do Coração de Maria, dos Missionários Claretianos. Sempre que lhe permitiam as obrigações militares, Fernando se dirigia a este Santuário. Começou então a sentir o desejo de entrar em uma comunidade religiosa. Foi aceito na Congregação como Irmão Missionário. Sua entrada foi no final de 1928.</p>
<p style="text-align: justify;">Uma vez passados os anos de formação, foi destinado a Cervera, à comunidade da Universidade. Cada dia crescia em piedade, dom recebido desde criança. Além de participar dos atos de piedade da comunidade, da missa e comungar, fazia frequentes visitas ao Santíssimo, o exercício da Via Sacra e rezava os três terços todos os dias. Juntamente com a virtude da piedade cresceu no Ir. Fernando Saperas o amor pela vocação e pelo Insitituo. &#8220;Nunca, costumava dizer, poderemos agradecer suficientemtne a Deus pelo benefício da vocação&#8221;. No entanto, a nota mais característica da sua espiritualidade foi  sua boa disposição para o trabalho e o zelo missionnário com que o desempenhou. Cumpria seus cargos com diligência, limpeza, ordem e com uma caracterírica evangelizadora.</p>
<p style="text-align: justify;">Estava encarregado da portaria , quando no dia 21 de julho de 1936, os 117 Claretianos de Cervera tiveram que dispersar-se precipitadamente. O Ir. Fernando Saperas se dirigiu à comunidade de Solsona com o grupo mais numeroso. Mas tiveram que dispersar-se pelo caminho. Depois de rodar por várias propriedades rurais do município e trabalhar na casa do sr. Riera de Motpalau, teve que ir-se embora para a chácara de outro amigo, o sr. Bofarull. Então foi detido na manhã do dia 12 de agosto. Uma vez que manifestou sua condição de religioso, foi submetido a toda classe de provocações e vexações contra a castidade. Finalmente, depois de quinze horas de sofrimentos, perdoando a seus verdugos, morreu fusilado diante das portas do cemitério de Tárrega (Lleida &#8211; Espanha). Era já dia 13 de agosto de 1936.</p>

<p>Fernando Saperas Aluja nasceu em Alió (Tarragona &#8211; Espanha) no dia 8 de setembro de 1905. Quando tinha sete anos, morreu seu pai, José Saperas, e a família ficou sem o salário de pedreiro com que se mantinha. Ao cumprir 15 anos, Fernando foi a Valls e Barcelona para trabalhar de camareiro de hotel e [&hellip;]</p>
