{"id":28270,"date":"2018-09-06T07:33:18","date_gmt":"2018-09-06T05:33:18","guid":{"rendered":"https:\/\/www.claret.org\/fecha-5-de-setembro-servos-de-deus-mateus-casals-cmf-e-companheiros-martires\/"},"modified":"2018-09-06T07:33:18","modified_gmt":"2018-09-06T05:33:18","slug":"fecha-5-de-setembro-servos-de-deus-mateus-casals-cmf-e-companheiros-martires","status":"publish","type":"page","link":"https:\/\/www.claret.org\/pt-pt\/efemerides\/fecha-5-de-setembro-servos-de-deus-mateus-casals-cmf-e-companheiros-martires\/","title":{"rendered":"Fecha: 5 de Setembro &#8211; Servos de Deus Mateus Casals CMF e Companheiros M\u00e1rtires"},"content":{"rendered":"<p style=\"text-align: justify;\">Hoje fazemos mem\u00f3ria dos Servos de Deus Pe. Mateus Casals e companheiros m\u00e1rtires da comunidade de Sabadell, Barcelona. Dos onze mission\u00e1rios que constituiam a comunidade claretiana de sabadell, sete deles foram m\u00e1rtires no ver\u00e0o de 1936. Trata-se de um grupo formado pelo Pe. Mateus Casals, Superior da Comunidade, dos Padres Jos\u00e9 Puig, Jos\u00e9 Reixac, Jo\u00e3o Torrents e dos Irm\u00e0os Mission\u00e1rios: Jos\u00e9 Claveria, Jo\u00e3o Raf\u00ed, Jos\u00e9 Sol\u00e9 e Jos\u00e9 Cardona. Morreram separadamente como M\u00e1rtires os Padres Jos\u00e9 Reixac e Jo\u00e3o Torrents.<\/p>\n<p style=\"text-align: justify;\"><img data-recalc-dims=\"1\" loading=\"lazy\" decoding=\"async\" class=\"alignleft\" title=\"\" src=\"https:\/\/i0.wp.com\/www2.claret.org\/sites\/default\/files\/imagenes\/espiritualidad\/calendario\/48-mateo_casals_y_compaeros_mrtires_copia.jpg?resize=225%2C322\" alt=\"\" width=\"225\" height=\"322\"><\/p>\n<p style=\"text-align: justify;\">Al\u00e9m dos que foram martirizados sozinhos, os demais foram detidos no mesmo dia e conduzidos a uma pequena pris\u00e3o onde mantiveram um ritmo de vida comunit\u00e1ria muito parecida ao de costume. Ao anoitecer do dia 4 de setembro de 1936 uns quatorze homens armados irromperam fazendo muito ru\u00eddo na pris\u00e3o e foram chamando um por um todos os prisioneiros. Ao amanhecer do dia 5 jaziam pelas estradas os restos daqueles Mission\u00e1rios juntamente com outros cad\u00e1veres. Foram m\u00e1rtires no sil\u00eancio, na fidelidade, na fraternidade, na ora\u00e7\u00e3o incessante e na paz dos que morrem no Senhor.<\/p>\n<p style=\"text-align: justify;\">Por sua vez, o Pe. Jos\u00e9 Reixach, depois da dispers\u00e3o da comunidade, foi detido na casa onde se alojava. Na mesma rua foi ferido por armas de foto, sem chegar a morrer. Ao cabo de umas horas, arrastando-se e tapando com a m\u00e3o as graves feriddas, chegou \u00e0 Casa da Caridade. Chamaram a Cruz Vermelha e com ela veio o Prefeito da cidade junto com o Juiz e alguns milicianos armados. Ao v\u00ea-los, o anci\u00e3o Pe. Reixach exclamou: &#8220;Se foram voc\u00eas que atiraram em mim, perdoo-os de cora\u00e7\u00e3o. Quero morrer com Jesus, que tamb\u00e9m perdoou os que o acabavam de crucificar&#8221;. Passadas umas horas expirou deixando entre os que o assistiam a impress\u00e3o de verem morrer um santo.<\/p>\n<p style=\"text-align: justify;\">O Pe. Jo\u00e3o Torrents, anci\u00e3o e quase cego, teve que ir mudando de casa durante alguns meses entre 1936 e 1937, sofrendo a falta de seguran\u00e7a e a dor que se pode imaginar. Seu maior consolo foi o ros\u00e1rio que jamais deixou de rezar durante o dia inteiro. Permaneceu oculto e despercebido at\u00e9 que no dia 13 de fevereiro de 1937 quando sobrevio o primeiro bambardeio de Barcelona. No ref\u00fagio da casa onde permanecia algu\u00e9m revelou sua presen\u00e7a e tr\u00eas dias depois foi preso. No primeiro interrogat\u00f3rio teve que ouvir: &#8220;Este \u00e9 um dos fugitivos do Padre Claret&#8221;, ao que o Pe. Torrents confirmou com um leve aceno de cabe\u00e7a. Imediatamente o levaram \u00e0 pris\u00e3o de Santo Elias de onde sa\u00edu no dia 17 de mar\u00e7o de 1937 para o caminho do mart\u00edrio.<\/p>\n<p style=\"text-align: justify;\">Todos eles entregaram suas vidas como m\u00e1rtirres em sil\u00eancio, na fidelidade, na fraternidade, na ora\u00e7\u00e3o incessante, com a paz dos que morrem no Senhor.<\/p>\n","protected":false},"excerpt":{"rendered":"<p>Hoje fazemos mem\u00f3ria dos Servos de Deus Pe. Mateus Casals e companheiros m\u00e1rtires da comunidade de Sabadell, Barcelona. Dos onze mission\u00e1rios que constituiam a comunidade claretiana de sabadell, sete deles foram m\u00e1rtires no ver\u00e0o de 1936. Trata-se de um grupo formado pelo Pe. Mateus Casals, Superior da Comunidade, dos Padres Jos\u00e9 Puig, Jos\u00e9 Reixac, Jo\u00e3o [&hellip;]<\/p>\n","protected":false},"author":69,"featured_media":28266,"parent":33284,"menu_order":0,"comment_status":"closed","ping_status":"closed","template":"","meta":{"_et_pb_use_builder":"","_et_pb_old_content":"","_et_gb_content_width":"","footnotes":""},"class_list":["post-28270","page","type-page","status-publish","has-post-thumbnail","hentry"],"jetpack_sharing_enabled":true,"jetpack_shortlink":"https:\/\/wp.me\/PdaBmi-7lY","jetpack_likes_enabled":true,"_links":{"self":[{"href":"https:\/\/www.claret.org\/pt-pt\/wp-json\/wp\/v2\/pages\/28270","targetHints":{"allow":["GET"]}}],"collection":[{"href":"https:\/\/www.claret.org\/pt-pt\/wp-json\/wp\/v2\/pages"}],"about":[{"href":"https:\/\/www.claret.org\/pt-pt\/wp-json\/wp\/v2\/types\/page"}],"author":[{"embeddable":true,"href":"https:\/\/www.claret.org\/pt-pt\/wp-json\/wp\/v2\/users\/69"}],"replies":[{"embeddable":true,"href":"https:\/\/www.claret.org\/pt-pt\/wp-json\/wp\/v2\/comments?post=28270"}],"version-history":[{"count":0,"href":"https:\/\/www.claret.org\/pt-pt\/wp-json\/wp\/v2\/pages\/28270\/revisions"}],"up":[{"embeddable":true,"href":"https:\/\/www.claret.org\/pt-pt\/wp-json\/wp\/v2\/pages\/33284"}],"wp:featuredmedia":[{"embeddable":true,"href":"https:\/\/www.claret.org\/pt-pt\/wp-json\/wp\/v2\/media\/28266"}],"wp:attachment":[{"href":"https:\/\/www.claret.org\/pt-pt\/wp-json\/wp\/v2\/media?parent=28270"}],"curies":[{"name":"wp","href":"https:\/\/api.w.org\/{rel}","templated":true}]}}

Fecha: 5 de Setembro &#8211; Servos de Deus Mateus Casals CMF e Companheiros Mártires

<p style="text-align: justify;">Hoje fazemos memória dos Servos de Deus Pe. Mateus Casals e companheiros mártires da comunidade de Sabadell, Barcelona. Dos onze missionários que constituiam a comunidade claretiana de sabadell, sete deles foram mártires no verào de 1936. Trata-se de um grupo formado pelo Pe. Mateus Casals, Superior da Comunidade, dos Padres José Puig, José Reixac, João Torrents e dos Irmàos Missionários: José Claveria, João Rafí, José Solé e José Cardona. Morreram separadamente como Mártires os Padres José Reixac e João Torrents.</p>
<p style="text-align: justify;"><img data-recalc-dims="1" loading="lazy" decoding="async" class="alignleft" title="" src="https://i0.wp.com/www2.claret.org/sites/default/files/imagenes/espiritualidad/calendario/48-mateo_casals_y_compaeros_mrtires_copia.jpg?resize=225%2C322" alt="" width="225" height="322"></p>
<p style="text-align: justify;">Além dos que foram martirizados sozinhos, os demais foram detidos no mesmo dia e conduzidos a uma pequena prisão onde mantiveram um ritmo de vida comunitária muito parecida ao de costume. Ao anoitecer do dia 4 de setembro de 1936 uns quatorze homens armados irromperam fazendo muito ruído na prisão e foram chamando um por um todos os prisioneiros. Ao amanhecer do dia 5 jaziam pelas estradas os restos daqueles Missionários juntamente com outros cadáveres. Foram mártires no silêncio, na fidelidade, na fraternidade, na oração incessante e na paz dos que morrem no Senhor.</p>
<p style="text-align: justify;">Por sua vez, o Pe. José Reixach, depois da dispersão da comunidade, foi detido na casa onde se alojava. Na mesma rua foi ferido por armas de foto, sem chegar a morrer. Ao cabo de umas horas, arrastando-se e tapando com a mão as graves feriddas, chegou à Casa da Caridade. Chamaram a Cruz Vermelha e com ela veio o Prefeito da cidade junto com o Juiz e alguns milicianos armados. Ao vê-los, o ancião Pe. Reixach exclamou: &#8220;Se foram vocês que atiraram em mim, perdoo-os de coração. Quero morrer com Jesus, que também perdoou os que o acabavam de crucificar&#8221;. Passadas umas horas expirou deixando entre os que o assistiam a impressão de verem morrer um santo.</p>
<p style="text-align: justify;">O Pe. João Torrents, ancião e quase cego, teve que ir mudando de casa durante alguns meses entre 1936 e 1937, sofrendo a falta de segurança e a dor que se pode imaginar. Seu maior consolo foi o rosário que jamais deixou de rezar durante o dia inteiro. Permaneceu oculto e despercebido até que no dia 13 de fevereiro de 1937 quando sobrevio o primeiro bambardeio de Barcelona. No refúgio da casa onde permanecia alguém revelou sua presença e três dias depois foi preso. No primeiro interrogatório teve que ouvir: &#8220;Este é um dos fugitivos do Padre Claret&#8221;, ao que o Pe. Torrents confirmou com um leve aceno de cabeça. Imediatamente o levaram à prisão de Santo Elias de onde saíu no dia 17 de março de 1937 para o caminho do martírio.</p>
<p style="text-align: justify;">Todos eles entregaram suas vidas como mártirres em silêncio, na fidelidade, na fraternidade, na oração incessante, com a paz dos que morrem no Senhor.</p>

<p>Hoje fazemos memória dos Servos de Deus Pe. Mateus Casals e companheiros mártires da comunidade de Sabadell, Barcelona. Dos onze missionários que constituiam a comunidade claretiana de sabadell, sete deles foram mártires no verào de 1936. Trata-se de um grupo formado pelo Pe. Mateus Casals, Superior da Comunidade, dos Padres José Puig, José Reixac, João [&hellip;]</p>
