{"id":28482,"date":"2018-09-06T10:02:42","date_gmt":"2018-09-06T08:02:42","guid":{"rendered":"https:\/\/www.claret.org\/fecha-3-de-novembro-jose-xifre-cofundador-e-superior-geral\/"},"modified":"2018-09-06T10:02:42","modified_gmt":"2018-09-06T08:02:42","slug":"fecha-3-de-novembro-jose-xifre-cofundador-e-superior-geral","status":"publish","type":"page","link":"https:\/\/www.claret.org\/pt-pt\/efemerides\/fecha-3-de-novembro-jose-xifre-cofundador-e-superior-geral\/","title":{"rendered":"Fecha: 3 de Novembro &#8211; Jos\u00e9 Xifr\u00e9, Cofundador e Superior Geral"},"content":{"rendered":"<p style=\"text-align: justify;\">Nasceu em Vic (Barcelona &#8211; Espanha) no dia 18 de fevereiro de 1817. Entrou no Semin\u00e1rio da sua cidade natal em 1829. Foi ordenado sacerdote em Roma no dia 16 de fevereiro de 1840. Foi um dos cofundadores da Congrega\u00e7\u00e3o de Mission\u00e1rios Filhos do Imaculado Cora\u00e7\u00e3o de Maria e Superior Geral, eleito no dia 1\u00ba de maio de 1858 e reeleito nos Cap\u00edtulos Gerais de 1864, 1876 e 1888. Homem de esp\u00edrito generoso e retil\u00edneo esteve movido por um ideal nobil\u00edssimo acompanhado de uma energia e entrega extraordin\u00e1rias. Sua intelig\u00eancia esteve sempre a servi\u00e7o da f\u00e9; sua vontade a servi\u00e7o da virtude e seu cora\u00e7\u00e3o a servi\u00e7o do ideal. Foi um homem de f\u00e9 profunda e um enamorado da Congrega\u00e7\u00e3o e da Igreja.<\/p>\n<p style=\"text-align: justify;\"><img data-recalc-dims=\"1\" loading=\"lazy\" decoding=\"async\" class=\"alignleft\" title=\"\" src=\"https:\/\/i0.wp.com\/www2.claret.org\/sites\/default\/files\/imagenes\/espiritualidad\/calendario\/67-xifr.jpg?resize=256%2C341\" alt=\"\" width=\"256\" height=\"341\"><\/p>\n<p style=\"text-align: justify;\">Como diretor espiritual do Padre Fundador se relacionou com ele continuamente desde 1858 at\u00e9 \u00e0 morte do santo para pedir-lhe conselho sobre numerosos assuntos da Congrega\u00e7\u00e3o. O Pe. Xifr\u00e9 lhe imp\u00f4s o mandato de escrever sua <em>Autobiografia <\/em>(cf Aut 1), documento de valor incalcul\u00e1vel para conhecer a vida de Claret e o esp\u00edrito claretiano. Depois de uma vida mission\u00e1ria intensa no governo da Congrega\u00e7\u00e3o morreu santamente em Cervera (Espanha) no dia 3 de novembro de 1899. Deixou uma profunda marca na vida da Congrega\u00e7\u00e3o depois de trabalhar incansavelmente pela sua extens\u00e3o e desenvolvimento.<\/p>\n<p style=\"text-align: justify;\">Al\u00e9m das suas numerosas cartas circulares, publicou o <em>Cleri socius<\/em> (1867), o <em>Espiritu de la Congregaci\u00f3n de los Misioneros Hijos de Inmaculado Coraz\u00f3n de Mar\u00eda <\/em>(1892), <em>El Auxiliar de los Misioneros <\/em>(1892-1893) e um tratado sobre <em>La gracia divina<\/em> (1899). Durante seu generalato se iniciou a publica\u00e7\u00e3o do <em>Boletim Religioso<\/em>, que logo depois se converteu no <em>Annales Congregationis <\/em>e tamb\u00e9m a revista mariana <em>El Iris de Paz<\/em> ou <em>El Inmaculado Coraz\u00f3n de Mar\u00eda<\/em>, que havia come\u00e7ado como Boletim do Cora\u00e7\u00e3o de Maria.<\/p>\n<p style=\"text-align: justify;\">Uma das suas grandes preocupa\u00e7\u00f5es foi estimular a fidelidade \u00e0 voca\u00e7\u00e3o e o amor \u00e0 Congrega\u00e7\u00e3o. Na circular <em>Ser fieles a la vocaci\u00f3n <\/em>e no citado <em>Esp\u00edritu de la Congregaci\u00f3n<\/em> exorta  e d\u00e1 orienta\u00e7\u00f5es para ajudar os Irm\u00e3os a superarem algumas dificuldades vocacionais.<\/p>\n<p style=\"text-align: justify;\">Seu governo constituiu uma etapa decisiva para hist\u00f3ria do Instituto dos Mission\u00e1rios Filhos do Imaculado Cora\u00e7\u00e3o de Maria; foi muito rico em iniciativas e realiza\u00e7\u00f5es. A expans\u00e3o e a consolida\u00e7\u00e3o do Instituto durante este per\u00edodo foram formid\u00e1veis. O Pe. Xifr\u00e9 come\u00e7ou seu generalato com uma s\u00f3 casa-miss\u00e3o, formada por doze membros. Quando morreu o Instituto estava perfeitamente organizado, com personalidade jur\u00eddica civil e religiosa, com 1.782 membros espalhados em 61 casas na Espanha, It\u00e1lia, Portugal, Guin\u00e9 Equatorial, Chile, M\u00e9xico e Brasil.<\/p>\n","protected":false},"excerpt":{"rendered":"<p>Nasceu em Vic (Barcelona &#8211; Espanha) no dia 18 de fevereiro de 1817. Entrou no Semin\u00e1rio da sua cidade natal em 1829. Foi ordenado sacerdote em Roma no dia 16 de fevereiro de 1840. Foi um dos cofundadores da Congrega\u00e7\u00e3o de Mission\u00e1rios Filhos do Imaculado Cora\u00e7\u00e3o de Maria e Superior Geral, eleito no dia 1\u00ba [&hellip;]<\/p>\n","protected":false},"author":69,"featured_media":28478,"parent":33284,"menu_order":0,"comment_status":"closed","ping_status":"closed","template":"","meta":{"_et_pb_use_builder":"","_et_pb_old_content":"","_et_gb_content_width":"","footnotes":""},"class_list":["post-28482","page","type-page","status-publish","has-post-thumbnail","hentry"],"jetpack_sharing_enabled":true,"jetpack_shortlink":"https:\/\/wp.me\/PdaBmi-7po","jetpack_likes_enabled":true,"_links":{"self":[{"href":"https:\/\/www.claret.org\/pt-pt\/wp-json\/wp\/v2\/pages\/28482","targetHints":{"allow":["GET"]}}],"collection":[{"href":"https:\/\/www.claret.org\/pt-pt\/wp-json\/wp\/v2\/pages"}],"about":[{"href":"https:\/\/www.claret.org\/pt-pt\/wp-json\/wp\/v2\/types\/page"}],"author":[{"embeddable":true,"href":"https:\/\/www.claret.org\/pt-pt\/wp-json\/wp\/v2\/users\/69"}],"replies":[{"embeddable":true,"href":"https:\/\/www.claret.org\/pt-pt\/wp-json\/wp\/v2\/comments?post=28482"}],"version-history":[{"count":0,"href":"https:\/\/www.claret.org\/pt-pt\/wp-json\/wp\/v2\/pages\/28482\/revisions"}],"up":[{"embeddable":true,"href":"https:\/\/www.claret.org\/pt-pt\/wp-json\/wp\/v2\/pages\/33284"}],"wp:featuredmedia":[{"embeddable":true,"href":"https:\/\/www.claret.org\/pt-pt\/wp-json\/wp\/v2\/media\/28478"}],"wp:attachment":[{"href":"https:\/\/www.claret.org\/pt-pt\/wp-json\/wp\/v2\/media?parent=28482"}],"curies":[{"name":"wp","href":"https:\/\/api.w.org\/{rel}","templated":true}]}}

Fecha: 3 de Novembro &#8211; José Xifré, Cofundador e Superior Geral

<p style="text-align: justify;">Nasceu em Vic (Barcelona &#8211; Espanha) no dia 18 de fevereiro de 1817. Entrou no Seminário da sua cidade natal em 1829. Foi ordenado sacerdote em Roma no dia 16 de fevereiro de 1840. Foi um dos cofundadores da Congregação de Missionários Filhos do Imaculado Coração de Maria e Superior Geral, eleito no dia 1º de maio de 1858 e reeleito nos Capítulos Gerais de 1864, 1876 e 1888. Homem de espírito generoso e retilíneo esteve movido por um ideal nobilíssimo acompanhado de uma energia e entrega extraordinárias. Sua inteligência esteve sempre a serviço da fé; sua vontade a serviço da virtude e seu coração a serviço do ideal. Foi um homem de fé profunda e um enamorado da Congregação e da Igreja.</p>
<p style="text-align: justify;"><img data-recalc-dims="1" loading="lazy" decoding="async" class="alignleft" title="" src="https://i0.wp.com/www2.claret.org/sites/default/files/imagenes/espiritualidad/calendario/67-xifr.jpg?resize=256%2C341" alt="" width="256" height="341"></p>
<p style="text-align: justify;">Como diretor espiritual do Padre Fundador se relacionou com ele continuamente desde 1858 até à morte do santo para pedir-lhe conselho sobre numerosos assuntos da Congregação. O Pe. Xifré lhe impôs o mandato de escrever sua <em>Autobiografia </em>(cf Aut 1), documento de valor incalculável para conhecer a vida de Claret e o espírito claretiano. Depois de uma vida missionária intensa no governo da Congregação morreu santamente em Cervera (Espanha) no dia 3 de novembro de 1899. Deixou uma profunda marca na vida da Congregação depois de trabalhar incansavelmente pela sua extensão e desenvolvimento.</p>
<p style="text-align: justify;">Além das suas numerosas cartas circulares, publicou o <em>Cleri socius</em> (1867), o <em>Espiritu de la Congregación de los Misioneros Hijos de Inmaculado Corazón de María </em>(1892), <em>El Auxiliar de los Misioneros </em>(1892-1893) e um tratado sobre <em>La gracia divina</em> (1899). Durante seu generalato se iniciou a publicação do <em>Boletim Religioso</em>, que logo depois se converteu no <em>Annales Congregationis </em>e também a revista mariana <em>El Iris de Paz</em> ou <em>El Inmaculado Corazón de María</em>, que havia começado como Boletim do Coração de Maria.</p>
<p style="text-align: justify;">Uma das suas grandes preocupações foi estimular a fidelidade à vocação e o amor à Congregação. Na circular <em>Ser fieles a la vocación </em>e no citado <em>Espíritu de la Congregación</em> exorta  e dá orientações para ajudar os Irmãos a superarem algumas dificuldades vocacionais.</p>
<p style="text-align: justify;">Seu governo constituiu uma etapa decisiva para história do Instituto dos Missionários Filhos do Imaculado Coração de Maria; foi muito rico em iniciativas e realizações. A expansão e a consolidação do Instituto durante este período foram formidáveis. O Pe. Xifré começou seu generalato com uma só casa-missão, formada por doze membros. Quando morreu o Instituto estava perfeitamente organizado, com personalidade jurídica civil e religiosa, com 1.782 membros espalhados em 61 casas na Espanha, Itália, Portugal, Guiné Equatorial, Chile, México e Brasil.</p>

<p>Nasceu em Vic (Barcelona &#8211; Espanha) no dia 18 de fevereiro de 1817. Entrou no Seminário da sua cidade natal em 1829. Foi ordenado sacerdote em Roma no dia 16 de fevereiro de 1840. Foi um dos cofundadores da Congregação de Missionários Filhos do Imaculado Coração de Maria e Superior Geral, eleito no dia 1º [&hellip;]</p>
